{"id":195,"date":"2022-03-13T17:55:51","date_gmt":"2022-03-13T17:55:51","guid":{"rendered":"https:\/\/blogsaverroes.juntadeandalucia.es\/connombredemujer\/?page_id=195"},"modified":"2022-03-13T17:55:51","modified_gmt":"2022-03-13T17:55:51","slug":"luis-cernuda-como-quien-espera-el-alba-precio-de-un-cuerpo","status":"publish","type":"page","link":"https:\/\/blogsaverroes.juntadeandalucia.es\/connombredemujer\/materiales-didacticos\/una-enfoque-de-genero-en-el-estudio-de-la-literatura\/luis-cernuda-como-quien-espera-el-alba-precio-de-un-cuerpo\/","title":{"rendered":"Luis Cernuda. Como quien espera el alba. Precio de un cuerpo."},"content":{"rendered":"<div id=\"attachment_185\" style=\"width: 710px\" class=\"wp-caption aligncenter\"><img fetchpriority=\"high\" decoding=\"async\" aria-describedby=\"caption-attachment-185\" class=\"size-full wp-image-185\" src=\"https:\/\/blogsaverroes.juntadeandalucia.es\/connombredemujer\/files\/2022\/03\/litera-igual.png\" alt=\"Literatura-igualdad\" width=\"700\" height=\"350\" srcset=\"https:\/\/blogsaverroes.juntadeandalucia.es\/connombredemujer\/files\/2022\/03\/litera-igual.png 700w, https:\/\/blogsaverroes.juntadeandalucia.es\/connombredemujer\/files\/2022\/03\/litera-igual-300x150.png 300w\" sizes=\"(max-width: 700px) 100vw, 700px\" \/><p id=\"caption-attachment-185\" class=\"wp-caption-text\">Ilustraci\u00f3n propia<\/p><\/div>\n<p>&nbsp;<\/p>\n<p>34. PRECIO DE UN CUERPO<\/p>\n<p>Cuando alg\u00fan cuerpo hermoso,<br \/>\nComo el tuyo, nos lleva<br \/>\nTras de s\u00ed, \u00e9l mismo no comprende,<br \/>\nS\u00f3lo el amante y el amor lo saben.<br \/>\n(Amor, terror de soledad humana.)<br \/>\nEsta humillante servidumbre,<br \/>\nNecesidad de gastar la ternura<br \/>\nEn un ser que llenamos<br \/>\nCon nuestro pensamiento,<br \/>\nVivo de nuestra vida.<br \/>\n\u00c9l da el motivo,<br \/>\nLo diste t\u00fa; porque t\u00fa existes<br \/>\nAfuera como sombra de algo,<br \/>\nUna sombra perfecta<br \/>\nDe aquel af\u00e1n, que es del amante, m\u00edo.<br \/>\nSi yo te hablase<br \/>\nC\u00f3mo el amor depara<br \/>\nSu raz\u00f3n al vivir y su locura,<br \/>\nT\u00fa no comprender\u00edas.<br \/>\nPor eso nada digo.<br \/>\nLa hermosura, inconsciente<br \/>\nDe su propia celada, cobr\u00f3 la presa<br \/>\nY sigue. As\u00ed, por cada instante<br \/>\nDe goce, el precio est\u00e1 pagado:<br \/>\nEste infierno de angustia y de deseo<\/p>\n<p>Luis Cernuda Como quien espera el alba (1941-1944)<\/p>\n<h3>Actividad de expresi\u00f3n<\/h3>\n<p><strong>Desarrollo de un tema de actualidad<\/strong>: En este poema Cernuda nos muestra la relaci\u00f3n amorosa como una relaci\u00f3n de servidumbre. \u00bfQu\u00e9 opini\u00f3n te merece establecer este tipo desigual de relaciones? Justifica tu postura con mediante una argumentaci\u00f3n de unas 250 palabras (tres p\u00e1rrafos).<\/p>\n<h4>Respuesta propuesta:<\/h4>\n<p><span style=\"font-size: 10pt\">Las recomendaciones de la coordinaci\u00f3n interuniversitaria para elaborar la respuesta a esta pregunta son las siguientes:<\/span><\/p>\n<ol>\n<li><span style=\"font-size: 10pt\">Tener presente que se nos pide la redacci\u00f3n de un texto argumentativo que arranque de una estructura (deductiva, inductiva o encuadrada) adecuada al asunto que se trate.<\/span><\/li>\n<li><span style=\"font-size: 10pt\">Partir de un p\u00e1rrafo introductorio sugerente (noticia, experiencia personal, caso com\u00fan conocido por todos, argumento de una pel\u00edcula) que d\u00e9 pie a la exposici\u00f3n de la tesis que vayamos a defender.<\/span><\/li>\n<li><span style=\"font-size: 10pt\">Seleccionar al menos dos argumentos de distinta naturaleza que apoyen con rotundidad nuestra tesis. La redacci\u00f3n de estos argumentos debe ser precisa y detallada, nunca esquem\u00e1tica. Tampoco se debe confundir un argumento con un juicio de valor sin justificaci\u00f3n.<\/span><\/li>\n<li><span style=\"font-size: 10pt\">Terminar nuestra argumentaci\u00f3n sintetizando nuestra tesis y los argumentos que hayamos esgrimido.<\/span><\/li>\n<\/ol>\n<p>&nbsp;<\/p>\n<p>Como ejemplo, os propongo el siguiente texto:<\/p>\n<p>&nbsp;<\/p>\n<p><span style=\"color: #333300\"><em>De los grandes temas de la literatura, podr\u00edamos decir sin errar que es el amor sobre el que m\u00e1s tinta se ha vertido. No hay v\u00e9rtice o arista suyos en los que no se haya reparado y no son pocos los estereotipos que hemos construido sobre \u00e9l. La idealizaci\u00f3n del amor es, entre otras, una de las posturas m\u00e1s prestigiadas por los poetas: el amor cort\u00e9s, el amor petrarquista, la novela rom\u00e1ntica, \u2026, incluso los cuentos de hadas. &nbsp;Precisamente, este poema de Cernuda nos habla del precio necesario que el amante paga por un instante de goce con su amado, de la humillante servidumbre a la que se somete por ese ef\u00edmero instante y de la imposibilidad de comunicaci\u00f3n. Y es que Cernuda nos plantea un amor idealizado y asim\u00e9trico, identificando al amado con un ideal de belleza \ua7f7representante adem\u00e1s de la libertad absoluta\ua7f7 y mostr\u00e1ndonos al amante como ser inferior sometido y esclavizado al af\u00e1n de alcanzarlo y retenerlo. Y, desde mi punto de vista, ese precisamente ser\u00eda el problema, que lo que en realidad nos plantea es un amor t\u00f3xico del que debemos huir.<\/em><\/span><\/p>\n<p><span style=\"color: #333300\"><em>\u201cPrecio de un cuerpo\u201d nos recuerda al gran Gatsby obsesionado con Daisy, una mujer que nunca pudo compartir, quiz\u00e1s tampoco comprender, sus sentimientos. En este sentido, el autor chileno Alberto Fuguet en su obra \u201cMala onda\u201d dir\u00eda: \u201cLas dependencias, supongo, son vicios dif\u00edciles de quebrar (\u2026) y la sola idea de vivir sin ellas, de quedarse solo y en el vac\u00edo, es demasiado fuerte como para optar por lo sano\u201d.<\/em><\/span><\/p>\n<p><span style=\"color: #333300\"><em>He ah\u00ed el peligro de la idealizaci\u00f3n. Es decir, la b\u00fasqueda del ideal, que a primera vista podr\u00edase considerar el motor que nos impulsa a humanizarnos, a romper con nuestros instintos, conlleva el peligro de convertirse en una huida hacia adelante. Puede hacer que abandonemos definitivamente nuestro yo, a devaluarnos. Ese af\u00e1n por alcanzar el ideal nos conducir\u00eda as\u00ed a la negaci\u00f3n de nosotros mismos y, en consecuencia, a destruir nuestra autoestima.<\/em><\/span><\/p>\n<p><span style=\"color: #333300\"><em>Ll\u00e1mese esp\u00edritu o cuerpo hermoso, amor o deseo\u2026 Tu mirada hacia el ideal puede ser motivadora, &nbsp;pero nunca salgas de tu propia \u00f3rbita y mant\u00e9n las distancias porque, ante todo, debes amarte a ti mismo.<\/em><\/span><\/p>\n<p>ERH<\/p>\n","protected":false},"excerpt":{"rendered":"<p>&nbsp; 34. PRECIO DE UN CUERPO Cuando alg\u00fan cuerpo hermoso, Como el tuyo, nos lleva Tras de s\u00ed, \u00e9l mismo no comprende, S\u00f3lo el amante y el amor lo saben. (Amor, terror de soledad&#46;&#46;&#46;<\/p>\n","protected":false},"author":4035,"featured_media":0,"parent":183,"menu_order":0,"comment_status":"closed","ping_status":"closed","template":"","meta":{"ngg_post_thumbnail":0,"footnotes":""},"aioseo_notices":[],"_links":{"self":[{"href":"https:\/\/blogsaverroes.juntadeandalucia.es\/connombredemujer\/wp-json\/wp\/v2\/pages\/195"}],"collection":[{"href":"https:\/\/blogsaverroes.juntadeandalucia.es\/connombredemujer\/wp-json\/wp\/v2\/pages"}],"about":[{"href":"https:\/\/blogsaverroes.juntadeandalucia.es\/connombredemujer\/wp-json\/wp\/v2\/types\/page"}],"author":[{"embeddable":true,"href":"https:\/\/blogsaverroes.juntadeandalucia.es\/connombredemujer\/wp-json\/wp\/v2\/users\/4035"}],"replies":[{"embeddable":true,"href":"https:\/\/blogsaverroes.juntadeandalucia.es\/connombredemujer\/wp-json\/wp\/v2\/comments?post=195"}],"version-history":[{"count":2,"href":"https:\/\/blogsaverroes.juntadeandalucia.es\/connombredemujer\/wp-json\/wp\/v2\/pages\/195\/revisions"}],"predecessor-version":[{"id":197,"href":"https:\/\/blogsaverroes.juntadeandalucia.es\/connombredemujer\/wp-json\/wp\/v2\/pages\/195\/revisions\/197"}],"up":[{"embeddable":true,"href":"https:\/\/blogsaverroes.juntadeandalucia.es\/connombredemujer\/wp-json\/wp\/v2\/pages\/183"}],"wp:attachment":[{"href":"https:\/\/blogsaverroes.juntadeandalucia.es\/connombredemujer\/wp-json\/wp\/v2\/media?parent=195"}],"curies":[{"name":"wp","href":"https:\/\/api.w.org\/{rel}","templated":true}]}}