{"id":28,"date":"2020-12-28T19:21:54","date_gmt":"2020-12-28T19:21:54","guid":{"rendered":"https:\/\/blogsaverroes.juntadeandalucia.es\/conojoscuriosos\/?page_id=28"},"modified":"2022-07-01T12:28:29","modified_gmt":"2022-07-01T12:28:29","slug":"primer-ciclo","status":"publish","type":"page","link":"https:\/\/blogsaverroes.juntadeandalucia.es\/conojoscuriosos\/primer-ciclo\/","title":{"rendered":"2021-2022"},"content":{"rendered":"<h2><strong>CURSO 2021-2022<\/strong><\/h2>\n<p>Durante el presente curso escolar hemos contado con tres grupos de curiosos y curiosas.<\/p>\n<ul>\n<li>El grupo 1 lo componen dos alumnas de primer ciclo de primaria<\/li>\n<li>El grupo 2 est\u00e1 formado por 3 alumnas y 1 alumno de segundo ciclo de primaria y<\/li>\n<li>El grupo 3 est\u00e1 formado por dos alumnos de tercer ciclo de primaria.<\/li>\n<\/ul>\n<p>En cada uno de los grupos, atendiendo al n\u00famero de sesiones semanales, hemos llevado a cabo un proyecto al trimestre, exceptuando el grupo 1 que ha realizado cuatro a lo largo de todo el curso.<\/p>\n<p>A continuaci\u00f3n, os vamos a compartir todas las experiencias desarrolladas para que las conozc\u00e1is esperando que disfrut\u00e9is y aprend\u00e1is tanto como lo han hecho tod@s ell @s.<\/p>\n<h3><strong>GRUPO 1: PRIMER CICLO<img loading=\"lazy\" decoding=\"async\" class=\"\" src=\"https:\/\/1.bp.blogspot.com\/-a0oxz5WgRQ4\/X13HnmgTVJI\/AAAAAAAAOv4\/-O1XC_Qq3SEgSb6_HXFThvkamgnSmOzDwCLcBGAsYHQ\/s618\/Ver%2Bgif%2Banimado.gif\" alt=\"Blog del aula de Pmar3\u00ba del IES Ifach: Curso 2020\/21\" width=\"35\" height=\"35\"><\/strong><\/h3>\n<p>PRIMER TRIMESTRE: <strong>HISTORIA DE LOS MEDICAMENTOS<\/strong> (Pulsad sobre la imagen para acceder y conocer el proyecto)<\/p>\n<p><a href=\"https:\/\/blogsaverroes.juntadeandalucia.es\/conojoscuriosos\/files\/2022\/06\/Historia-de-los-medicamentos.pdf\"><img loading=\"lazy\" decoding=\"async\" class=\"aligncenter wp-image-110 size-large\" src=\"https:\/\/blogsaverroes.juntadeandalucia.es\/conojoscuriosos\/files\/2022\/06\/historia-de-los-medicamentos-1024x576.jpg\" alt=\"\" width=\"1024\" height=\"576\" srcset=\"https:\/\/blogsaverroes.juntadeandalucia.es\/conojoscuriosos\/files\/2022\/06\/historia-de-los-medicamentos-1024x576.jpg 1024w, https:\/\/blogsaverroes.juntadeandalucia.es\/conojoscuriosos\/files\/2022\/06\/historia-de-los-medicamentos-300x169.jpg 300w, https:\/\/blogsaverroes.juntadeandalucia.es\/conojoscuriosos\/files\/2022\/06\/historia-de-los-medicamentos-768x432.jpg 768w, https:\/\/blogsaverroes.juntadeandalucia.es\/conojoscuriosos\/files\/2022\/06\/historia-de-los-medicamentos-1536x864.jpg 1536w, https:\/\/blogsaverroes.juntadeandalucia.es\/conojoscuriosos\/files\/2022\/06\/historia-de-los-medicamentos.jpg 1920w\" sizes=\"(max-width: 1024px) 100vw, 1024px\" \/><\/a><\/p>\n<p>SEGUNDO TRIMESTRE: <strong>CONTEMPLANDO LA LUNA<\/strong> (Pulsad sobre la imagen para acceder y conocer el proyecto)<\/p>\n<p><a href=\"https:\/\/blogsaverroes.juntadeandalucia.es\/conojoscuriosos\/files\/2022\/06\/Contemplando-la-Luna.pdf\"><img loading=\"lazy\" decoding=\"async\" class=\"aligncenter wp-image-133 size-large\" src=\"https:\/\/blogsaverroes.juntadeandalucia.es\/conojoscuriosos\/files\/2022\/06\/Contemplando-la-Luna-1024x576.png\" alt=\"\" width=\"1024\" height=\"576\" srcset=\"https:\/\/blogsaverroes.juntadeandalucia.es\/conojoscuriosos\/files\/2022\/06\/Contemplando-la-Luna-1024x576.png 1024w, https:\/\/blogsaverroes.juntadeandalucia.es\/conojoscuriosos\/files\/2022\/06\/Contemplando-la-Luna-300x169.png 300w, https:\/\/blogsaverroes.juntadeandalucia.es\/conojoscuriosos\/files\/2022\/06\/Contemplando-la-Luna-768x432.png 768w, https:\/\/blogsaverroes.juntadeandalucia.es\/conojoscuriosos\/files\/2022\/06\/Contemplando-la-Luna-1536x864.png 1536w, https:\/\/blogsaverroes.juntadeandalucia.es\/conojoscuriosos\/files\/2022\/06\/Contemplando-la-Luna.png 1920w\" sizes=\"(max-width: 1024px) 100vw, 1024px\" \/><\/a><\/p>\n<p>SEGUNDO TRIMESTRE: <strong>EN BUSCA DE LAS ESPECIES PROTEGIDAS DE ANDALUC\u00cdA<\/strong> (Pulsad sobre la imagen para acceder y conocer el proyecto)<\/p>\n<p><a href=\"https:\/\/blogsaverroes.juntadeandalucia.es\/conojoscuriosos\/files\/2022\/06\/Enbuscadelasespecies.pdf\"><img loading=\"lazy\" decoding=\"async\" class=\"aligncenter wp-image-155 size-large\" src=\"https:\/\/blogsaverroes.juntadeandalucia.es\/conojoscuriosos\/files\/2022\/06\/Enbuscadelasespecies-1024x576.jpg\" alt=\"\" width=\"1024\" height=\"576\" srcset=\"https:\/\/blogsaverroes.juntadeandalucia.es\/conojoscuriosos\/files\/2022\/06\/Enbuscadelasespecies-1024x576.jpg 1024w, https:\/\/blogsaverroes.juntadeandalucia.es\/conojoscuriosos\/files\/2022\/06\/Enbuscadelasespecies-300x169.jpg 300w, https:\/\/blogsaverroes.juntadeandalucia.es\/conojoscuriosos\/files\/2022\/06\/Enbuscadelasespecies-768x432.jpg 768w, https:\/\/blogsaverroes.juntadeandalucia.es\/conojoscuriosos\/files\/2022\/06\/Enbuscadelasespecies-1536x864.jpg 1536w, https:\/\/blogsaverroes.juntadeandalucia.es\/conojoscuriosos\/files\/2022\/06\/Enbuscadelasespecies.jpg 1920w\" sizes=\"(max-width: 1024px) 100vw, 1024px\" \/><\/a><\/p>\n<p>&nbsp;<\/p>\n<p>TERCER TRIMESTRE: <strong>MI PRIMERA TESIS SOBRE LA NUTRICI\u00d3N<\/strong> (Pulsad sobre la imagen para acceder y conocer el proyecto)<\/p>\n<p><a href=\"https:\/\/blogsaverroes.juntadeandalucia.es\/conojoscuriosos\/files\/2022\/06\/Miprimeratesissobrelanutrici\u00f3n-1.pdf\"><img loading=\"lazy\" decoding=\"async\" class=\"wp-image-170 size-large aligncenter\" src=\"https:\/\/blogsaverroes.juntadeandalucia.es\/conojoscuriosos\/files\/2022\/06\/Miprimeratesissobrelanutrici\u00f3n-1024x576.jpg\" alt=\"\" width=\"1024\" height=\"576\" srcset=\"https:\/\/blogsaverroes.juntadeandalucia.es\/conojoscuriosos\/files\/2022\/06\/Miprimeratesissobrelanutrici\u00f3n-1024x576.jpg 1024w, https:\/\/blogsaverroes.juntadeandalucia.es\/conojoscuriosos\/files\/2022\/06\/Miprimeratesissobrelanutrici\u00f3n-300x169.jpg 300w, https:\/\/blogsaverroes.juntadeandalucia.es\/conojoscuriosos\/files\/2022\/06\/Miprimeratesissobrelanutrici\u00f3n-768x432.jpg 768w, https:\/\/blogsaverroes.juntadeandalucia.es\/conojoscuriosos\/files\/2022\/06\/Miprimeratesissobrelanutrici\u00f3n-1536x864.jpg 1536w, https:\/\/blogsaverroes.juntadeandalucia.es\/conojoscuriosos\/files\/2022\/06\/Miprimeratesissobrelanutrici\u00f3n.jpg 1920w\" sizes=\"(max-width: 1024px) 100vw, 1024px\" \/><\/a><\/p>\n<h3><strong>GRUPO 2: SEGUNDO CICLO<\/strong><img loading=\"lazy\" decoding=\"async\" class=\"\" style=\"font-size: 16px\" src=\"https:\/\/1.bp.blogspot.com\/-a0oxz5WgRQ4\/X13HnmgTVJI\/AAAAAAAAOv4\/-O1XC_Qq3SEgSb6_HXFThvkamgnSmOzDwCLcBGAsYHQ\/s618\/Ver%2Bgif%2Banimado.gif\" alt=\"Blog del aula de Pmar3\u00ba del IES Ifach: Curso 2020\/21\" width=\"35\" height=\"35\"><\/h3>\n<p>PRIMER TRIMESTRE: <strong>ESTUDIO SOBRE EL OJO Y EL O\u00cdDO<\/strong> (Pulsad sobre la imagen para acceder y conocer el proyecto)<\/p>\n<p><a href=\"https:\/\/blogsaverroes.juntadeandalucia.es\/conojoscuriosos\/files\/2022\/06\/Estudiodelojoyeloido.pdf\"><img loading=\"lazy\" decoding=\"async\" class=\"aligncenter wp-image-195 size-large\" src=\"https:\/\/blogsaverroes.juntadeandalucia.es\/conojoscuriosos\/files\/2022\/06\/Estudiodelojoyeloido-1-1024x576.jpg\" alt=\"\" width=\"1024\" height=\"576\" srcset=\"https:\/\/blogsaverroes.juntadeandalucia.es\/conojoscuriosos\/files\/2022\/06\/Estudiodelojoyeloido-1-1024x576.jpg 1024w, https:\/\/blogsaverroes.juntadeandalucia.es\/conojoscuriosos\/files\/2022\/06\/Estudiodelojoyeloido-1-300x169.jpg 300w, https:\/\/blogsaverroes.juntadeandalucia.es\/conojoscuriosos\/files\/2022\/06\/Estudiodelojoyeloido-1-768x432.jpg 768w, https:\/\/blogsaverroes.juntadeandalucia.es\/conojoscuriosos\/files\/2022\/06\/Estudiodelojoyeloido-1-1536x864.jpg 1536w, https:\/\/blogsaverroes.juntadeandalucia.es\/conojoscuriosos\/files\/2022\/06\/Estudiodelojoyeloido-1.jpg 1920w\" sizes=\"(max-width: 1024px) 100vw, 1024px\" \/><\/a><\/p>\n<p>&nbsp;<\/p>\n<p>SEGUNDO TRIMESTRE: <strong>HISTORIA DE LOS CUBIERTOS<\/strong> (Pulsad sobre la imagen para acceder y conocer el proyecto)<\/p>\n<p><a href=\"https:\/\/blogsaverroes.juntadeandalucia.es\/conojoscuriosos\/files\/2022\/06\/Historiadeloscubiertos-1.pdf\"><img loading=\"lazy\" decoding=\"async\" class=\"aligncenter wp-image-212 size-large\" src=\"https:\/\/blogsaverroes.juntadeandalucia.es\/conojoscuriosos\/files\/2022\/06\/Historiadeloscubiertos-1024x576.png\" alt=\"\" width=\"1024\" height=\"576\" srcset=\"https:\/\/blogsaverroes.juntadeandalucia.es\/conojoscuriosos\/files\/2022\/06\/Historiadeloscubiertos-1024x576.png 1024w, https:\/\/blogsaverroes.juntadeandalucia.es\/conojoscuriosos\/files\/2022\/06\/Historiadeloscubiertos-300x169.png 300w, https:\/\/blogsaverroes.juntadeandalucia.es\/conojoscuriosos\/files\/2022\/06\/Historiadeloscubiertos-768x432.png 768w, https:\/\/blogsaverroes.juntadeandalucia.es\/conojoscuriosos\/files\/2022\/06\/Historiadeloscubiertos-1536x864.png 1536w, https:\/\/blogsaverroes.juntadeandalucia.es\/conojoscuriosos\/files\/2022\/06\/Historiadeloscubiertos.png 1920w\" sizes=\"(max-width: 1024px) 100vw, 1024px\" \/><\/a><\/p>\n<p>&nbsp;<\/p>\n<p>TERCER TRIMESTRE: <strong>MUNDO ANIMAL <\/strong>(Pulsad sobre la imagen para acceder y conocer el proyecto)<\/p>\n<p><a href=\"https:\/\/blogsaverroes.juntadeandalucia.es\/conojoscuriosos\/files\/2022\/07\/Mundo-Animal.pdf\"><img loading=\"lazy\" decoding=\"async\" class=\"aligncenter wp-image-310 size-large\" src=\"https:\/\/blogsaverroes.juntadeandalucia.es\/conojoscuriosos\/files\/2022\/07\/Mundo-Animal-1024x576.jpg\" alt=\"\" width=\"1024\" height=\"576\" srcset=\"https:\/\/blogsaverroes.juntadeandalucia.es\/conojoscuriosos\/files\/2022\/07\/Mundo-Animal-1024x576.jpg 1024w, https:\/\/blogsaverroes.juntadeandalucia.es\/conojoscuriosos\/files\/2022\/07\/Mundo-Animal-300x169.jpg 300w, https:\/\/blogsaverroes.juntadeandalucia.es\/conojoscuriosos\/files\/2022\/07\/Mundo-Animal-768x432.jpg 768w, https:\/\/blogsaverroes.juntadeandalucia.es\/conojoscuriosos\/files\/2022\/07\/Mundo-Animal-1536x864.jpg 1536w, https:\/\/blogsaverroes.juntadeandalucia.es\/conojoscuriosos\/files\/2022\/07\/Mundo-Animal.jpg 1920w\" sizes=\"(max-width: 1024px) 100vw, 1024px\" \/><\/a><\/p>\n<h3><strong>GRUPO 3: TERCER CICLO<\/strong><img loading=\"lazy\" decoding=\"async\" class=\"\" style=\"font-size: 16px\" src=\"https:\/\/1.bp.blogspot.com\/-a0oxz5WgRQ4\/X13HnmgTVJI\/AAAAAAAAOv4\/-O1XC_Qq3SEgSb6_HXFThvkamgnSmOzDwCLcBGAsYHQ\/s618\/Ver%2Bgif%2Banimado.gif\" alt=\"Blog del aula de Pmar3\u00ba del IES Ifach: Curso 2020\/21\" width=\"35\" height=\"35\"><\/h3>\n<p>PRIMER TRIMESTRE: <b>RAM\u00d3N Y CAJAL Y LA NEURONA<\/b>&nbsp;(Pulsad sobre la imagen para acceder y conocer el proyecto)<\/p>\n<p><a href=\"https:\/\/blogsaverroes.juntadeandalucia.es\/conojoscuriosos\/files\/2022\/06\/CAJALelreydelosnervios.pdf\"><img loading=\"lazy\" decoding=\"async\" class=\"aligncenter wp-image-209 size-large\" src=\"https:\/\/blogsaverroes.juntadeandalucia.es\/conojoscuriosos\/files\/2022\/06\/Ram\u00f3nycajal-1024x576.jpg\" alt=\"\" width=\"1024\" height=\"576\" srcset=\"https:\/\/blogsaverroes.juntadeandalucia.es\/conojoscuriosos\/files\/2022\/06\/Ram\u00f3nycajal-1024x576.jpg 1024w, https:\/\/blogsaverroes.juntadeandalucia.es\/conojoscuriosos\/files\/2022\/06\/Ram\u00f3nycajal-300x169.jpg 300w, https:\/\/blogsaverroes.juntadeandalucia.es\/conojoscuriosos\/files\/2022\/06\/Ram\u00f3nycajal-768x432.jpg 768w, https:\/\/blogsaverroes.juntadeandalucia.es\/conojoscuriosos\/files\/2022\/06\/Ram\u00f3nycajal-1536x864.jpg 1536w, https:\/\/blogsaverroes.juntadeandalucia.es\/conojoscuriosos\/files\/2022\/06\/Ram\u00f3nycajal.jpg 1920w\" sizes=\"(max-width: 1024px) 100vw, 1024px\" \/><\/a><\/p>\n<p>SEGUNDO TRIMESTRE: <strong>TODO SOBRE LA ENERG\u00cdA<\/strong> (Pulsad sobre la imagen para acceder y conocer el proyecto)<\/p>\n<p><a href=\"https:\/\/blogsaverroes.juntadeandalucia.es\/conojoscuriosos\/files\/2022\/06\/Laenergia.pdf\"><img loading=\"lazy\" decoding=\"async\" class=\"aligncenter wp-image-217 size-large\" src=\"https:\/\/blogsaverroes.juntadeandalucia.es\/conojoscuriosos\/files\/2022\/06\/Laenergia-1024x576.jpg\" alt=\"\" width=\"1024\" height=\"576\" srcset=\"https:\/\/blogsaverroes.juntadeandalucia.es\/conojoscuriosos\/files\/2022\/06\/Laenergia-1024x576.jpg 1024w, https:\/\/blogsaverroes.juntadeandalucia.es\/conojoscuriosos\/files\/2022\/06\/Laenergia-300x169.jpg 300w, https:\/\/blogsaverroes.juntadeandalucia.es\/conojoscuriosos\/files\/2022\/06\/Laenergia-768x432.jpg 768w, https:\/\/blogsaverroes.juntadeandalucia.es\/conojoscuriosos\/files\/2022\/06\/Laenergia-1536x864.jpg 1536w, https:\/\/blogsaverroes.juntadeandalucia.es\/conojoscuriosos\/files\/2022\/06\/Laenergia.jpg 1920w\" sizes=\"(max-width: 1024px) 100vw, 1024px\" \/><\/a><\/p>\n<p>TERCER TRIMESTRE: <strong>BENEFICIATE DEL DEPORTE<\/strong> (Pulsad sobre la imagen para acceder y conocer el proyecto)<\/p>\n<p><a href=\"https:\/\/blogsaverroes.juntadeandalucia.es\/conojoscuriosos\/files\/2022\/06\/Beneficiatedeldeporte.pdf\"><img loading=\"lazy\" decoding=\"async\" class=\"aligncenter wp-image-270 size-large\" src=\"https:\/\/blogsaverroes.juntadeandalucia.es\/conojoscuriosos\/files\/2022\/06\/Beneficiatedeldeporte-1024x576.jpg\" alt=\"\" width=\"1024\" height=\"576\" srcset=\"https:\/\/blogsaverroes.juntadeandalucia.es\/conojoscuriosos\/files\/2022\/06\/Beneficiatedeldeporte-1024x576.jpg 1024w, https:\/\/blogsaverroes.juntadeandalucia.es\/conojoscuriosos\/files\/2022\/06\/Beneficiatedeldeporte-300x169.jpg 300w, https:\/\/blogsaverroes.juntadeandalucia.es\/conojoscuriosos\/files\/2022\/06\/Beneficiatedeldeporte-768x432.jpg 768w, https:\/\/blogsaverroes.juntadeandalucia.es\/conojoscuriosos\/files\/2022\/06\/Beneficiatedeldeporte-1536x864.jpg 1536w, https:\/\/blogsaverroes.juntadeandalucia.es\/conojoscuriosos\/files\/2022\/06\/Beneficiatedeldeporte.jpg 1920w\" sizes=\"(max-width: 1024px) 100vw, 1024px\" \/><\/a><\/p>\n<p>&nbsp;<\/p>\n<p><a href=\"https:\/\/blogsaverroes.juntadeandalucia.es\/conojoscuriosos\/files\/2022\/06\/R\u00fabricas-de-autoevaluaci\u00f3n.pdf\">R\u00fabricas de autoevaluaci\u00f3n<\/a><\/p>\n","protected":false},"excerpt":{"rendered":"<p>CURSO 2021-2022 Durante el presente curso escolar hemos contado con tres grupos de curiosos y curiosas. El grupo 1 lo componen dos alumnas de primer ciclo de primaria El grupo 2 est\u00e1 formado por&#46;&#46;&#46;<\/p>\n","protected":false},"author":8067,"featured_media":0,"parent":0,"menu_order":0,"comment_status":"closed","ping_status":"closed","template":"","meta":{"ngg_post_thumbnail":0,"footnotes":""},"aioseo_notices":[],"_links":{"self":[{"href":"https:\/\/blogsaverroes.juntadeandalucia.es\/conojoscuriosos\/wp-json\/wp\/v2\/pages\/28"}],"collection":[{"href":"https:\/\/blogsaverroes.juntadeandalucia.es\/conojoscuriosos\/wp-json\/wp\/v2\/pages"}],"about":[{"href":"https:\/\/blogsaverroes.juntadeandalucia.es\/conojoscuriosos\/wp-json\/wp\/v2\/types\/page"}],"author":[{"embeddable":true,"href":"https:\/\/blogsaverroes.juntadeandalucia.es\/conojoscuriosos\/wp-json\/wp\/v2\/users\/8067"}],"replies":[{"embeddable":true,"href":"https:\/\/blogsaverroes.juntadeandalucia.es\/conojoscuriosos\/wp-json\/wp\/v2\/comments?post=28"}],"version-history":[{"count":49,"href":"https:\/\/blogsaverroes.juntadeandalucia.es\/conojoscuriosos\/wp-json\/wp\/v2\/pages\/28\/revisions"}],"predecessor-version":[{"id":312,"href":"https:\/\/blogsaverroes.juntadeandalucia.es\/conojoscuriosos\/wp-json\/wp\/v2\/pages\/28\/revisions\/312"}],"wp:attachment":[{"href":"https:\/\/blogsaverroes.juntadeandalucia.es\/conojoscuriosos\/wp-json\/wp\/v2\/media?parent=28"}],"curies":[{"name":"wp","href":"https:\/\/api.w.org\/{rel}","templated":true}]}}