{"id":636,"date":"2021-10-02T18:24:41","date_gmt":"2021-10-02T17:24:41","guid":{"rendered":"https:\/\/blogsaverroes.juntadeandalucia.es\/conservatorioalbox\/?page_id=636"},"modified":"2021-10-05T10:13:27","modified_gmt":"2021-10-05T09:13:27","slug":"instalaciones","status":"publish","type":"page","link":"https:\/\/blogsaverroes.juntadeandalucia.es\/conservatorioalbox\/instalaciones\/","title":{"rendered":"Instalaciones"},"content":{"rendered":"<p>En nuestro conservatorio contamos con amplias aulas tanto para cada una de las especialidades que impartimos (piano, guitarra, viol\u00edn, clarinete, flauta y trompeta), como para las asignaturas grupales (lenguaje musical, coro y agrupaciones); adem\u00e1s, estas aulas est\u00e1n dotadas de recursos tecnol\u00f3gicos que nos permiten adaptar nuestra metodolog\u00eda a la era digital. Y, para disfrutar sobre el escenario mostrando lo que trabajamos en clase, disponemos de un sal\u00f3n de actos id\u00f3neo para un centro como el nuestro en el que se imparten ense\u00f1anzas musicales.<\/p>\n<p>Pero, como es mejor verlo, aqu\u00ed adjuntamos un v\u00eddeo promocional en el que, adem\u00e1s, se presentan las diferentes especialidades que ofertamos:<\/p>\n<p><iframe loading=\"lazy\" title=\"\ud83d\udc40\ud83d\udc40 Con\u00f3cenos  \ud83d\udc40\ud83d\udc40\" width=\"1080\" height=\"608\" src=\"https:\/\/www.youtube.com\/embed\/mXiVeUnxELk?feature=oembed\" frameborder=\"0\" allow=\"accelerometer; autoplay; clipboard-write; encrypted-media; gyroscope; picture-in-picture\" allowfullscreen><\/iframe><\/p>\n","protected":false},"excerpt":{"rendered":"<p>En nuestro conservatorio contamos con amplias aulas tanto para cada una de las especialidades que impartimos (piano, guitarra, viol\u00edn, clarinete, flauta y trompeta), como para las asignaturas grupales (lenguaje musical, coro y agrupaciones); adem\u00e1s, estas aulas est\u00e1n dotadas de recursos tecnol\u00f3gicos que nos permiten adaptar nuestra metodolog\u00eda a la era digital. Y, para disfrutar sobre [&hellip;]<\/p>\n","protected":false},"author":6802,"featured_media":0,"parent":0,"menu_order":0,"comment_status":"closed","ping_status":"closed","template":"","meta":{"_et_pb_use_builder":"off","_et_pb_old_content":"","_et_gb_content_width":"","ngg_post_thumbnail":0,"footnotes":"","_mc_calendar":[]},"aioseo_notices":[],"post_mailing_queue_ids":[],"_links":{"self":[{"href":"https:\/\/blogsaverroes.juntadeandalucia.es\/conservatorioalbox\/wp-json\/wp\/v2\/pages\/636"}],"collection":[{"href":"https:\/\/blogsaverroes.juntadeandalucia.es\/conservatorioalbox\/wp-json\/wp\/v2\/pages"}],"about":[{"href":"https:\/\/blogsaverroes.juntadeandalucia.es\/conservatorioalbox\/wp-json\/wp\/v2\/types\/page"}],"author":[{"embeddable":true,"href":"https:\/\/blogsaverroes.juntadeandalucia.es\/conservatorioalbox\/wp-json\/wp\/v2\/users\/6802"}],"replies":[{"embeddable":true,"href":"https:\/\/blogsaverroes.juntadeandalucia.es\/conservatorioalbox\/wp-json\/wp\/v2\/comments?post=636"}],"version-history":[{"count":7,"href":"https:\/\/blogsaverroes.juntadeandalucia.es\/conservatorioalbox\/wp-json\/wp\/v2\/pages\/636\/revisions"}],"predecessor-version":[{"id":720,"href":"https:\/\/blogsaverroes.juntadeandalucia.es\/conservatorioalbox\/wp-json\/wp\/v2\/pages\/636\/revisions\/720"}],"wp:attachment":[{"href":"https:\/\/blogsaverroes.juntadeandalucia.es\/conservatorioalbox\/wp-json\/wp\/v2\/media?parent=636"}],"curies":[{"name":"wp","href":"https:\/\/api.w.org\/{rel}","templated":true}]}}