{"id":951,"date":"2022-03-24T11:29:39","date_gmt":"2022-03-24T10:29:39","guid":{"rendered":"https:\/\/blogsaverroes.juntadeandalucia.es\/conservatorioalbox\/?page_id=951"},"modified":"2025-06-23T18:03:27","modified_gmt":"2025-06-23T17:03:27","slug":"matriculacion","status":"publish","type":"page","link":"https:\/\/blogsaverroes.juntadeandalucia.es\/conservatorioalbox\/matriculacion\/","title":{"rendered":"Matriculaci\u00f3n"},"content":{"rendered":"<h2>Curso 2025-2026<\/h2>\n<p><iframe loading=\"lazy\" src=\"https:\/\/drive.google.com\/file\/d\/1nSQo69DWEEXTSPJ2fx98SLXUqE5RcyJz\/preview\" width=\"640\" height=\"480\"><\/iframe><\/p>\n<p>Las matr\u00edculas para el pr\u00f3ximo curso deben formalizarse entre el 1 y el 10 de julio por una de estas dos v\u00edas:<\/p>\n<ul>\n<li>Presencialmente, en la secretar\u00eda del conservatorio, de 9:30 a 13:30.<\/li>\n<li>Telem\u00e1ticamente, en la&nbsp;<a href=\"https:\/\/www.juntadeandalucia.es\/educacion\/secretariavirtual\/\">secretaria virtual<\/a>&nbsp;de la Junta de Andaluc\u00eda.<\/li>\n<\/ul>\n<p>El pago de las tasas se realiza mediante cumplimentaci\u00f3n del modelo 169 (\u201cDeclaraci\u00f3n de ingresos por entrega de bienes y prestaciones de servicios sujetos a IVA\u201d) de la Agencia Tributaria de Andaluc\u00eda. Ya no se emplea el modelo 046.<\/p>\n<ul>\n<li>Cumplimentar el formulario a trav\u00e9s de este enlace:<a href=\"https:\/\/www.ceh.junta-andalucia.es\/economiayhacienda\/apl\/surweb\/modelos\/modelo169\/169.jsp\">&nbsp;https:\/\/www.ceh.junta-andalucia.es\/economiayhacienda\/apl\/surweb\/modelos\/modelo169\/169.jsp<\/a>\n<ul>\n<li>La persona obligada al pago es el alumno\/a.<\/li>\n<li>En el bloque 2 (\u201cliquidaci\u00f3n\u201d) se aportan los datos al conservatorio, concepto de pago (32EB, Precio p\u00fablico por servicios acad\u00e9micos y administrativos de ense\u00f1anzas elementales b\u00e1sicas y profesionales de m\u00fasica y danza) y fecha.<\/li>\n<li>Se deben ir a\u00f1adiendo los servicios que se van a incluir cumplimentando los campos de cada l\u00ednea y a\u00f1adiendo l\u00edneas usando el bot\u00f3n +A\u00d1ADIR.<\/li>\n<li>En el bloque 3 (\u201cRepresentante\u201d) se aportan los datos del responsable legal (caso de alumnos menores de edad).<\/li>\n<\/ul>\n<\/li>\n<li>\u201cValidar\u201d.<\/li>\n<li>Despu\u00e9s, \u201cImprimir\u201d (pago presencial en las entidades colaboradoras); o realizar el \u201cPago online\u201d.<\/li>\n<\/ul>\n<p><iframe loading=\"lazy\" src=\"https:\/\/drive.google.com\/file\/d\/1JjYFKh0wdGAhPdVbCqbhOVpT4yBAhisd\/preview\" width=\"640\" height=\"480\"><\/iframe><\/p>\n<p>Informaci\u00f3n sobre el pago:<\/p>\n<ul>\n<li>El pago por servicios administrativos de \u201cApertura de expediente\u201d (si procede) y \u201cServicios generales\u201d (en todo caso) se efectuar\u00e1 cuando se presente la solicitud de matr\u00edcula.<\/li>\n<li>Para el pago por los servicios acad\u00e9micos podr\u00e1 escogerse entre las modalidades siguientes:\n<ul>\n<li>En un solo pago al formalizar la matr\u00edcula.<\/li>\n<li>De forma fraccionada en dos plazos iguales que ser\u00e1n ingresados uno, al formalizar la matr\u00edcula, y otro, durante la segunda quincena del mes de enero.<\/li>\n<\/ul>\n<\/li>\n<li>Si se opta por pagar en una entidad colaboradora, solamente hay que presentar el modelo 909, la carta de pago generada al final del proceso.<\/li>\n<li>Cuant\u00edas de precios p\u00fablicos y supuestos de&nbsp;<strong>gratuidad<\/strong>&nbsp;y&nbsp;<strong>reducciones<\/strong>:<\/li>\n<\/ul>\n<p><iframe loading=\"lazy\" src=\"https:\/\/drive.google.com\/file\/d\/1b7OcC6Ret_-xxcfS2wRxUR6D4jvzbSRl\/preview\" width=\"640\" height=\"480\"><\/iframe><\/p>\n<p>Normativa:<\/p>\n<ul>\n<li>Acuerdo de 4 de junio de 2025, del Consejo de Gobierno, por el que se fijan las cuant\u00edas de los precios p\u00fablicos de los servicios administrativos y acad\u00e9micos de las ense\u00f1anzas elementales y profesionales de m\u00fasica y de danza, y las ense\u00f1anzas art\u00edsticas superiores de Arte Dram\u00e1tico, de Danza, de Dise\u00f1o y de M\u00fasica, y se establecen los supuestos de gratuidad y reducciones en los mismos para el curso 2025\/2026.<\/li>\n<\/ul>\n<p>M\u00e1s informaci\u00f3n en:<\/p>\n<ul>\n<li>697954167<\/li>\n<li>950639551<\/li>\n<\/ul>\n<p>\u00a1No lo dejes para \u00faltima hora!<\/p>\n<p>&nbsp;<\/p>\n","protected":false},"excerpt":{"rendered":"<p>Curso 2025-2026 Las matr\u00edculas para el pr\u00f3ximo curso deben formalizarse entre el 1 y el 10 de julio por una de estas dos v\u00edas: Presencialmente, en la secretar\u00eda del conservatorio, de 9:30 a 13:30. Telem\u00e1ticamente, en la&nbsp;secretaria virtual&nbsp;de la Junta de Andaluc\u00eda. El pago de las tasas se realiza mediante cumplimentaci\u00f3n del modelo 169 (\u201cDeclaraci\u00f3n [&hellip;]<\/p>\n","protected":false},"author":6802,"featured_media":0,"parent":0,"menu_order":0,"comment_status":"closed","ping_status":"closed","template":"","meta":{"_et_pb_use_builder":"off","_et_pb_old_content":"","_et_gb_content_width":"","ngg_post_thumbnail":0,"footnotes":"","_mc_calendar":[]},"aioseo_notices":[],"post_mailing_queue_ids":[],"_links":{"self":[{"href":"https:\/\/blogsaverroes.juntadeandalucia.es\/conservatorioalbox\/wp-json\/wp\/v2\/pages\/951"}],"collection":[{"href":"https:\/\/blogsaverroes.juntadeandalucia.es\/conservatorioalbox\/wp-json\/wp\/v2\/pages"}],"about":[{"href":"https:\/\/blogsaverroes.juntadeandalucia.es\/conservatorioalbox\/wp-json\/wp\/v2\/types\/page"}],"author":[{"embeddable":true,"href":"https:\/\/blogsaverroes.juntadeandalucia.es\/conservatorioalbox\/wp-json\/wp\/v2\/users\/6802"}],"replies":[{"embeddable":true,"href":"https:\/\/blogsaverroes.juntadeandalucia.es\/conservatorioalbox\/wp-json\/wp\/v2\/comments?post=951"}],"version-history":[{"count":10,"href":"https:\/\/blogsaverroes.juntadeandalucia.es\/conservatorioalbox\/wp-json\/wp\/v2\/pages\/951\/revisions"}],"predecessor-version":[{"id":1546,"href":"https:\/\/blogsaverroes.juntadeandalucia.es\/conservatorioalbox\/wp-json\/wp\/v2\/pages\/951\/revisions\/1546"}],"wp:attachment":[{"href":"https:\/\/blogsaverroes.juntadeandalucia.es\/conservatorioalbox\/wp-json\/wp\/v2\/media?parent=951"}],"curies":[{"name":"wp","href":"https:\/\/api.w.org\/{rel}","templated":true}]}}

Matriculación

<h2>Curso 2025-2026</h2>
<p><iframe loading="lazy" src="https://drive.google.com/file/d/1nSQo69DWEEXTSPJ2fx98SLXUqE5RcyJz/preview" width="640" height="480"></iframe></p>
<p>Las matrículas para el próximo curso deben formalizarse entre el 1 y el 10 de julio por una de estas dos vías:</p>
<ul>
<li>Presencialmente, en la secretaría del conservatorio, de 9:30 a 13:30.</li>
<li>Telemáticamente, en la&nbsp;<a href="https://www.juntadeandalucia.es/educacion/secretariavirtual/">secretaria virtual</a>&nbsp;de la Junta de Andalucía.</li>
</ul>
<p>El pago de las tasas se realiza mediante cumplimentación del modelo 169 (“Declaración de ingresos por entrega de bienes y prestaciones de servicios sujetos a IVA”) de la Agencia Tributaria de Andalucía. Ya no se emplea el modelo 046.</p>
<ul>
<li>Cumplimentar el formulario a través de este enlace:<a href="https://www.ceh.junta-andalucia.es/economiayhacienda/apl/surweb/modelos/modelo169/169.jsp">&nbsp;https://www.ceh.junta-andalucia.es/economiayhacienda/apl/surweb/modelos/modelo169/169.jsp</a>
<ul>
<li>La persona obligada al pago es el alumno/a.</li>
<li>En el bloque 2 (“liquidación”) se aportan los datos al conservatorio, concepto de pago (32EB, Precio público por servicios académicos y administrativos de enseñanzas elementales básicas y profesionales de música y danza) y fecha.</li>
<li>Se deben ir añadiendo los servicios que se van a incluir cumplimentando los campos de cada línea y añadiendo líneas usando el botón +AÑADIR.</li>
<li>En el bloque 3 (“Representante”) se aportan los datos del responsable legal (caso de alumnos menores de edad).</li>
</ul>
</li>
<li>“Validar”.</li>
<li>Después, “Imprimir” (pago presencial en las entidades colaboradoras); o realizar el “Pago online”.</li>
</ul>
<p><iframe loading="lazy" src="https://drive.google.com/file/d/1JjYFKh0wdGAhPdVbCqbhOVpT4yBAhisd/preview" width="640" height="480"></iframe></p>
<p>Información sobre el pago:</p>
<ul>
<li>El pago por servicios administrativos de “Apertura de expediente” (si procede) y “Servicios generales” (en todo caso) se efectuará cuando se presente la solicitud de matrícula.</li>
<li>Para el pago por los servicios académicos podrá escogerse entre las modalidades siguientes:
<ul>
<li>En un solo pago al formalizar la matrícula.</li>
<li>De forma fraccionada en dos plazos iguales que serán ingresados uno, al formalizar la matrícula, y otro, durante la segunda quincena del mes de enero.</li>
</ul>
</li>
<li>Si se opta por pagar en una entidad colaboradora, solamente hay que presentar el modelo 909, la carta de pago generada al final del proceso.</li>
<li>Cuantías de precios públicos y supuestos de&nbsp;<strong>gratuidad</strong>&nbsp;y&nbsp;<strong>reducciones</strong>:</li>
</ul>
<p><iframe loading="lazy" src="https://drive.google.com/file/d/1b7OcC6Ret_-xxcfS2wRxUR6D4jvzbSRl/preview" width="640" height="480"></iframe></p>
<p>Normativa:</p>
<ul>
<li>Acuerdo de 4 de junio de 2025, del Consejo de Gobierno, por el que se fijan las cuantías de los precios públicos de los servicios administrativos y académicos de las enseñanzas elementales y profesionales de música y de danza, y las enseñanzas artísticas superiores de Arte Dramático, de Danza, de Diseño y de Música, y se establecen los supuestos de gratuidad y reducciones en los mismos para el curso 2025/2026.</li>
</ul>
<p>Más información en:</p>
<ul>
<li>697954167</li>
<li>950639551</li>
</ul>
<p>¡No lo dejes para última hora!</p>
<p>&nbsp;</p>

<p>Curso 2025-2026 Las matrículas para el próximo curso deben formalizarse entre el 1 y el 10 de julio por una de estas dos vías: Presencialmente, en la secretaría del conservatorio, de 9:30 a 13:30. Telemáticamente, en la&nbsp;secretaria virtual&nbsp;de la Junta de Andalucía. El pago de las tasas se realiza mediante cumplimentación del modelo 169 (“Declaración [&hellip;]</p>
