{"id":567,"date":"2024-02-02T11:46:50","date_gmt":"2024-02-02T10:46:50","guid":{"rendered":"https:\/\/blogsaverroes.juntadeandalucia.es\/conservatoriodemontoro\/?page_id=567"},"modified":"2025-06-12T09:26:32","modified_gmt":"2025-06-12T08:26:32","slug":"matriculacion","status":"publish","type":"page","link":"https:\/\/blogsaverroes.juntadeandalucia.es\/conservatoriodemontoro\/matriculacion\/","title":{"rendered":"Matriculaci\u00f3n"},"content":{"rendered":"<p>[et_pb_section fb_built=&#8221;1&#8243; _builder_version=&#8221;4.16&#8243; _module_preset=&#8221;default&#8221; global_colors_info=&#8221;{}&#8221;][et_pb_row _builder_version=&#8221;4.16&#8243; _module_preset=&#8221;default&#8221; custom_padding=&#8221;||15px|||&#8221; global_colors_info=&#8221;{}&#8221;][et_pb_column type=&#8221;4_4&#8243; _builder_version=&#8221;4.16&#8243; _module_preset=&#8221;default&#8221; global_colors_info=&#8221;{}&#8221;][et_pb_text _builder_version=&#8221;4.16&#8243; _module_preset=&#8221;default&#8221; text_font=&#8221;Arial||||||||&#8221; global_colors_info=&#8221;{}&#8221;]<\/p>\n<p>A l final de este documento est\u00e1n todas las fechas actualizadas del proceso de inscripci\u00f3n y matriculaci\u00f3n, con las fechas m\u00e1s importantes marcadas <strong>en negrita.<\/strong><\/p>\n<hr \/>\n<h1 class=\"fittexted_for_content_h5\"><strong>1. Inscripci\u00f3n.<\/strong><\/h1>\n<p><strong><\/strong><\/p>\n<p>Para entrar en alg\u00fan curso distinto de 1\u00ba es necesario cumplir una serie de requisitos:<\/p>\n<ol>\n<li>Tener al menos<span>\u00a0<\/span><strong>8 a\u00f1os<\/strong><span>\u00a0<\/span>de edad (a cumplir en el a\u00f1o de matriculaci\u00f3n).<\/li>\n<li>Presentar el<strong><span style=\"color: #e09900\">\u00a0<a href=\"https:\/\/blogsaverroes.juntadeandalucia.es\/conservatoriodemontoro\/files\/2024\/02\/Solicitud-de-admisi%C3%B3n.pdf\" title=\"Impreso de inscripci\u00f3n\" style=\"color: #e09900\">Impreso de inscripci\u00f3n<\/a><\/span><\/strong><span>\u00a0<\/span>en el plazo establecido por uno de estos medios:\n<ol>\n<li>En la secretar\u00eda del conservatorio.<\/li>\n<li>En la<span>\u00a0<\/span><strong><span style=\"color: #e09900\"><a href=\"https:\/\/www.juntadeandalucia.es\/educacion\/secretariavirtual\/accesoTramite\/445\/\" style=\"color: #e09900\">Secretar\u00eda Virtual<\/a><\/span><\/strong><span>\u00a0<\/span>de la Consejer\u00eda de Educaci\u00f3n y Deporte.<\/li>\n<\/ol>\n<\/li>\n<li>Es<span>\u00a0<\/span>necesario indicar en el impreso de inscripci\u00f3n al menos un instrumento entre nuestra oferta (piano, clarinete, flauta travesera, guitarra y trompeta). <span>Pueden solicitarse pruebas a dos cursos diferentes (no necesariamente consecutivos) de la misma especialidad.<\/span><\/li>\n<\/ol>\n<hr \/>\n<h1 class=\"fittexted_for_content_h5\"><strong>2. Prueba de acceso.<\/strong><\/h1>\n<p><strong><\/strong><\/p>\n<p>El siguiente paso es la<strong> prueba de acceso <\/strong>(consultar fechas a mediados de julio).<\/p>\n<p>Esta prueba consiste en<span>\u00a0<\/span><strong>dos ex\u00e1menes: <\/strong>uno sobre el<strong> instrumento <\/strong>escogido y otra prueba sobre conocimientos de<strong> Lenguaje Musical,<\/strong><span>\u00a0<\/span>ambas adaptadas al nivel del curso al que se quiere acceder.<\/p>\n<hr \/>\n<h1 class=\"fittexted_for_content_h5\"><strong>3. Adjudicaci\u00f3n y matr\u00edcula.<\/strong><\/h1>\n<p><strong><\/strong><\/p>\n<p>Una vez aprobada la prueba de acceso, se asignar\u00e1n las plazas disponibles (consultar fechas).<\/p>\n<p>Quien reciba una plaza<span>\u00a0<\/span><strong>deber\u00e1 matricularse<\/strong><span>\u00a0<\/span>en los dos d\u00edas h\u00e1biles siguientes. De lo contrario, perder\u00e1 todo derecho a matr\u00edcula. (<span style=\"color: #e09900\"><a href=\"https:\/\/blogsaverroes.juntadeandalucia.es\/conservatoriodemontoro\/files\/2024\/02\/Solicitud-de-matr%C3%ADcula.pdf\" style=\"color: #e09900\">Impreso de matr\u00edcula<\/a><\/span>).<\/p>\n<p><span>Para que la<\/span><span>\u00a0<\/span><strong>matr\u00edcula<\/strong><span>\u00a0<\/span><span>tenga validez,<\/span><strong><span>\u00a0<\/span>es necesario acompa\u00f1arla de la carta de pago sellada en entidad bancaria.<\/strong><span>\u00a0<\/span><span>Si la matr\u00edcula es cumplimentada en la Secretar\u00eda Virtual, guarde el resguardo electr\u00f3nico del pago para m\u00e1s seguridad.<\/span><\/p>\n<p><span><\/span><\/p>\n<p><span><\/span><\/p>\n<p><span style=\"text-decoration: underline\"><strong>CALENDARIO DE ESCOLARIZACI\u00d3N<\/strong><\/span><\/p>\n<p><strong>NOTA IMPORTANTE:<\/strong>\u00a0Los plazos rese\u00f1ados en negrita corresponden a tr\u00e1mites de obligado cumplimiento. Por lo tanto, la Direcci\u00f3n del Centro recomienda confirmar cada uno de ellos con varios d\u00edas de antelaci\u00f3n, bien por tel\u00e9fono (957 19 95 69) como en los tablones de anuncios del Conservatorio y de esta p\u00e1gina web. En todos los plazos, el primer y \u00faltimo d\u00eda rese\u00f1ado se consideran inclu\u00eddos en dicho plazo.<\/p>\n<p>&nbsp;<\/p>\n<ul>\n<li><span><span style=\"color: #7cda24\"><strong>22 de marzo de 2025<\/strong>:<\/span>\u00a0<\/span><span>Publicaci\u00f3n de vacantes por especialidad y curso.<\/span><strong><\/strong><span><\/span><\/li>\n<\/ul>\n<p><span><\/span><\/p>\n<ul>\n<li><span><strong><span style=\"color: #7cda24\">Del 1 al 30 de abril de 2025:<\/span>\u00a0Plazo \u00fanico para la cumplimentaci\u00f3n de solicitudes de admisi\u00f3n para alumnos de nuevo ingreso en cualquier curso.<\/strong><\/span><\/li>\n<\/ul>\n<p><span><strong><\/strong><\/span><\/p>\n<ul>\n<li><span style=\"color: #7cda24\"><strong>14 de julio de 2025:<\/strong><\/span> Publicaci\u00f3n de fechas y horas para las pruebas de acceso a cursos distintos de 1\u00ba.<\/li>\n<\/ul>\n<p>&nbsp;<\/p>\n<ul>\n<li><span><span><span style=\"color: #7cda24\"><strong>Del 2 al 9 de septiembre de 2025: <\/strong><\/span><\/span><\/span><strong style=\"font-size: 22px\">PRUEBAS DE ACCESO A CURSOS DISTINTOS DE 1\u00ba PARA ALUMNOS DE NUEVO INGRESO <\/strong><strong style=\"font-size: 22px\">(la fecha y hora espec\u00edfica en la que deber\u00e1 presentarse cada aspirante ser\u00e1 publicada previa a la realizaci\u00f3n de las pruebas en los tablones de anuncios del conservatorio y de esta p\u00e1gina web).<\/strong><span><\/span><\/li>\n<\/ul>\n<p><span><\/span><\/p>\n<ul>\n<li><span><strong><span style=\"color: #7cda24\">10 de septiembre de 2025:<\/span><\/strong>Publicaci\u00f3n del listado provisional de calificaciones de las pruebas de acceso a cursos distintos de 1\u00ba.<\/span><\/li>\n<\/ul>\n<p><span style=\"color: #7cda24\"><strong><\/strong><\/span><\/p>\n<ul>\n<li><span><span style=\"color: #7cda24\"><strong>11 y 12 de septiembre de 2025<\/strong>:<\/span> Plazo de reclamaci\u00f3n sobre el listado provisional de calificaciones de las pruebas acceso a cursos distintos de 1\u00ba (reclamaciones escritas en la secretar\u00eda del conservatorio, dirigidas a la Directora).<\/span><\/li>\n<\/ul>\n<p><span><\/span><\/p>\n<p><span><\/span><\/p>\n<ul>\n<li><span><span><span style=\"color: #7cda24\"><strong>16 de septiembre de 2025<\/strong><\/span><\/span><\/span><span><span>: <\/span><\/span>Publicaci\u00f3n de la resoluci\u00f3n de las reclamaciones a las calificaciones de las pruebas de acceso cursos distintos de 1\u00ba. Publicaci\u00f3n del listado <strong style=\"font-size: 22px\">definitivo<\/strong><span style=\"font-size: 22px\"> de calificaciones obtenidas en las pruebas de de acceso a cursos distintos de 1\u00ba.<\/span><\/li>\n<\/ul>\n<p><span style=\"font-size: 22px\"><\/span><\/p>\n<ul>\n<li><span><strong><span style=\"color: #7cda24\">17 de septiembre de 2025:<\/span><\/strong> Publicaci\u00f3n de la resoluci\u00f3n de admisi\u00f3n para cursos distintos de 1\u00ba.<\/span><span style=\"font-size: 22px\"><\/span><span><\/span><\/li>\n<\/ul>\n<p><span><\/span><\/p>\n<ul>\n<li><span style=\"color: #7cda24\"><strong>Del 18 de septiembre al 17 de octubre de 2025<\/strong><\/span>: plazo de presentaci\u00f3n de los r<span>ecursos de alzada sobre la resoluci\u00f3n de admisi\u00f3n para cursos distintos de 1\u00ba.<\/span><strong><\/strong><\/li>\n<\/ul>\n<p><strong><\/strong><\/p>\n<ul>\n<li><span style=\"color: #7cda24\"><strong>18 y 19 de septiembre de 2025: <\/strong><\/span><strong style=\"font-size: 22px\">PLAZO \u00daNICO DE MATR\u00cdCULA EN CURSOS DISTINTOS DE 1\u00ba.<\/strong><\/li>\n<\/ul>\n<p><span><\/span><\/p>\n<p><span><\/span><\/p>\n<p><span><\/span><\/p>\n<p><span><\/span><\/p>\n<p><span><\/span><\/p>\n<p><span><\/span><\/p>\n<p><span><\/span><\/p>\n<p><span><\/span><\/p>\n<p><span><\/span><\/p>\n<p><span style=\"font-size: 22px\"><\/span><\/p>\n<p><span style=\"font-size: 22px\"><\/span><\/p>\n<p><span style=\"font-size: 22px\"><\/span><\/p>\n<p><span style=\"font-size: 22px\"><\/span><\/p>\n<p><span style=\"font-size: 22px\"><\/span><\/p>\n<p><span style=\"font-size: 22px\"><\/span><\/p>\n<p><span style=\"font-size: 22px\"><\/span><\/p>\n<p><span style=\"font-size: 22px\"><\/span><\/p>\n<p><span style=\"font-size: 22px\"><\/span><\/p>\n<p><span style=\"font-size: 22px\"><\/span><\/p>\n<p>[\/et_pb_text][\/et_pb_column][\/et_pb_row][\/et_pb_section][et_pb_section fb_built=&#8221;1&#8243; _builder_version=&#8221;4.16&#8243; _module_preset=&#8221;default&#8221; global_colors_info=&#8221;{}&#8221;][\/et_pb_section]<\/p>\n","protected":false},"excerpt":{"rendered":"<p>A l final de este documento est\u00e1n todas las fechas actualizadas del proceso de inscripci\u00f3n y matriculaci\u00f3n, con las fechas m\u00e1s importantes marcadas en negrita. 1. Inscripci\u00f3n. Para entrar en alg\u00fan curso distinto de 1\u00ba es necesario cumplir una serie de requisitos: Tener al menos\u00a08 a\u00f1os\u00a0de edad (a cumplir en el a\u00f1o de matriculaci\u00f3n). Presentar [&hellip;]<\/p>\n","protected":false},"author":17755,"featured_media":0,"parent":0,"menu_order":0,"comment_status":"closed","ping_status":"closed","template":"","meta":{"_et_pb_use_builder":"on","_et_pb_old_content":"","_et_gb_content_width":"","ngg_post_thumbnail":0,"footnotes":""},"aioseo_notices":[],"_links":{"self":[{"href":"https:\/\/blogsaverroes.juntadeandalucia.es\/conservatoriodemontoro\/wp-json\/wp\/v2\/pages\/567"}],"collection":[{"href":"https:\/\/blogsaverroes.juntadeandalucia.es\/conservatoriodemontoro\/wp-json\/wp\/v2\/pages"}],"about":[{"href":"https:\/\/blogsaverroes.juntadeandalucia.es\/conservatoriodemontoro\/wp-json\/wp\/v2\/types\/page"}],"author":[{"embeddable":true,"href":"https:\/\/blogsaverroes.juntadeandalucia.es\/conservatoriodemontoro\/wp-json\/wp\/v2\/users\/17755"}],"replies":[{"embeddable":true,"href":"https:\/\/blogsaverroes.juntadeandalucia.es\/conservatoriodemontoro\/wp-json\/wp\/v2\/comments?post=567"}],"version-history":[{"count":11,"href":"https:\/\/blogsaverroes.juntadeandalucia.es\/conservatoriodemontoro\/wp-json\/wp\/v2\/pages\/567\/revisions"}],"predecessor-version":[{"id":872,"href":"https:\/\/blogsaverroes.juntadeandalucia.es\/conservatoriodemontoro\/wp-json\/wp\/v2\/pages\/567\/revisions\/872"}],"wp:attachment":[{"href":"https:\/\/blogsaverroes.juntadeandalucia.es\/conservatoriodemontoro\/wp-json\/wp\/v2\/media?parent=567"}],"curies":[{"name":"wp","href":"https:\/\/api.w.org\/{rel}","templated":true}]}}