{"id":348,"date":"2019-03-14T22:33:33","date_gmt":"2019-03-14T21:33:33","guid":{"rendered":"https:\/\/blogsaverroes.juntadeandalucia.es\/conservatoriomacarena\/?page_id=348"},"modified":"2026-04-03T04:52:18","modified_gmt":"2026-04-03T02:52:18","slug":"traslado-de-matricula","status":"publish","type":"page","link":"https:\/\/blogsaverroes.juntadeandalucia.es\/conservatoriomacarena\/inscripcion-matricula\/traslado-de-matricula\/","title":{"rendered":"Traslado de matr\u00edcula"},"content":{"rendered":"<p>Se podr\u00e1 solicitar un traslado de matr\u00edcula por cambio de localidad de residencia y la solicitud deber\u00e1 presentarse en el centro docente donde el alumno pretende ser admitido (<a href=\"https:\/\/blogsaverroes.juntadeandalucia.es\/conservatoriomacarena\/files\/2024\/07\/ANEXO-VI-Solicitud-de-plaza-por-traslado-de-matricula.pdf\">Solicitud de plaza por traslado de matr\u00edcula<\/a>).<\/p>\n<p>El alumnado que solicita el traslado de matr\u00edcula deber\u00e1 incluir:<\/p>\n<ul>\n<li>Justificaci\u00f3n documental del cambio de localidad de residencia.<\/li>\n<li>Certificaci\u00f3n acad\u00e9mica expedida por el centro de origen.<\/li>\n<\/ul>\n<p><strong>Las peticiones de traslado de matr\u00edcula presentadas del 1 al 30 de abril<\/strong> del a\u00f1o en curso <strong>ser\u00e1n atendidas de manera preferente en el mes de julio.<\/strong> Las presentadas con posterioridad ser\u00e1n atendidas a partir del comienzo del curso escolar.<strong><br \/>\n<\/strong><\/p>\n<p>En cualquier caso, para poder optar al traslado de centro<strong> es <span style=\"color: #ff0000\">obligatorio<\/span> matricularse en el conservatorio de origen del 1 al 10 de julio del a\u00f1o en curso.<\/strong><\/p>\n<p>Durante el curso escolar, las peticiones de traslado de matr\u00edcula:<\/p>\n<ul>\n<li>En el 1<sup>er<\/sup> trimestre ser\u00e1n autorizadas por la Direcci\u00f3n del conservatorio.<\/li>\n<li>En el 2\u00ba trimestre ser\u00e1n autorizadas por el Delegado Territorial de Educaci\u00f3n.<\/li>\n<li>En el 3<sup>er<\/sup> trimestre no se aceptar\u00e1n traslados de matr\u00edcula para el curso en vigor.<\/li>\n<\/ul>\n<p>Todas las peticiones de matr\u00edculas ser\u00e1n atendidas<strong> siempre que existan vacantes en el curso y especialidad solicitados.<\/strong><\/p>\n<p>&nbsp;<\/p>\n<h2 style=\"text-align: center\">CALENDARIO DE ESCOLARIZACI\u00d3N.<\/h2>\n<table style=\"width: 100%;height: 472px\" border=\"1\" rules=\"COLS\" cellspacing=\"0\" cellpadding=\"4\">\n<tbody>\n<tr style=\"height: 48px\">\n<td style=\"background-color: #ffc380;width: 217.7px;text-align: right;height: 48px\"><span style=\"color: #000000\">20 de marzo de 2026:<\/span><\/td>\n<td style=\"background-color: #ffc380;width: 1139.3px;text-align: left;height: 48px\"><span style=\"color: #000000\">Publicaci\u00f3n de vacantes por especialidad y curso.<\/span><\/td>\n<\/tr>\n<tr style=\"height: 80px\">\n<td style=\"background-color: #ffe1bf;width: 217.7px;text-align: right;height: 80px\">\n<p align=\"RIGHT\"><span style=\"color: #000000\"><strong>Del 1 al 30 de abril de 2026:<\/strong><\/span><\/p>\n<\/td>\n<td style=\"background-color: #ffe1bf;width: 217.7px;text-align: left;height: 80px\">\n<p align=\"LEFT\"><span style=\"color: #000000\"><strong>PLAZO PREFERENTE PARA SOLICITUD DE TRASLADO DE MATR\u00cdCULA EN EL CENTRO DE DESTINO PARA EL SIGUIENTE CURSO.<br \/>\n<\/strong><\/span><\/p>\n<\/td>\n<\/tr>\n<tr style=\"height: 48px\">\n<td style=\"background-color: #ffc380;width: 217.7px;text-align: right;height: 48px\" bgcolor=\"#ffffff\"><span style=\"color: #000000\">A partir del 1 de mayo de 2026:<br \/>\n<\/span><\/td>\n<td style=\"background-color: #ffc380;width: 1139.3px;text-align: left;height: 48px\" bgcolor=\"#ffffff\"><span style=\"color: #000000\">Plazo ordinario para solicitud de traslado de matr\u00edcula en el centro de destino para el siguiente curso.<\/span><\/td>\n<\/tr>\n<tr style=\"height: 120px\">\n<td style=\"background-color: #ffe1bf;width: 217.7px;text-align: right;height: 120px\">\n<p align=\"RIGHT\"><span style=\"color: #000000\"><strong>Del 1 al 10 de julio de 2026:<br \/>\n<\/strong><\/span><\/p>\n<\/td>\n<td style=\"background-color: #ffe1bf;width: 217.7px;text-align: left;height: 120px\">\n<p align=\"LEFT\"><span style=\"color: #000000\"><strong>PLAZO DE MATR\u00cdCULA EN EL CENTRO DE ORIGEN.<\/strong><\/span><\/p>\n<p align=\"LEFT\"><span style=\"font-size: 10pt;color: #ff0000\"><strong>(matr\u00edcula obligatoria para todos los solicitantes que aspiren a&nbsp; traslado al centro de destino).<\/strong><\/span><\/p>\n<\/td>\n<\/tr>\n<tr style=\"height: 80px\">\n<td style=\"background-color: #ffc380;width: 217.7px;text-align: right;height: 80px\">\n<p align=\"RIGHT\"><span style=\"color: #000000\"><strong>Del 16 al 17 de julio de 2026:<\/strong><br \/>\n<\/span><\/p>\n<\/td>\n<td style=\"background-color: #ffc380;width: 1139.3px;text-align: left;height: 80px\"><span style=\"color: #000000\"><strong>EN CASO DE HABER VACANTES, TRASLADO DE MATR\u00cdCULA PARA QUIENES LO SOLICITARON EN PLAZO PREFERENTE.<br \/>\n<\/strong><\/span><\/td>\n<\/tr>\n<tr style=\"height: 48px\">\n<td style=\"background-color: #ffe1bf;width: 217.7px;text-align: right;height: 48px\"><span style=\"color: #000000\">22 de septiembre de 2026:<\/span><\/td>\n<td style=\"background-color: #ffe1bf;width: 217.7px;text-align: left;height: 48px\"><span style=\"color: #000000\">Publicaci\u00f3n de vacantes resultantes en cursos distintos de 1\u00ba una vez finalizado el periodo ordinario de matriculaci\u00f3n.<\/span><\/td>\n<\/tr>\n<tr style=\"height: 48px\">\n<td style=\"background-color: #ffc380;width: 217.7px;text-align: right;height: 48px\"><span style=\"color: #000000\"><strong>Hasta el final del 2\u00ba trimestre:<br \/>\n<\/strong><\/span><\/td>\n<td style=\"background-color: #ffc380;width: 1139.3px;text-align: left;height: 48px\"><span style=\"color: #000000\"><strong>De producirse nuevas vacantes, PLAZO PARA TRASLADO DE MATR\u00cdCULA.<br \/>\n<\/strong><\/span><\/td>\n<\/tr>\n<\/tbody>\n<\/table>\n<p>&nbsp;<\/p>\n<p><strong><u>NOTA IMPORTANTE:<\/u><\/strong> Los plazos rese\u00f1ados en negrita corresponden a tr\u00e1mites de obligado cumplimiento. Por lo tanto, la Direcci\u00f3n del Centro recomienda confirmar cada uno de ellos con varios d\u00edas de antelaci\u00f3n, bien por tel\u00e9fono (955 623 348 \/ 955 623 349 \/ 671 599 583) como en los tablones de anuncios del Conservatorio y de esta p\u00e1gina web. En todos los plazos, el primer y \u00faltimo d\u00eda rese\u00f1ado se consideran incluidos en dicho plazo.<\/p>\n<p>Para m\u00e1s informaci\u00f3n, puede contactar con nosotros en los tel\u00e9fonos mencionados en el p\u00e1rrafo anterior y en la propia secretar\u00eda del conservatorio, en la Plaza del Doctor Barraquer, s\/n, o a trav\u00e9s de nuestro <a href=\"https:\/\/blogsaverroes.juntadeandalucia.es\/conservatoriomacarena\/formulario-de-contacto\/\">formulario de contacto<\/a>.<\/p>\n","protected":false},"excerpt":{"rendered":"<p>Se podr\u00e1 solicitar un traslado de matr\u00edcula por cambio de localidad de residencia y la solicitud deber\u00e1 presentarse en el centro docente donde el alumno pretende ser admitido (Solicitud de plaza por traslado de matr\u00edcula).&#46;&#46;&#46;<\/p>\n","protected":false},"author":5168,"featured_media":0,"parent":298,"menu_order":5,"comment_status":"closed","ping_status":"closed","template":"","meta":{"ngg_post_thumbnail":0,"footnotes":""},"aioseo_notices":[],"_links":{"self":[{"href":"https:\/\/blogsaverroes.juntadeandalucia.es\/conservatoriomacarena\/wp-json\/wp\/v2\/pages\/348"}],"collection":[{"href":"https:\/\/blogsaverroes.juntadeandalucia.es\/conservatoriomacarena\/wp-json\/wp\/v2\/pages"}],"about":[{"href":"https:\/\/blogsaverroes.juntadeandalucia.es\/conservatoriomacarena\/wp-json\/wp\/v2\/types\/page"}],"author":[{"embeddable":true,"href":"https:\/\/blogsaverroes.juntadeandalucia.es\/conservatoriomacarena\/wp-json\/wp\/v2\/users\/5168"}],"replies":[{"embeddable":true,"href":"https:\/\/blogsaverroes.juntadeandalucia.es\/conservatoriomacarena\/wp-json\/wp\/v2\/comments?post=348"}],"version-history":[{"count":24,"href":"https:\/\/blogsaverroes.juntadeandalucia.es\/conservatoriomacarena\/wp-json\/wp\/v2\/pages\/348\/revisions"}],"predecessor-version":[{"id":2903,"href":"https:\/\/blogsaverroes.juntadeandalucia.es\/conservatoriomacarena\/wp-json\/wp\/v2\/pages\/348\/revisions\/2903"}],"up":[{"embeddable":true,"href":"https:\/\/blogsaverroes.juntadeandalucia.es\/conservatoriomacarena\/wp-json\/wp\/v2\/pages\/298"}],"wp:attachment":[{"href":"https:\/\/blogsaverroes.juntadeandalucia.es\/conservatoriomacarena\/wp-json\/wp\/v2\/media?parent=348"}],"curies":[{"name":"wp","href":"https:\/\/api.w.org\/{rel}","templated":true}]}}