{"id":353,"date":"2019-03-14T22:42:27","date_gmt":"2019-03-14T21:42:27","guid":{"rendered":"https:\/\/blogsaverroes.juntadeandalucia.es\/conservatoriomacarena\/?page_id=353"},"modified":"2026-04-03T04:53:07","modified_gmt":"2026-04-03T02:53:07","slug":"cambio-de-instrumento","status":"publish","type":"page","link":"https:\/\/blogsaverroes.juntadeandalucia.es\/conservatoriomacarena\/inscripcion-matricula\/cambio-de-instrumento\/","title":{"rendered":"Cambio de instrumento"},"content":{"rendered":"<p>Para solicitar cambio de instrumento, es necesario cumplir los siguientes requisitos:<\/p>\n<ul>\n<li><strong>Realizar la matr\u00edcula para 2\u00ba curso de 1<sup>er <\/sup>ciclo del 1 al 10 de julio<\/strong> (no se permiten cambios en otros cursos).<\/li>\n<li>Presentar en la Secretar\u00eda del conservatorio o mediante la <a href=\"https:\/\/www.juntadeandalucia.es\/educacion\/secretariavirtual\/accesoTramite\/462\/\">Secretar\u00eda Virtual<\/a>, <strong>del 11 de julio al 9 de septiembre<\/strong> del a\u00f1o en curso, una solicitud a tal fin, dirigida a la Direcci\u00f3n del conservatorio y expresando de forma clara el instrumento al que se desea cambiar. Las solicitudes sobre una misma especialidad de destino ser\u00e1n atendidas en el orden que fueron registradas.<\/li>\n<li><strong>En caso de adjudicaci\u00f3n de vacante, deber\u00e1 formalizarse la matr\u00edcula <\/strong>dentro de los plazos estipulados <strong>en la secretar\u00eda del centro, en horario de secretar\u00eda <\/strong>(consultar horarios vigentes con algunos d\u00edas de antelaci\u00f3n).<br \/>\n&nbsp;<\/li>\n<\/ul>\n<p>En caso de que dicho cambio sea autorizado, estos alumnos\/as ingresar\u00e1n en 2\u00ba curso, con el 1<sup>er <\/sup>curso de instrumento como asignatura pendiente. A los efectos de los limites de permanencia, se computar\u00e1n los a\u00f1os cursados anteriormente.<\/p>\n<p>&nbsp;<\/p>\n<h2 style=\"text-align: center\">CALENDARIO DE ESCOLARIZACI\u00d3N.<\/h2>\n<table style=\"width: 100%;height: 400px\" border=\"1\" rules=\"COLS\" cellspacing=\"0\" cellpadding=\"4\">\n<tbody>\n<tr style=\"height: 56px\">\n<td style=\"background-color: #ffc380;height: 56px;text-align: right;width: 29.8942%\"><span style=\"color: #000000\">20 de marzo de 2026:<\/span><\/td>\n<td style=\"background-color: #ffc380;height: 56px;text-align: left;width: 69.9736%\"><span style=\"color: #000000\">Publicaci\u00f3n de vacantes por especialidad y curso.<\/span><\/td>\n<\/tr>\n<tr style=\"height: 96px\">\n<td style=\"background-color: #ffe1bf;height: 96px;text-align: right;width: 29.8942%\"><span style=\"color: #000000\"><strong>Del 11 de julio al 9 de septiembre de 2026:<\/strong><\/span><\/td>\n<td style=\"background-color: #ffe1bf;height: 96px;text-align: left;width: 69.9736%\">\n<p align=\"LEFT\"><span style=\"color: #000000\"><strong>Solicitud de cambio de especialidad para aquellos alumnos que hayan promocionado a 2\u00ba curso de 1<sup>er<\/sup> ciclo.<br \/>\n<\/strong><\/span><\/p>\n<p align=\"LEFT\"><span style=\"font-size: 10pt;color: #000000\"><strong>(solicitudes escritas a entregar en la secretar\u00eda del conservatorio, dirigidas al Director).<\/strong><\/span><\/p>\n<\/td>\n<\/tr>\n<tr style=\"height: 24px\">\n<td style=\"background-color: #ffc380;height: 24px;text-align: right;width: 29.8942%\"><span style=\"color: #000000\">10 de septiembre de 2026:<\/span><\/td>\n<td style=\"background-color: #ffc380;height: 24px;text-align: left;width: 69.9736%\"><span style=\"color: #000000\">1\u00aa actualizaci\u00f3n de vacantes para cursos distintos de 1\u00ba.<\/span><\/td>\n<\/tr>\n<tr style=\"height: 48px\">\n<td style=\"text-align: right;background-color: #ffe1bf;height: 48px;width: 29.8942%\"><span style=\"color: #000000\">22 de septiembre de 2026:<\/span><\/td>\n<td style=\"text-align: left;background-color: #ffe1bf;height: 48px;width: 69.9736%\"><span style=\"color: #000000\">2\u00aa actualizaci\u00f3n de vacantes para cursos distintos de 1\u00ba.<\/span><\/td>\n<\/tr>\n<tr style=\"height: 80.8667px\">\n<td style=\"height: 80px;text-align: right;background-color: #ffc380;width: 29.8942%\"><span style=\"color: #000000\"><strong>Del 22 al 23 de septiembre de 2026:<\/strong><\/span><\/td>\n<td style=\"height: 80px;text-align: left;background-color: #ffc380;width: 69.9736%\"><span style=\"color: #000000\"><strong>PLAZO DE MATR\u00cdCULA EN CURSOS DISTINTOS DE 1\u00ba para las solicitudes <span style=\"color: #993300\">admitidas <\/span>de cambio de instrumento.<\/strong><\/span><\/td>\n<\/tr>\n<\/tbody>\n<\/table>\n<p>&nbsp;<\/p>\n<p><strong><u>NOTA IMPORTANTE:<\/u><\/strong> Los plazos rese\u00f1ados en negrita corresponden a tr\u00e1mites de obligado cumplimiento. Por lo tanto, la Direcci\u00f3n del Centro recomienda confirmar cada uno de ellos con varios d\u00edas de antelaci\u00f3n, bien por tel\u00e9fono (955 623 348 \/ 955 623 349 \/ 671 599 583) como en los tablones de anuncios del Conservatorio y de esta p\u00e1gina web. En todos los plazos, el primer y \u00faltimo d\u00eda rese\u00f1ado se consideran incluidos en dicho plazo.<\/p>\n<p>Para m\u00e1s informaci\u00f3n, puede contactar con nosotros en los tel\u00e9fonos mencionados en el p\u00e1rrafo anterior y en la propia secretar\u00eda del conservatorio, en la Plaza del Doctor Barraquer, s\/n, o a trav\u00e9s de nuestro <a href=\"https:\/\/blogsaverroes.juntadeandalucia.es\/conservatoriomacarena\/formulario-de-contacto\/\">formulario de contacto<\/a>.<\/p>\n","protected":false},"excerpt":{"rendered":"<p>Para solicitar cambio de instrumento, es necesario cumplir los siguientes requisitos: Realizar la matr\u00edcula para 2\u00ba curso de 1er ciclo del 1 al 10 de julio (no se permiten cambios en otros cursos). Presentar en&#46;&#46;&#46;<\/p>\n","protected":false},"author":5168,"featured_media":0,"parent":298,"menu_order":6,"comment_status":"closed","ping_status":"closed","template":"","meta":{"ngg_post_thumbnail":0,"footnotes":""},"aioseo_notices":[],"_links":{"self":[{"href":"https:\/\/blogsaverroes.juntadeandalucia.es\/conservatoriomacarena\/wp-json\/wp\/v2\/pages\/353"}],"collection":[{"href":"https:\/\/blogsaverroes.juntadeandalucia.es\/conservatoriomacarena\/wp-json\/wp\/v2\/pages"}],"about":[{"href":"https:\/\/blogsaverroes.juntadeandalucia.es\/conservatoriomacarena\/wp-json\/wp\/v2\/types\/page"}],"author":[{"embeddable":true,"href":"https:\/\/blogsaverroes.juntadeandalucia.es\/conservatoriomacarena\/wp-json\/wp\/v2\/users\/5168"}],"replies":[{"embeddable":true,"href":"https:\/\/blogsaverroes.juntadeandalucia.es\/conservatoriomacarena\/wp-json\/wp\/v2\/comments?post=353"}],"version-history":[{"count":25,"href":"https:\/\/blogsaverroes.juntadeandalucia.es\/conservatoriomacarena\/wp-json\/wp\/v2\/pages\/353\/revisions"}],"predecessor-version":[{"id":2904,"href":"https:\/\/blogsaverroes.juntadeandalucia.es\/conservatoriomacarena\/wp-json\/wp\/v2\/pages\/353\/revisions\/2904"}],"up":[{"embeddable":true,"href":"https:\/\/blogsaverroes.juntadeandalucia.es\/conservatoriomacarena\/wp-json\/wp\/v2\/pages\/298"}],"wp:attachment":[{"href":"https:\/\/blogsaverroes.juntadeandalucia.es\/conservatoriomacarena\/wp-json\/wp\/v2\/media?parent=353"}],"curies":[{"name":"wp","href":"https:\/\/api.w.org\/{rel}","templated":true}]}}