{"id":390,"date":"2019-03-14T23:21:54","date_gmt":"2019-03-14T22:21:54","guid":{"rendered":"https:\/\/blogsaverroes.juntadeandalucia.es\/conservatoriomacarena\/?page_id=390"},"modified":"2024-12-20T13:30:46","modified_gmt":"2024-12-20T12:30:46","slug":"documentacion","status":"publish","type":"page","link":"https:\/\/blogsaverroes.juntadeandalucia.es\/conservatoriomacarena\/secretaria\/documentacion\/","title":{"rendered":"Documentaci\u00f3n"},"content":{"rendered":"<h5>PLAN DE CENTRO &#8211; CURSO 2024\/2025.<\/h5>\n<ul>\n<li><strong><a href=\"https:\/\/blogsaverroes.juntadeandalucia.es\/conservatoriomacarena\/files\/2024\/12\/Proyecto-educativo-noviembre-2024.pdf\">PROYECTO EDUCATIVO &#8211; (documento principal).<\/a><\/strong>\n<ul>\n<li><a href=\"https:\/\/blogsaverroes.juntadeandalucia.es\/conservatoriomacarena\/files\/2024\/12\/Proyecto-educativo-Anexo-I-Plan-de-convivencia.pdf\">Anexo 1 &#8211; Plan de convivencia.<\/a><\/li>\n<li>Anexo 2: Programaciones did\u00e1cticas:\n<ul>\n<li><a href=\"https:\/\/blogsaverroes.juntadeandalucia.es\/conservatoriomacarena\/files\/2024\/12\/Proyecto-educativo-Anexo-IIA-Programaciones-departamento-de-cuerda-arco.pdf\">Anexo 2a &#8211; Programaci\u00f3n departamento de cuerda arco.<\/a><\/li>\n<li><a href=\"https:\/\/blogsaverroes.juntadeandalucia.es\/conservatoriomacarena\/files\/2024\/12\/Proyecto-educativo-Anexo-IIB-Programacion-departamento-de-viento-madera.pdf\">Anexo 2b &#8211; Programaci\u00f3n departamento de viento madera.<\/a><\/li>\n<li><a href=\"https:\/\/blogsaverroes.juntadeandalucia.es\/conservatoriomacarena\/files\/2024\/12\/Proyecto-educativo-Anexo-IIC-Programacion-departamento-de-instrumentos-polifonicos.pdf\">Anexo 2c &#8211; Programaci\u00f3n departamento de instrumentos polif\u00f3nicos.<\/a><\/li>\n<li><a href=\"https:\/\/blogsaverroes.juntadeandalucia.es\/conservatoriomacarena\/files\/2024\/12\/Proyecto-educativo-Anexo-IID-Programacion-departamento-lenguaje-musical.pdf\">Anexo 2d &#8211; Programaci\u00f3n departamento lenguaje musical.<\/a><\/li>\n<\/ul>\n<\/li>\n<li><a href=\"https:\/\/blogsaverroes.juntadeandalucia.es\/conservatoriomacarena\/files\/2024\/12\/Proyecto-educativo-Anexo-III-Pruebas-de-acceso.pdf\">Anexo 3 &#8211; Pruebas de acceso a cursos distintos de 1\u00ba.<\/a><\/li>\n<li><a href=\"https:\/\/blogsaverroes.juntadeandalucia.es\/conservatoriomacarena\/files\/2024\/12\/Proyecto-educativo-Anexo-IV-Actividades-extraescolares.pdf\">Anexo 4 &#8211; Actividades extraescolares.<\/a><\/li>\n<li>Anexo 5: Departamento de Orientaci\u00f3n, Formaci\u00f3n. Evaluaci\u00f3n e Innovaci\u00f3n:\n<ul>\n<li><a href=\"https:\/\/blogsaverroes.juntadeandalucia.es\/conservatoriomacarena\/files\/2024\/12\/Proyecto-educativo-Anexo-Va-Programacion-DOFEIE.pdf\">Anexo 5a &#8211; Programaci\u00f3n DOFEIE.<\/a><\/li>\n<li><a href=\"https:\/\/blogsaverroes.juntadeandalucia.es\/conservatoriomacarena\/files\/2024\/12\/Proyecto-educativo-Anexo-Vb-Plan-de-formacion.pdf\">Anexo 5b &#8211; Plan de formaci\u00f3n.<\/a><\/li>\n<\/ul>\n<\/li>\n<li><a href=\"https:\/\/blogsaverroes.juntadeandalucia.es\/conservatoriomacarena\/files\/2024\/12\/Proyecto-educativo-Anexo-VI-Tipologia-de-alumnado-con-NEAE.pdf\">Anexo VI &#8211; Tipolog\u00eda de alumnado con NEAE.<\/a><\/li>\n<\/ul>\n<\/li>\n<\/ul>\n<ul>\n<li><a href=\"https:\/\/blogsaverroes.juntadeandalucia.es\/conservatoriomacarena\/files\/2024\/12\/Reglamento-de-Organizacion-y-Funcionamiento.pdf\"><strong>REGLAMENTO DE ORGANIZACI\u00d3N Y FUNCIONAMIENTO (documento principal).<\/strong><\/a>\n<ul>\n<li><a href=\"https:\/\/blogsaverroes.juntadeandalucia.es\/conservatoriomacarena\/files\/2024\/12\/PLAN-DE-EMERGENCIA-2024-2025.pdf\">Anexo 1: Plan de emergencia.<\/a><\/li>\n<\/ul>\n<\/li>\n<\/ul>\n<ul>\n<li><a href=\"https:\/\/blogsaverroes.juntadeandalucia.es\/conservatoriomacarena\/files\/2024\/12\/Proyecto-de-gestion.pdf\"><strong>PROYECTO DE GESTI\u00d3N (documento principal).<\/strong><\/a><\/li>\n<\/ul>\n<p>&nbsp;<\/p>\n","protected":false},"excerpt":{"rendered":"<p>PLAN DE CENTRO &#8211; CURSO 2024\/2025. PROYECTO EDUCATIVO &#8211; (documento principal). Anexo 1 &#8211; Plan de convivencia. Anexo 2: Programaciones did\u00e1cticas: Anexo 2a &#8211; Programaci\u00f3n departamento de cuerda arco. Anexo 2b &#8211; Programaci\u00f3n departamento de&#46;&#46;&#46;<\/p>\n","protected":false},"author":5168,"featured_media":0,"parent":393,"menu_order":3,"comment_status":"closed","ping_status":"closed","template":"","meta":{"ngg_post_thumbnail":0,"footnotes":""},"aioseo_notices":[],"_links":{"self":[{"href":"https:\/\/blogsaverroes.juntadeandalucia.es\/conservatoriomacarena\/wp-json\/wp\/v2\/pages\/390"}],"collection":[{"href":"https:\/\/blogsaverroes.juntadeandalucia.es\/conservatoriomacarena\/wp-json\/wp\/v2\/pages"}],"about":[{"href":"https:\/\/blogsaverroes.juntadeandalucia.es\/conservatoriomacarena\/wp-json\/wp\/v2\/types\/page"}],"author":[{"embeddable":true,"href":"https:\/\/blogsaverroes.juntadeandalucia.es\/conservatoriomacarena\/wp-json\/wp\/v2\/users\/5168"}],"replies":[{"embeddable":true,"href":"https:\/\/blogsaverroes.juntadeandalucia.es\/conservatoriomacarena\/wp-json\/wp\/v2\/comments?post=390"}],"version-history":[{"count":18,"href":"https:\/\/blogsaverroes.juntadeandalucia.es\/conservatoriomacarena\/wp-json\/wp\/v2\/pages\/390\/revisions"}],"predecessor-version":[{"id":828,"href":"https:\/\/blogsaverroes.juntadeandalucia.es\/conservatoriomacarena\/wp-json\/wp\/v2\/pages\/390\/revisions\/828"}],"up":[{"embeddable":true,"href":"https:\/\/blogsaverroes.juntadeandalucia.es\/conservatoriomacarena\/wp-json\/wp\/v2\/pages\/393"}],"wp:attachment":[{"href":"https:\/\/blogsaverroes.juntadeandalucia.es\/conservatoriomacarena\/wp-json\/wp\/v2\/media?parent=390"}],"curies":[{"name":"wp","href":"https:\/\/api.w.org\/{rel}","templated":true}]}}

Documentación

<h5>PLAN DE CENTRO &#8211; CURSO 2024/2025.</h5>
<ul>
<li><strong><a href="https://blogsaverroes.juntadeandalucia.es/conservatoriomacarena/files/2024/12/Proyecto-educativo-noviembre-2024.pdf">PROYECTO EDUCATIVO &#8211; (documento principal).</a></strong>
<ul>
<li><a href="https://blogsaverroes.juntadeandalucia.es/conservatoriomacarena/files/2024/12/Proyecto-educativo-Anexo-I-Plan-de-convivencia.pdf">Anexo 1 &#8211; Plan de convivencia.</a></li>
<li>Anexo 2: Programaciones didácticas:
<ul>
<li><a href="https://blogsaverroes.juntadeandalucia.es/conservatoriomacarena/files/2024/12/Proyecto-educativo-Anexo-IIA-Programaciones-departamento-de-cuerda-arco.pdf">Anexo 2a &#8211; Programación departamento de cuerda arco.</a></li>
<li><a href="https://blogsaverroes.juntadeandalucia.es/conservatoriomacarena/files/2024/12/Proyecto-educativo-Anexo-IIB-Programacion-departamento-de-viento-madera.pdf">Anexo 2b &#8211; Programación departamento de viento madera.</a></li>
<li><a href="https://blogsaverroes.juntadeandalucia.es/conservatoriomacarena/files/2024/12/Proyecto-educativo-Anexo-IIC-Programacion-departamento-de-instrumentos-polifonicos.pdf">Anexo 2c &#8211; Programación departamento de instrumentos polifónicos.</a></li>
<li><a href="https://blogsaverroes.juntadeandalucia.es/conservatoriomacarena/files/2024/12/Proyecto-educativo-Anexo-IID-Programacion-departamento-lenguaje-musical.pdf">Anexo 2d &#8211; Programación departamento lenguaje musical.</a></li>
</ul>
</li>
<li><a href="https://blogsaverroes.juntadeandalucia.es/conservatoriomacarena/files/2024/12/Proyecto-educativo-Anexo-III-Pruebas-de-acceso.pdf">Anexo 3 &#8211; Pruebas de acceso a cursos distintos de 1º.</a></li>
<li><a href="https://blogsaverroes.juntadeandalucia.es/conservatoriomacarena/files/2024/12/Proyecto-educativo-Anexo-IV-Actividades-extraescolares.pdf">Anexo 4 &#8211; Actividades extraescolares.</a></li>
<li>Anexo 5: Departamento de Orientación, Formación. Evaluación e Innovación:
<ul>
<li><a href="https://blogsaverroes.juntadeandalucia.es/conservatoriomacarena/files/2024/12/Proyecto-educativo-Anexo-Va-Programacion-DOFEIE.pdf">Anexo 5a &#8211; Programación DOFEIE.</a></li>
<li><a href="https://blogsaverroes.juntadeandalucia.es/conservatoriomacarena/files/2024/12/Proyecto-educativo-Anexo-Vb-Plan-de-formacion.pdf">Anexo 5b &#8211; Plan de formación.</a></li>
</ul>
</li>
<li><a href="https://blogsaverroes.juntadeandalucia.es/conservatoriomacarena/files/2024/12/Proyecto-educativo-Anexo-VI-Tipologia-de-alumnado-con-NEAE.pdf">Anexo VI &#8211; Tipología de alumnado con NEAE.</a></li>
</ul>
</li>
</ul>
<ul>
<li><a href="https://blogsaverroes.juntadeandalucia.es/conservatoriomacarena/files/2024/12/Reglamento-de-Organizacion-y-Funcionamiento.pdf"><strong>REGLAMENTO DE ORGANIZACIÓN Y FUNCIONAMIENTO (documento principal).</strong></a>
<ul>
<li><a href="https://blogsaverroes.juntadeandalucia.es/conservatoriomacarena/files/2024/12/PLAN-DE-EMERGENCIA-2024-2025.pdf">Anexo 1: Plan de emergencia.</a></li>
</ul>
</li>
</ul>
<ul>
<li><a href="https://blogsaverroes.juntadeandalucia.es/conservatoriomacarena/files/2024/12/Proyecto-de-gestion.pdf"><strong>PROYECTO DE GESTIÓN (documento principal).</strong></a></li>
</ul>
<p>&nbsp;</p>

<p>PLAN DE CENTRO &#8211; CURSO 2024/2025. PROYECTO EDUCATIVO &#8211; (documento principal). Anexo 1 &#8211; Plan de convivencia. Anexo 2: Programaciones didácticas: Anexo 2a &#8211; Programación departamento de cuerda arco. Anexo 2b &#8211; Programación departamento de&#46;&#46;&#46;</p>
