{"id":411,"date":"2019-03-18T01:45:40","date_gmt":"2019-03-18T00:45:40","guid":{"rendered":"https:\/\/blogsaverroes.juntadeandalucia.es\/conservatoriomacarena\/?page_id=411"},"modified":"2020-02-10T13:13:23","modified_gmt":"2020-02-10T12:13:23","slug":"actividades","status":"publish","type":"page","link":"https:\/\/blogsaverroes.juntadeandalucia.es\/conservatoriomacarena\/actividades\/","title":{"rendered":"Actividades"},"content":{"rendered":"<p>El departamento de extensi\u00f3n cultural y promoci\u00f3n art\u00edstica organiza la oferta de actividades para cada curso escolar, colaborando en ellas la Asociaci\u00f3n de Madres y Padres de alumnos \u00abHermanos Font de Anta\u00bb.<\/p>\n<p>La oferta regular de actividades se compone de:<\/p>\n<ul style=\"list-style-type: disc\">\n<li>Audiciones trimestrales de alumnos.<\/li>\n<li>Conciertos tem\u00e1ticos o conmemorativos.\n<ul style=\"list-style-type: disc\">\n<li>Concierto de bienvenida al nuevo alumnado.<\/li>\n<li>Santa Cecilia.<\/li>\n<li>D\u00eda de Andaluc\u00eda.<\/li>\n<\/ul>\n<\/li>\n<li>Concurso de J\u00f3venes Instrumentistas.<\/li>\n<li>Semana cultural.<\/li>\n<li>Campamento orquestal del Conservatorio \u00abMacarena\u00bb.<\/li>\n<\/ul>\n<p>Esta oferta se complementa con otras actividades organizadas de manera puntual en cada curso escolar. De todas ellas ten\u00e9is informaci\u00f3n m\u00e1s detallada en las subsecciones de este men\u00fa.<\/p>\n","protected":false},"excerpt":{"rendered":"<p>El departamento de extensi\u00f3n cultural y promoci\u00f3n art\u00edstica organiza la oferta de actividades para cada curso escolar, colaborando en ellas la Asociaci\u00f3n de Madres y Padres de alumnos \u00abHermanos Font de Anta\u00bb. La oferta regular&#46;&#46;&#46;<\/p>\n","protected":false},"author":5168,"featured_media":0,"parent":0,"menu_order":6,"comment_status":"closed","ping_status":"closed","template":"","meta":{"ngg_post_thumbnail":0,"footnotes":""},"aioseo_notices":[],"_links":{"self":[{"href":"https:\/\/blogsaverroes.juntadeandalucia.es\/conservatoriomacarena\/wp-json\/wp\/v2\/pages\/411"}],"collection":[{"href":"https:\/\/blogsaverroes.juntadeandalucia.es\/conservatoriomacarena\/wp-json\/wp\/v2\/pages"}],"about":[{"href":"https:\/\/blogsaverroes.juntadeandalucia.es\/conservatoriomacarena\/wp-json\/wp\/v2\/types\/page"}],"author":[{"embeddable":true,"href":"https:\/\/blogsaverroes.juntadeandalucia.es\/conservatoriomacarena\/wp-json\/wp\/v2\/users\/5168"}],"replies":[{"embeddable":true,"href":"https:\/\/blogsaverroes.juntadeandalucia.es\/conservatoriomacarena\/wp-json\/wp\/v2\/comments?post=411"}],"version-history":[{"count":2,"href":"https:\/\/blogsaverroes.juntadeandalucia.es\/conservatoriomacarena\/wp-json\/wp\/v2\/pages\/411\/revisions"}],"predecessor-version":[{"id":874,"href":"https:\/\/blogsaverroes.juntadeandalucia.es\/conservatoriomacarena\/wp-json\/wp\/v2\/pages\/411\/revisions\/874"}],"wp:attachment":[{"href":"https:\/\/blogsaverroes.juntadeandalucia.es\/conservatoriomacarena\/wp-json\/wp\/v2\/media?parent=411"}],"curies":[{"name":"wp","href":"https:\/\/api.w.org\/{rel}","templated":true}]}}

<p>El departamento de extensión cultural y promoción artística organiza la oferta de actividades para cada curso escolar, colaborando en ellas la Asociación de Madres y Padres de alumnos «Hermanos Font de Anta».</p>
<p>La oferta regular de actividades se compone de:</p>
<ul style="list-style-type: disc">
<li>Audiciones trimestrales de alumnos.</li>
<li>Conciertos temáticos o conmemorativos.
<ul style="list-style-type: disc">
<li>Concierto de bienvenida al nuevo alumnado.</li>
<li>Santa Cecilia.</li>
<li>Día de Andalucía.</li>
</ul>
</li>
<li>Concurso de Jóvenes Instrumentistas.</li>
<li>Semana cultural.</li>
<li>Campamento orquestal del Conservatorio «Macarena».</li>
</ul>
<p>Esta oferta se complementa con otras actividades organizadas de manera puntual en cada curso escolar. De todas ellas tenéis información más detallada en las subsecciones de este menú.</p>

<p>El departamento de extensión cultural y promoción artística organiza la oferta de actividades para cada curso escolar, colaborando en ellas la Asociación de Madres y Padres de alumnos «Hermanos Font de Anta». La oferta regular&#46;&#46;&#46;</p>
