{"id":1177,"date":"2019-10-28T09:41:40","date_gmt":"2019-10-28T09:41:40","guid":{"rendered":"https:\/\/blogsaverroes.juntadeandalucia.es\/constribuyendo\/?page_id=1177"},"modified":"2019-10-28T09:52:22","modified_gmt":"2019-10-28T09:52:22","slug":"ceip-maestra-teresa-morales","status":"publish","type":"page","link":"https:\/\/blogsaverroes.juntadeandalucia.es\/constribuyendo\/ceip-maestra-teresa-morales\/","title":{"rendered":"CEIP Maestra Teresa Morales"},"content":{"rendered":"<p style=\"text-align: justify\">Hola a tod@s!!! &#8230;. Mi nombre es Silvia Reyes, y soy la directora del CEIP MAESTRA TERESA MORALES<\/p>\n<p style=\"text-align: justify\">En esta presentaci\u00f3n me gustar\u00eda contaros que somos un centro de nueva creaci\u00f3n en Maracena, de hecho hasta ahora solo hab\u00edamos tenido alumnado de educaci\u00f3n infantil, y comenzamos este curso escolar creciendo\u2026siendo un cole de una l\u00ednea de E.Infantil y Primaria.<\/p>\n<p style=\"text-align: justify\">Me encanta, formar parte de los primeros pasos de un nuevo centro, porque creo firmemente que la educaci\u00f3n es el motor que rompe m\u00e1s desigualdades. Pero, &nbsp;cuidado!!, hablo de una educaci\u00f3n en un sentido completo, no en el meramente curricular. Hablo de una educaci\u00f3n:<\/p>\n<ul style=\"text-align: justify\">\n<li>Que facilite las herramientas para ver, comprender y analizar la realidad que sucede a nuestro alrededor para poder intervenir. Herramientas que lleven no solo al \u00e9xito acad\u00e9mico, sino al \u00e9xito vital.<\/li>\n<li>Que de voz al alumnado, despertando la curiosidad ante nuevos retos buscando la funcionalidad de lo que aprenden en su d\u00eda a d\u00eda.<\/li>\n<li>Que sea capaz de potenciar el esp\u00edritu cr\u00edtico y emprendedor para contrastar, cuestionar y actuar.<\/li>\n<li>Que fomente el trabajo en equipo frente al individualismo.<\/li>\n<li>Que trabaje tambi\u00e9n la inteligencia emocional, para ser capaz de conocerse, aceptarse, ponerse en el lugar de los dem\u00e1s \u2026<\/li>\n<li>Que sea tolerante, solidaria, igualitaria&#8230;<\/li>\n<\/ul>\n<p style=\"text-align: justify\">Desde esta perspectiva, como ver\u00e9is nos resulta muy f\u00e1cil unirnos a &#8216;Escuelas que Constribuyen 2030&#8217;, porque nuestros\u201d futuros ciudadanos\u201d no tienen por qu\u00e9 esperar a su vida adulta para observar y actuar ante lo que sucede a su alrededor si&nbsp; les damos la mano para ello.<\/p>\n<p style=\"text-align: justify\">Desde el CEIP Maestra Teresa Morales queremos que las ni\u00f1as y los ni\u00f1os sean agentes de transformaci\u00f3n que, desde acciones a nivel local, contribuyan a un impacto global. Para ello, trabajaremos desde el conocimiento, la sensibilizaci\u00f3n y la acci\u00f3n de los ODS, siguiendo la estrategia propuesta por Naciones Unidas para lograr el cumplimiento de los 17 objetivos:<\/p>\n<p style=\"text-align: justify\">\u2013<strong>Conocimiento<\/strong>: el acercamiento de los ODS mediante &nbsp;el trabajo en el aula para su comprensi\u00f3n.<\/p>\n<p style=\"text-align: justify\">\u2013<strong>Sensibilizaci\u00f3n<\/strong>: empoderar a l@s docentes y a los ni\u00f1os y ni\u00f1as para que comuniquen los ODS en nuestra comunidad (familias, amigos, etc.) y puedan aportar.<\/p>\n<p style=\"text-align: justify\">\u2013<strong>Acci\u00f3n<\/strong>: propuestas educativas encaminadas a realizar actividades e iniciativas que contribuyan al cumplimiento de los ODS de nuestro entorno m\u00e1s cercano.<\/p>\n<p style=\"text-align: justify\">Actuaremos&nbsp; directamente desde el ODS 4, Educaci\u00f3n de Calidad, y es precisamente \u00e9sta, nuestra mejor contribuci\u00f3n al cumplimiento de los 16 restantes.\u201d\u2026<\/p>\n<p style=\"text-align: justify\">\u2026.Estamos en marcha, as\u00ed que os iremos contando nuestras &nbsp;intervenciones a trav\u00e9s de las&nbsp; publicaciones en esta &nbsp;p\u00e1gina, donde seguro, coincidiremos de nuevo.<\/p>\n<p style=\"text-align: justify\">A por ello\u2026.\u201dmuchas peque\u00f1as cosas mueven grandes proyectos\u201d.<\/p>\n<p><img loading=\"lazy\" decoding=\"async\" class=\"aligncenter wp-image-1180 size-large\" src=\"https:\/\/blogsaverroes.juntadeandalucia.es\/constribuyendo\/files\/2019\/10\/IMG_20191025_123442-e1572256218166-1024x525.jpg\" alt=\"\" width=\"1024\" height=\"525\" srcset=\"https:\/\/blogsaverroes.juntadeandalucia.es\/constribuyendo\/files\/2019\/10\/IMG_20191025_123442-e1572256218166-1024x525.jpg 1024w, https:\/\/blogsaverroes.juntadeandalucia.es\/constribuyendo\/files\/2019\/10\/IMG_20191025_123442-e1572256218166-300x154.jpg 300w, https:\/\/blogsaverroes.juntadeandalucia.es\/constribuyendo\/files\/2019\/10\/IMG_20191025_123442-e1572256218166-768x394.jpg 768w, https:\/\/blogsaverroes.juntadeandalucia.es\/constribuyendo\/files\/2019\/10\/IMG_20191025_123442-e1572256218166-24x12.jpg 24w, https:\/\/blogsaverroes.juntadeandalucia.es\/constribuyendo\/files\/2019\/10\/IMG_20191025_123442-e1572256218166-36x18.jpg 36w, https:\/\/blogsaverroes.juntadeandalucia.es\/constribuyendo\/files\/2019\/10\/IMG_20191025_123442-e1572256218166-48x25.jpg 48w, https:\/\/blogsaverroes.juntadeandalucia.es\/constribuyendo\/files\/2019\/10\/IMG_20191025_123442-e1572256218166.jpg 1528w\" sizes=\"(max-width: 1024px) 100vw, 1024px\" \/><\/p>\n","protected":false},"excerpt":{"rendered":"<p>Hola a tod@s!!! &#8230;. Mi nombre es Silvia Reyes, y soy la directora del CEIP MAESTRA TERESA MORALES En esta presentaci\u00f3n me gustar\u00eda contaros que somos un centro de nueva creaci\u00f3n en Maracena, de hecho hasta ahora solo hab\u00edamos tenido alumnado de educaci\u00f3n infantil, y comenzamos este curso escolar creciendo\u2026siendo&#46;&#46;&#46;<\/p>\n","protected":false},"author":4031,"featured_media":0,"parent":0,"menu_order":0,"comment_status":"closed","ping_status":"closed","template":"","meta":{"ngg_post_thumbnail":0,"footnotes":""},"aioseo_notices":[],"_links":{"self":[{"href":"https:\/\/blogsaverroes.juntadeandalucia.es\/constribuyendo\/wp-json\/wp\/v2\/pages\/1177"}],"collection":[{"href":"https:\/\/blogsaverroes.juntadeandalucia.es\/constribuyendo\/wp-json\/wp\/v2\/pages"}],"about":[{"href":"https:\/\/blogsaverroes.juntadeandalucia.es\/constribuyendo\/wp-json\/wp\/v2\/types\/page"}],"author":[{"embeddable":true,"href":"https:\/\/blogsaverroes.juntadeandalucia.es\/constribuyendo\/wp-json\/wp\/v2\/users\/4031"}],"replies":[{"embeddable":true,"href":"https:\/\/blogsaverroes.juntadeandalucia.es\/constribuyendo\/wp-json\/wp\/v2\/comments?post=1177"}],"version-history":[{"count":4,"href":"https:\/\/blogsaverroes.juntadeandalucia.es\/constribuyendo\/wp-json\/wp\/v2\/pages\/1177\/revisions"}],"predecessor-version":[{"id":1183,"href":"https:\/\/blogsaverroes.juntadeandalucia.es\/constribuyendo\/wp-json\/wp\/v2\/pages\/1177\/revisions\/1183"}],"wp:attachment":[{"href":"https:\/\/blogsaverroes.juntadeandalucia.es\/constribuyendo\/wp-json\/wp\/v2\/media?parent=1177"}],"curies":[{"name":"wp","href":"https:\/\/api.w.org\/{rel}","templated":true}]}}

<p style="text-align: justify">Hola a tod@s!!! &#8230;. Mi nombre es Silvia Reyes, y soy la directora del CEIP MAESTRA TERESA MORALES</p>
<p style="text-align: justify">En esta presentación me gustaría contaros que somos un centro de nueva creación en Maracena, de hecho hasta ahora solo habíamos tenido alumnado de educación infantil, y comenzamos este curso escolar creciendo…siendo un cole de una línea de E.Infantil y Primaria.</p>
<p style="text-align: justify">Me encanta, formar parte de los primeros pasos de un nuevo centro, porque creo firmemente que la educación es el motor que rompe más desigualdades. Pero, &nbsp;cuidado!!, hablo de una educación en un sentido completo, no en el meramente curricular. Hablo de una educación:</p>
<ul style="text-align: justify">
<li>Que facilite las herramientas para ver, comprender y analizar la realidad que sucede a nuestro alrededor para poder intervenir. Herramientas que lleven no solo al éxito académico, sino al éxito vital.</li>
<li>Que de voz al alumnado, despertando la curiosidad ante nuevos retos buscando la funcionalidad de lo que aprenden en su día a día.</li>
<li>Que sea capaz de potenciar el espíritu crítico y emprendedor para contrastar, cuestionar y actuar.</li>
<li>Que fomente el trabajo en equipo frente al individualismo.</li>
<li>Que trabaje también la inteligencia emocional, para ser capaz de conocerse, aceptarse, ponerse en el lugar de los demás …</li>
<li>Que sea tolerante, solidaria, igualitaria&#8230;</li>
</ul>
<p style="text-align: justify">Desde esta perspectiva, como veréis nos resulta muy fácil unirnos a &#8216;Escuelas que Constribuyen 2030&#8217;, porque nuestros” futuros ciudadanos” no tienen por qué esperar a su vida adulta para observar y actuar ante lo que sucede a su alrededor si&nbsp; les damos la mano para ello.</p>
<p style="text-align: justify">Desde el CEIP Maestra Teresa Morales queremos que las niñas y los niños sean agentes de transformación que, desde acciones a nivel local, contribuyan a un impacto global. Para ello, trabajaremos desde el conocimiento, la sensibilización y la acción de los ODS, siguiendo la estrategia propuesta por Naciones Unidas para lograr el cumplimiento de los 17 objetivos:</p>
<p style="text-align: justify">–<strong>Conocimiento</strong>: el acercamiento de los ODS mediante &nbsp;el trabajo en el aula para su comprensión.</p>
<p style="text-align: justify">–<strong>Sensibilización</strong>: empoderar a l@s docentes y a los niños y niñas para que comuniquen los ODS en nuestra comunidad (familias, amigos, etc.) y puedan aportar.</p>
<p style="text-align: justify">–<strong>Acción</strong>: propuestas educativas encaminadas a realizar actividades e iniciativas que contribuyan al cumplimiento de los ODS de nuestro entorno más cercano.</p>
<p style="text-align: justify">Actuaremos&nbsp; directamente desde el ODS 4, Educación de Calidad, y es precisamente ésta, nuestra mejor contribución al cumplimiento de los 16 restantes.”…</p>
<p style="text-align: justify">….Estamos en marcha, así que os iremos contando nuestras &nbsp;intervenciones a través de las&nbsp; publicaciones en esta &nbsp;página, donde seguro, coincidiremos de nuevo.</p>
<p style="text-align: justify">A por ello….”muchas pequeñas cosas mueven grandes proyectos”.</p>
<p><img loading="lazy" decoding="async" class="aligncenter wp-image-1180 size-large" src="https://blogsaverroes.juntadeandalucia.es/constribuyendo/files/2019/10/IMG_20191025_123442-e1572256218166-1024x525.jpg" alt="" width="1024" height="525" srcset="https://blogsaverroes.juntadeandalucia.es/constribuyendo/files/2019/10/IMG_20191025_123442-e1572256218166-1024x525.jpg 1024w, https://blogsaverroes.juntadeandalucia.es/constribuyendo/files/2019/10/IMG_20191025_123442-e1572256218166-300x154.jpg 300w, https://blogsaverroes.juntadeandalucia.es/constribuyendo/files/2019/10/IMG_20191025_123442-e1572256218166-768x394.jpg 768w, https://blogsaverroes.juntadeandalucia.es/constribuyendo/files/2019/10/IMG_20191025_123442-e1572256218166-24x12.jpg 24w, https://blogsaverroes.juntadeandalucia.es/constribuyendo/files/2019/10/IMG_20191025_123442-e1572256218166-36x18.jpg 36w, https://blogsaverroes.juntadeandalucia.es/constribuyendo/files/2019/10/IMG_20191025_123442-e1572256218166-48x25.jpg 48w, https://blogsaverroes.juntadeandalucia.es/constribuyendo/files/2019/10/IMG_20191025_123442-e1572256218166.jpg 1528w" sizes="(max-width: 1024px) 100vw, 1024px" /></p>

<p>Hola a tod@s!!! &#8230;. Mi nombre es Silvia Reyes, y soy la directora del CEIP MAESTRA TERESA MORALES En esta presentación me gustaría contaros que somos un centro de nueva creación en Maracena, de hecho hasta ahora solo habíamos tenido alumnado de educación infantil, y comenzamos este curso escolar creciendo…siendo&#46;&#46;&#46;</p>
