{"id":450,"date":"2019-03-05T09:18:02","date_gmt":"2019-03-05T09:18:02","guid":{"rendered":"https:\/\/blogsaverroes.juntadeandalucia.es\/constribuyendo\/?page_id=450"},"modified":"2019-07-02T20:54:32","modified_gmt":"2019-07-02T20:54:32","slug":"escuelas-ave-maria","status":"publish","type":"page","link":"https:\/\/blogsaverroes.juntadeandalucia.es\/constribuyendo\/escuelas-ave-maria\/","title":{"rendered":"Varadero"},"content":{"rendered":"<p style=\"text-align: justify\"><span lang=\"ES\">En nuestro centro, Ave Mar\u00eda Varadero, se fomenta la pr\u00e1ctica de la vida saludable desde la Etapa de Educaci\u00f3n Infantil hasta finalizar Secundaria, desde diversos \u00e1mbitos, teniendo dos ejes vertebradores de las actividades, uno relacionado con la comida saludable y otro con la actividad f\u00edsica.&nbsp;<\/span><\/p>\n<p style=\"text-align: justify\"><span lang=\"ES\">Distinguimos dos tipos de actividades, las propias de cada ciclo educativo que oferta nuestro centro y las actividades comunes en las que participan todo el alumnado, profesores, familias y personal no docente, as\u00ed como instituciones municipales.&nbsp;<\/span><\/p>\n<p style=\"text-align: justify\"><span lang=\"ES\">El colegio inicia todas estas actividades intentando dar respuesta a problemas incipientes de obesidad que se observan a simple vista y reconducir los malos h\u00e1bitos alimenticios que detectamos a la hora del desayuno escolar. Estas actividades se llevan realizando desde hace dos cursos escolares.<\/span><\/p>\n<p><img loading=\"lazy\" decoding=\"async\" class=\"aligncenter wp-image-1071 size-full\" src=\"https:\/\/blogsaverroes.juntadeandalucia.es\/constribuyendo\/files\/2019\/07\/CELEBRANDO-EL-D\u00cdA-DE-ANDALUC\u00cdA.jpg\" alt=\"\" width=\"1024\" height=\"497\" srcset=\"https:\/\/blogsaverroes.juntadeandalucia.es\/constribuyendo\/files\/2019\/07\/CELEBRANDO-EL-D\u00cdA-DE-ANDALUC\u00cdA.jpg 1024w, https:\/\/blogsaverroes.juntadeandalucia.es\/constribuyendo\/files\/2019\/07\/CELEBRANDO-EL-D\u00cdA-DE-ANDALUC\u00cdA-300x146.jpg 300w, https:\/\/blogsaverroes.juntadeandalucia.es\/constribuyendo\/files\/2019\/07\/CELEBRANDO-EL-D\u00cdA-DE-ANDALUC\u00cdA-768x373.jpg 768w, https:\/\/blogsaverroes.juntadeandalucia.es\/constribuyendo\/files\/2019\/07\/CELEBRANDO-EL-D\u00cdA-DE-ANDALUC\u00cdA-24x12.jpg 24w, https:\/\/blogsaverroes.juntadeandalucia.es\/constribuyendo\/files\/2019\/07\/CELEBRANDO-EL-D\u00cdA-DE-ANDALUC\u00cdA-36x17.jpg 36w, https:\/\/blogsaverroes.juntadeandalucia.es\/constribuyendo\/files\/2019\/07\/CELEBRANDO-EL-D\u00cdA-DE-ANDALUC\u00cdA-48x23.jpg 48w\" sizes=\"(max-width: 1024px) 100vw, 1024px\" \/><\/p>\n<p>&nbsp;<\/p>\n<p><img loading=\"lazy\" decoding=\"async\" class=\"aligncenter wp-image-1070 size-full\" src=\"https:\/\/blogsaverroes.juntadeandalucia.es\/constribuyendo\/files\/2019\/07\/EL-COLEGIO-BAILANDO-LA-REJA-CON-NUESTROS-AMIGOS-ERASMUS.jpg\" alt=\"\" width=\"960\" height=\"720\" srcset=\"https:\/\/blogsaverroes.juntadeandalucia.es\/constribuyendo\/files\/2019\/07\/EL-COLEGIO-BAILANDO-LA-REJA-CON-NUESTROS-AMIGOS-ERASMUS.jpg 960w, https:\/\/blogsaverroes.juntadeandalucia.es\/constribuyendo\/files\/2019\/07\/EL-COLEGIO-BAILANDO-LA-REJA-CON-NUESTROS-AMIGOS-ERASMUS-300x225.jpg 300w, https:\/\/blogsaverroes.juntadeandalucia.es\/constribuyendo\/files\/2019\/07\/EL-COLEGIO-BAILANDO-LA-REJA-CON-NUESTROS-AMIGOS-ERASMUS-768x576.jpg 768w, https:\/\/blogsaverroes.juntadeandalucia.es\/constribuyendo\/files\/2019\/07\/EL-COLEGIO-BAILANDO-LA-REJA-CON-NUESTROS-AMIGOS-ERASMUS-24x18.jpg 24w, https:\/\/blogsaverroes.juntadeandalucia.es\/constribuyendo\/files\/2019\/07\/EL-COLEGIO-BAILANDO-LA-REJA-CON-NUESTROS-AMIGOS-ERASMUS-36x27.jpg 36w, https:\/\/blogsaverroes.juntadeandalucia.es\/constribuyendo\/files\/2019\/07\/EL-COLEGIO-BAILANDO-LA-REJA-CON-NUESTROS-AMIGOS-ERASMUS-48x36.jpg 48w\" sizes=\"(max-width: 960px) 100vw, 960px\" \/><\/p>\n<p>&nbsp;<\/p>\n","protected":false},"excerpt":{"rendered":"<p>En nuestro centro, Ave Mar\u00eda Varadero, se fomenta la pr\u00e1ctica de la vida saludable desde la Etapa de Educaci\u00f3n Infantil hasta finalizar Secundaria, desde diversos \u00e1mbitos, teniendo dos ejes vertebradores de las actividades, uno relacionado con la comida saludable y otro con la actividad f\u00edsica.&nbsp; Distinguimos dos tipos de actividades,&#46;&#46;&#46;<\/p>\n","protected":false},"author":4031,"featured_media":0,"parent":0,"menu_order":0,"comment_status":"closed","ping_status":"closed","template":"","meta":{"ngg_post_thumbnail":0,"footnotes":""},"aioseo_notices":[],"_links":{"self":[{"href":"https:\/\/blogsaverroes.juntadeandalucia.es\/constribuyendo\/wp-json\/wp\/v2\/pages\/450"}],"collection":[{"href":"https:\/\/blogsaverroes.juntadeandalucia.es\/constribuyendo\/wp-json\/wp\/v2\/pages"}],"about":[{"href":"https:\/\/blogsaverroes.juntadeandalucia.es\/constribuyendo\/wp-json\/wp\/v2\/types\/page"}],"author":[{"embeddable":true,"href":"https:\/\/blogsaverroes.juntadeandalucia.es\/constribuyendo\/wp-json\/wp\/v2\/users\/4031"}],"replies":[{"embeddable":true,"href":"https:\/\/blogsaverroes.juntadeandalucia.es\/constribuyendo\/wp-json\/wp\/v2\/comments?post=450"}],"version-history":[{"count":6,"href":"https:\/\/blogsaverroes.juntadeandalucia.es\/constribuyendo\/wp-json\/wp\/v2\/pages\/450\/revisions"}],"predecessor-version":[{"id":1072,"href":"https:\/\/blogsaverroes.juntadeandalucia.es\/constribuyendo\/wp-json\/wp\/v2\/pages\/450\/revisions\/1072"}],"wp:attachment":[{"href":"https:\/\/blogsaverroes.juntadeandalucia.es\/constribuyendo\/wp-json\/wp\/v2\/media?parent=450"}],"curies":[{"name":"wp","href":"https:\/\/api.w.org\/{rel}","templated":true}]}}