{"id":756,"date":"2019-05-03T09:07:12","date_gmt":"2019-05-03T09:07:12","guid":{"rendered":"https:\/\/blogsaverroes.juntadeandalucia.es\/constribuyendo\/?page_id=756"},"modified":"2019-06-15T17:39:50","modified_gmt":"2019-06-15T17:39:50","slug":"medina-elvira","status":"publish","type":"page","link":"https:\/\/blogsaverroes.juntadeandalucia.es\/constribuyendo\/medina-elvira\/","title":{"rendered":"Medina Elvira"},"content":{"rendered":"<div style=\"text-align: justify\">El CEIP Medina Elvira es un centro p\u00fablico de Educaci\u00f3n Infantil y Primaria que se encuentra en plena Vega de Granada, en la localidad de Atarfe. Nuestro alumnado proviene de distintas zonas de la localidad y el nivel sociocultural de nuestras familias es medio-bajo.&nbsp;<\/div>\n<div>&nbsp;<\/div>\n<div style=\"text-align: justify\">En el CEIP Medina Elvira hay algo que tenemos muy claro: la lucha por la igualdad es algo NO CUESTIONABLE. Por eso, desde hace ya mucho tiempo, los maestros y maestras de nuestro centro se han transformado en \u00absupermedin@s\u00bb para trabajar juntos y contribuir a la construcci\u00f3n de una sociedad m\u00e1s justa, d\u00f3nde la igualdad entre hombres y mujeres sea algo real y efectivo. Porque,&nbsp;\u00bfcu\u00e1ntas veces hab\u00e9is escuchado que para conseguir una sociedad m\u00e1s igualitaria la clave est\u00e1 en LA EDUCACI\u00d3N? Nosotr@s muchas. Nuestro claustro lo tiene muy claro. Si queremos educar a nuestros alumnos y alumnas alejados de prejuicios y estereotipos sexistas, esos que est\u00e1n tan arraigados en nuestra sociedad patriarcal que apenas nos damos cuenta, somos nosotros y nosotras las primeras que debemos de ponernos esas \u00abgafas violetas\u00bb que nos ayuden a hacerlo. Por que no podemos olvidar que los docentes somos un modelo fundamental a seguir por el alumnado, que aprende de ese curr\u00edculo oculto que entre tod@s, sin ser conscientes muchas veces, les transmitimos.&nbsp;&nbsp;<\/div>\n<div>&nbsp;<\/div>\n<div style=\"text-align: justify\">Y es que ya lo dijo Simone de Beauvoir&nbsp;\u00abS<em>olo despu\u00e9s de que las mujeres empiezan a sentirse en esta tierra como en su casa, se ve aparecer una Rosa Luxemburgo, una Madame Curie<\/em>\u00ab.<\/div>\n<div>&nbsp;<\/div>\n<div style=\"text-align: justify\">Por lo tanto, no hay duda, nuestro centro se suma al reto de ser una de esas ESCUELAS QUE CONTRIBUYEN a que nuestro mundo sea un lugar donde todas las personas que lo habitan \u00abse sientan como en su casa\u00bb y puedan vivir con dignidad.&nbsp;<\/div>\n<div>&nbsp;<\/div>\n<div><img loading=\"lazy\" decoding=\"async\" class=\"aligncenter wp-image-920 size-large\" src=\"https:\/\/blogsaverroes.juntadeandalucia.es\/constribuyendo\/files\/2019\/05\/medinos-2-1024x498.jpg\" alt=\"\" width=\"1024\" height=\"498\" srcset=\"https:\/\/blogsaverroes.juntadeandalucia.es\/constribuyendo\/files\/2019\/05\/medinos-2-1024x498.jpg 1024w, https:\/\/blogsaverroes.juntadeandalucia.es\/constribuyendo\/files\/2019\/05\/medinos-2-300x146.jpg 300w, https:\/\/blogsaverroes.juntadeandalucia.es\/constribuyendo\/files\/2019\/05\/medinos-2-768x373.jpg 768w, https:\/\/blogsaverroes.juntadeandalucia.es\/constribuyendo\/files\/2019\/05\/medinos-2-24x12.jpg 24w, https:\/\/blogsaverroes.juntadeandalucia.es\/constribuyendo\/files\/2019\/05\/medinos-2-36x18.jpg 36w, https:\/\/blogsaverroes.juntadeandalucia.es\/constribuyendo\/files\/2019\/05\/medinos-2-48x23.jpg 48w, https:\/\/blogsaverroes.juntadeandalucia.es\/constribuyendo\/files\/2019\/05\/medinos-2.jpg 1600w\" sizes=\"(max-width: 1024px) 100vw, 1024px\" \/><\/div>\n<div>&nbsp;<\/div>\n<div><img loading=\"lazy\" decoding=\"async\" class=\"aligncenter wp-image-921 size-large\" src=\"https:\/\/blogsaverroes.juntadeandalucia.es\/constribuyendo\/files\/2019\/05\/supermedin@s-1024x639.jpg\" alt=\"\" width=\"1024\" height=\"639\" srcset=\"https:\/\/blogsaverroes.juntadeandalucia.es\/constribuyendo\/files\/2019\/05\/supermedin@s-1024x639.jpg 1024w, https:\/\/blogsaverroes.juntadeandalucia.es\/constribuyendo\/files\/2019\/05\/supermedin@s-300x187.jpg 300w, https:\/\/blogsaverroes.juntadeandalucia.es\/constribuyendo\/files\/2019\/05\/supermedin@s-768x479.jpg 768w, https:\/\/blogsaverroes.juntadeandalucia.es\/constribuyendo\/files\/2019\/05\/supermedin@s-24x15.jpg 24w, https:\/\/blogsaverroes.juntadeandalucia.es\/constribuyendo\/files\/2019\/05\/supermedin@s-36x22.jpg 36w, https:\/\/blogsaverroes.juntadeandalucia.es\/constribuyendo\/files\/2019\/05\/supermedin@s-48x30.jpg 48w, https:\/\/blogsaverroes.juntadeandalucia.es\/constribuyendo\/files\/2019\/05\/supermedin@s.jpg 1600w\" sizes=\"(max-width: 1024px) 100vw, 1024px\" \/><\/div>\n","protected":false},"excerpt":{"rendered":"<p>El CEIP Medina Elvira es un centro p\u00fablico de Educaci\u00f3n Infantil y Primaria que se encuentra en plena Vega de Granada, en la localidad de Atarfe. Nuestro alumnado proviene de distintas zonas de la localidad y el nivel sociocultural de nuestras familias es medio-bajo.&nbsp; &nbsp; En el CEIP Medina Elvira&#46;&#46;&#46;<\/p>\n","protected":false},"author":4031,"featured_media":0,"parent":0,"menu_order":0,"comment_status":"closed","ping_status":"closed","template":"","meta":{"ngg_post_thumbnail":0,"footnotes":""},"aioseo_notices":[],"_links":{"self":[{"href":"https:\/\/blogsaverroes.juntadeandalucia.es\/constribuyendo\/wp-json\/wp\/v2\/pages\/756"}],"collection":[{"href":"https:\/\/blogsaverroes.juntadeandalucia.es\/constribuyendo\/wp-json\/wp\/v2\/pages"}],"about":[{"href":"https:\/\/blogsaverroes.juntadeandalucia.es\/constribuyendo\/wp-json\/wp\/v2\/types\/page"}],"author":[{"embeddable":true,"href":"https:\/\/blogsaverroes.juntadeandalucia.es\/constribuyendo\/wp-json\/wp\/v2\/users\/4031"}],"replies":[{"embeddable":true,"href":"https:\/\/blogsaverroes.juntadeandalucia.es\/constribuyendo\/wp-json\/wp\/v2\/comments?post=756"}],"version-history":[{"count":3,"href":"https:\/\/blogsaverroes.juntadeandalucia.es\/constribuyendo\/wp-json\/wp\/v2\/pages\/756\/revisions"}],"predecessor-version":[{"id":922,"href":"https:\/\/blogsaverroes.juntadeandalucia.es\/constribuyendo\/wp-json\/wp\/v2\/pages\/756\/revisions\/922"}],"wp:attachment":[{"href":"https:\/\/blogsaverroes.juntadeandalucia.es\/constribuyendo\/wp-json\/wp\/v2\/media?parent=756"}],"curies":[{"name":"wp","href":"https:\/\/api.w.org\/{rel}","templated":true}]}}

<div style="text-align: justify">El CEIP Medina Elvira es un centro público de Educación Infantil y Primaria que se encuentra en plena Vega de Granada, en la localidad de Atarfe. Nuestro alumnado proviene de distintas zonas de la localidad y el nivel sociocultural de nuestras familias es medio-bajo.&nbsp;</div>
<div>&nbsp;</div>
<div style="text-align: justify">En el CEIP Medina Elvira hay algo que tenemos muy claro: la lucha por la igualdad es algo NO CUESTIONABLE. Por eso, desde hace ya mucho tiempo, los maestros y maestras de nuestro centro se han transformado en «supermedin@s» para trabajar juntos y contribuir a la construcción de una sociedad más justa, dónde la igualdad entre hombres y mujeres sea algo real y efectivo. Porque,&nbsp;¿cuántas veces habéis escuchado que para conseguir una sociedad más igualitaria la clave está en LA EDUCACIÓN? Nosotr@s muchas. Nuestro claustro lo tiene muy claro. Si queremos educar a nuestros alumnos y alumnas alejados de prejuicios y estereotipos sexistas, esos que están tan arraigados en nuestra sociedad patriarcal que apenas nos damos cuenta, somos nosotros y nosotras las primeras que debemos de ponernos esas «gafas violetas» que nos ayuden a hacerlo. Por que no podemos olvidar que los docentes somos un modelo fundamental a seguir por el alumnado, que aprende de ese currículo oculto que entre tod@s, sin ser conscientes muchas veces, les transmitimos.&nbsp;&nbsp;</div>
<div>&nbsp;</div>
<div style="text-align: justify">Y es que ya lo dijo Simone de Beauvoir&nbsp;«S<em>olo después de que las mujeres empiezan a sentirse en esta tierra como en su casa, se ve aparecer una Rosa Luxemburgo, una Madame Curie</em>«.</div>
<div>&nbsp;</div>
<div style="text-align: justify">Por lo tanto, no hay duda, nuestro centro se suma al reto de ser una de esas ESCUELAS QUE CONTRIBUYEN a que nuestro mundo sea un lugar donde todas las personas que lo habitan «se sientan como en su casa» y puedan vivir con dignidad.&nbsp;</div>
<div>&nbsp;</div>
<div><img loading="lazy" decoding="async" class="aligncenter wp-image-920 size-large" src="https://blogsaverroes.juntadeandalucia.es/constribuyendo/files/2019/05/medinos-2-1024x498.jpg" alt="" width="1024" height="498" srcset="https://blogsaverroes.juntadeandalucia.es/constribuyendo/files/2019/05/medinos-2-1024x498.jpg 1024w, https://blogsaverroes.juntadeandalucia.es/constribuyendo/files/2019/05/medinos-2-300x146.jpg 300w, https://blogsaverroes.juntadeandalucia.es/constribuyendo/files/2019/05/medinos-2-768x373.jpg 768w, https://blogsaverroes.juntadeandalucia.es/constribuyendo/files/2019/05/medinos-2-24x12.jpg 24w, https://blogsaverroes.juntadeandalucia.es/constribuyendo/files/2019/05/medinos-2-36x18.jpg 36w, https://blogsaverroes.juntadeandalucia.es/constribuyendo/files/2019/05/medinos-2-48x23.jpg 48w, https://blogsaverroes.juntadeandalucia.es/constribuyendo/files/2019/05/medinos-2.jpg 1600w" sizes="(max-width: 1024px) 100vw, 1024px" /></div>
<div>&nbsp;</div>
<div><img loading="lazy" decoding="async" class="aligncenter wp-image-921 size-large" src="https://blogsaverroes.juntadeandalucia.es/constribuyendo/files/2019/05/supermedin@s-1024x639.jpg" alt="" width="1024" height="639" srcset="https://blogsaverroes.juntadeandalucia.es/constribuyendo/files/2019/05/supermedin@s-1024x639.jpg 1024w, https://blogsaverroes.juntadeandalucia.es/constribuyendo/files/2019/05/supermedin@s-300x187.jpg 300w, https://blogsaverroes.juntadeandalucia.es/constribuyendo/files/2019/05/supermedin@s-768x479.jpg 768w, https://blogsaverroes.juntadeandalucia.es/constribuyendo/files/2019/05/supermedin@s-24x15.jpg 24w, https://blogsaverroes.juntadeandalucia.es/constribuyendo/files/2019/05/supermedin@s-36x22.jpg 36w, https://blogsaverroes.juntadeandalucia.es/constribuyendo/files/2019/05/supermedin@s-48x30.jpg 48w, https://blogsaverroes.juntadeandalucia.es/constribuyendo/files/2019/05/supermedin@s.jpg 1600w" sizes="(max-width: 1024px) 100vw, 1024px" /></div>

<p>El CEIP Medina Elvira es un centro público de Educación Infantil y Primaria que se encuentra en plena Vega de Granada, en la localidad de Atarfe. Nuestro alumnado proviene de distintas zonas de la localidad y el nivel sociocultural de nuestras familias es medio-bajo.&nbsp; &nbsp; En el CEIP Medina Elvira&#46;&#46;&#46;</p>
