{"id":2,"date":"2022-03-02T11:35:14","date_gmt":"2022-03-02T11:35:14","guid":{"rendered":"https:\/\/blogsaverroes.juntadeandalucia.es\/convivenciacepguadix\/?page_id=2"},"modified":"2022-04-04T16:16:41","modified_gmt":"2022-04-04T16:16:41","slug":"pagina-ejemplo","status":"publish","type":"page","link":"https:\/\/blogsaverroes.juntadeandalucia.es\/convivenciacepguadix\/","title":{"rendered":"Inicio"},"content":{"rendered":"\r\n<p>Este blog tiene como finalidad visibilizar las experiencias relevantes que en materia de convivencia se dan en los centros educativos del \u00e1mbito del Centro del Profesorado de Guadix.<\/p>\r\n\r\n\r\n\r\n<blockquote class=\"wp-block-quote\">\r\n<p>La convivencia escolar se construye a trav\u00e9s de las relaciones que se producen entre todas las personas que forman parte de la comunidad educativa. Ser\u00e1 positiva si esta construcci\u00f3n se realiza desde el respeto, la aceptaci\u00f3n de las diferencias y de las opiniones de todos en un plano de igualdad.<\/p>\r\n<\/blockquote>\r\n\r\n\r\n\r\n<p>Si tu centro quiere participar en este espacio no dudes en ponerte en contacto con tu <a href=\"https:\/\/www.juntadeandalucia.es\/educacion\/portals\/web\/cep-guadix\/personal-del-cep\" target=\"_blank\" rel=\"noopener noreferrer\">asesor\u00eda de referencia<\/a> o cualquier compa\u00f1era del Equipo T\u00e9cnico de Formaci\u00f3n para presentar tu propuesta.<\/p>\r\n\r\n\r\n\r\n<blockquote class=\"wp-block-quote\">\r\n<p>El centro educativo tiene la responsabilidad de educar a la poblaci\u00f3n infantil y juvenil en los principios, valores, competencias y habilidades necesarias para la convivencia, no solo en el entorno escolar, sino tambi\u00e9n en sociedad para desarrollarse como ciudadanos.<\/p>\r\n<\/blockquote>\r\n\r\n\r\n\r\n<p>&nbsp;<\/p>\r\n","protected":false},"excerpt":{"rendered":"<p>Este blog tiene como finalidad visibilizar las experiencias relevantes que en materia de convivencia se dan en los centros educativos del \u00e1mbito del Centro del Profesorado de Guadix. La convivencia escolar se construye a trav\u00e9s de las relaciones que se producen entre todas las personas que forman parte de la comunidad educativa. Ser\u00e1 positiva si [&hellip;]<\/p>\n","protected":false},"author":5139,"featured_media":0,"parent":0,"menu_order":0,"comment_status":"closed","ping_status":"open","template":"","meta":{"ngg_post_thumbnail":0,"footnotes":""},"aioseo_notices":[],"_links":{"self":[{"href":"https:\/\/blogsaverroes.juntadeandalucia.es\/convivenciacepguadix\/wp-json\/wp\/v2\/pages\/2"}],"collection":[{"href":"https:\/\/blogsaverroes.juntadeandalucia.es\/convivenciacepguadix\/wp-json\/wp\/v2\/pages"}],"about":[{"href":"https:\/\/blogsaverroes.juntadeandalucia.es\/convivenciacepguadix\/wp-json\/wp\/v2\/types\/page"}],"author":[{"embeddable":true,"href":"https:\/\/blogsaverroes.juntadeandalucia.es\/convivenciacepguadix\/wp-json\/wp\/v2\/users\/5139"}],"replies":[{"embeddable":true,"href":"https:\/\/blogsaverroes.juntadeandalucia.es\/convivenciacepguadix\/wp-json\/wp\/v2\/comments?post=2"}],"version-history":[{"count":5,"href":"https:\/\/blogsaverroes.juntadeandalucia.es\/convivenciacepguadix\/wp-json\/wp\/v2\/pages\/2\/revisions"}],"predecessor-version":[{"id":39,"href":"https:\/\/blogsaverroes.juntadeandalucia.es\/convivenciacepguadix\/wp-json\/wp\/v2\/pages\/2\/revisions\/39"}],"wp:attachment":[{"href":"https:\/\/blogsaverroes.juntadeandalucia.es\/convivenciacepguadix\/wp-json\/wp\/v2\/media?parent=2"}],"curies":[{"name":"wp","href":"https:\/\/api.w.org\/{rel}","templated":true}]}}