{"id":150,"date":"2021-03-25T11:06:58","date_gmt":"2021-03-25T11:06:58","guid":{"rendered":"https:\/\/blogsaverroes.juntadeandalucia.es\/cosjmalaga\/?page_id=150"},"modified":"2025-09-17T10:46:00","modified_gmt":"2025-09-17T10:46:00","slug":"orientaciones-a-centros","status":"publish","type":"page","link":"https:\/\/blogsaverroes.juntadeandalucia.es\/cosjmalaga\/orientaciones-a-centros\/","title":{"rendered":"Orientaciones Generales"},"content":{"rendered":"<blockquote><p><span style=\"font-family: arial, helvetica, sans-serif\"><strong><span style=\"font-size: 14pt\">LECTURAS\/BIBLIOGRAF\u00cdA RECOMENDADA: <\/span><\/strong><\/span><\/p>\n<p><img loading=\"lazy\" decoding=\"async\" class=\"alignnone wp-image-1233\" src=\"https:\/\/blogsaverroes.juntadeandalucia.es\/cosjmalaga\/files\/2023\/06\/A-LA-CONQUISTA.jpg\" alt=\"\" width=\"327\" height=\"327\" srcset=\"https:\/\/blogsaverroes.juntadeandalucia.es\/cosjmalaga\/files\/2023\/06\/A-LA-CONQUISTA.jpg 225w, https:\/\/blogsaverroes.juntadeandalucia.es\/cosjmalaga\/files\/2023\/06\/A-LA-CONQUISTA-150x150.jpg 150w, https:\/\/blogsaverroes.juntadeandalucia.es\/cosjmalaga\/files\/2023\/06\/A-LA-CONQUISTA-80x80.jpg 80w\" sizes=\"(max-width: 327px) 100vw, 327px\" \/><img loading=\"lazy\" decoding=\"async\" class=\"alignnone wp-image-1234\" src=\"https:\/\/blogsaverroes.juntadeandalucia.es\/cosjmalaga\/files\/2023\/06\/INFANCIA-Y-TRANSEXUALIDAD.jpg\" alt=\"\" width=\"284\" height=\"284\" srcset=\"https:\/\/blogsaverroes.juntadeandalucia.es\/cosjmalaga\/files\/2023\/06\/INFANCIA-Y-TRANSEXUALIDAD.jpg 225w, https:\/\/blogsaverroes.juntadeandalucia.es\/cosjmalaga\/files\/2023\/06\/INFANCIA-Y-TRANSEXUALIDAD-150x150.jpg 150w, https:\/\/blogsaverroes.juntadeandalucia.es\/cosjmalaga\/files\/2023\/06\/INFANCIA-Y-TRANSEXUALIDAD-80x80.jpg 80w\" sizes=\"(max-width: 284px) 100vw, 284px\" \/><img loading=\"lazy\" decoding=\"async\" class=\"alignnone wp-image-1235\" src=\"https:\/\/blogsaverroes.juntadeandalucia.es\/cosjmalaga\/files\/2023\/06\/TRANSEXUALIDADES.jpg\" alt=\"\" width=\"238\" height=\"374\"><img loading=\"lazy\" decoding=\"async\" class=\"alignnone wp-image-1236\" src=\"https:\/\/blogsaverroes.juntadeandalucia.es\/cosjmalaga\/files\/2023\/06\/HISTORIAS-DE-AFECTOS.jpg\" alt=\"\" width=\"420\" height=\"235\"><img loading=\"lazy\" decoding=\"async\" class=\"alignnone wp-image-1239\" src=\"https:\/\/blogsaverroes.juntadeandalucia.es\/cosjmalaga\/files\/2023\/06\/NADA-QUE-CURAR.jpg\" alt=\"\" width=\"276\" height=\"348\"><\/p><\/blockquote>\n<p><a href=\"https:\/\/blogsaverroes.juntadeandalucia.es\/cosjmalaga\/files\/2025\/09\/Dialnet-InfanciaYAdolescenciaTrans-9010139-2.pdf\">Dialnet-InfanciaYAdolescenciaTrans<\/a><\/p>\n<p><span style=\"font-family: arial, helvetica, sans-serif;font-size: 14pt\"><a href=\"https:\/\/blogsaverroes.juntadeandalucia.es\/cosjmalaga\/files\/2023\/06\/Nada_que_curar_Guia_ECOSIG.pdf\"><span style=\"font-family: arial, helvetica, sans-serif;font-size: 14pt\">Descarga aqu\u00ed el informe \u00abNada_que_curar_Guia_ECOSIG\u00bb<\/span><\/a><\/span><\/p>\n<p>&nbsp;<\/p>\n<p><span style=\"font-family: arial, helvetica, sans-serif;font-size: 14pt\"><strong>PARA LOS CENTROS:&nbsp;<\/strong><\/span><\/p>\n<p><span style=\"font-family: arial, helvetica, sans-serif;font-size: 14pt\"><strong><a href=\"https:\/\/blogsaverroes.juntadeandalucia.es\/cosjmalaga\/files\/2021\/09\/O-INICIO-PROTOCOLO.pdf\">Orientaciones&nbsp; y Preguntas Frecuentes para el Inicio del&nbsp; Protocolo de Identidad de G\u00e9nero: <\/a><\/strong>Son una serie dudas formuladas por los centros e inquietudes surgidas en la pr\u00e1ctica.&nbsp;<\/span><\/p>\n<p><span style=\"font-family: arial, helvetica, sans-serif;font-size: 14pt\"><strong><a href=\"https:\/\/blogsaverroes.juntadeandalucia.es\/orientadelegacionmalaga\/files\/2013\/02\/DOCENTES_diversidad.pdf\" target=\"_blank\" rel=\"noopener noreferrer\">Orientaciones al profesorado ante la diversidad sexogen\u00e9rica, afectiva y familiar<\/a><\/strong><\/span><\/p>\n<p><span style=\"font-family: arial, helvetica, sans-serif;font-size: 14pt\">&nbsp;<strong><a href=\"https:\/\/blogsaverroes.juntadeandalucia.es\/cosjmalaga\/files\/2021\/09\/conceptos-b\u00e1sicos.pdf\">Material para diferenciar conceptos b\u00e1sicos<\/a><\/strong> relacionados con la orientaci\u00f3n del deseo, identidad&nbsp; y expresi\u00f3n de g\u00e9nero que puede ser \u00fatil tanto a familias como a profesorado.<\/span><\/p>\n<blockquote><p><span style=\"font-family: arial, helvetica, sans-serif;font-size: 14pt\"><strong>PARA LAS FAMILIAS:&nbsp;<\/strong><\/span><\/p><\/blockquote>\n<p><span style=\"font-family: arial, helvetica, sans-serif;font-size: 14pt\"><strong><a href=\"https:\/\/blogsaverroes.juntadeandalucia.es\/cosjmalaga\/files\/2022\/10\/folleto_guia_trans_compressed-cANARIAS.pdf\">Folleto_guia_acompa\u00f1amiento trans_CANARIAS<\/a><\/strong><\/span><\/p>\n<p><span style=\"font-family: arial, helvetica, sans-serif;font-size: 14pt\"><strong><a href=\"https:\/\/www.caleidoscopio.cat\/recursos\/\">CALEIDOSCOPIO: <\/a> <\/strong>Iniciativa que&nbsp; promueve un imaginario positivo de la diversidad de&nbsp; expresiones de g\u00e9nero en la infancia desde una mirada cr\u00edtica, no binaria y no&nbsp; esencialista de g\u00e9nero.<\/span><\/p>\n<p><span style=\"font-family: arial, helvetica, sans-serif;font-size: 14pt\">Acompa\u00f1amiento a familias: transexualidad. <strong><a href=\"https:\/\/blogsaverroes.juntadeandalucia.es\/cosjmalaga\/files\/2021\/09\/articulo-Angueru.pdf\">Art\u00edculo Aingeru Mayor<\/a><\/strong><\/span><\/p>\n<p><span style=\"font-size: 14pt;font-family: arial, helvetica, sans-serif\"><a href=\"https:\/\/blogsaverroes.juntadeandalucia.es\/cosjmalaga\/files\/2022\/01\/guia_infancia_intolerancia_genero.pdf\">Gu\u00eda sobre infancia e intolerancia de g\u00e9nero.&nbsp;&nbsp;<\/a>Material de lectura \u00fatil para familias y profesorado de E. Infantil y E. Primaria.&nbsp;<\/span><\/p>\n<p><span style=\"font-family: arial, helvetica, sans-serif;font-size: 14pt\"><a href=\"https:\/\/blogsaverroes.juntadeandalucia.es\/cosjmalaga\/files\/2022\/01\/GUIA_TRANS_FAMILIARIZA-T.pdf\">GUIA_TRANS_FAMILIARIZA-T<\/a><\/span><\/p>\n<p><span style=\"font-family: arial, helvetica, sans-serif;font-size: 14pt\"><a href=\"https:\/\/blogsaverroes.juntadeandalucia.es\/cosjmalaga\/files\/2022\/01\/GU\u00cdAchrysallis-2018.pdf\">GU\u00cdAchrysallis-2018<\/a><\/span><\/p>\n<p><span style=\"font-family: arial, helvetica, sans-serif;font-size: 14pt\"><strong><a href=\"https:\/\/blogsaverroes.juntadeandalucia.es\/cosjmalaga\/files\/2022\/04\/PAI-PERSONAS-TRANS.pdf\">Proceso Asistencial Integrado para personas Trans (Andaluc\u00eda)<\/a><\/strong>y tambi\u00e9n se puede consultar la <strong><a href=\"https:\/\/blogsaverroes.juntadeandalucia.es\/cosjmalaga\/files\/2022\/11\/HOJA-DE-RUTA.pdf\">HOJA DE RUTA&nbsp; <\/a><\/strong>que tienen que seguir el personal sanitario en el proceso de derivaci\u00f3n<\/span><\/p>\n<p><span style=\"font-family: arial, helvetica, sans-serif;font-size: 14pt\"><a href=\"https:\/\/blogsaverroes.juntadeandalucia.es\/cosjmalaga\/files\/2022\/09\/Estudio_no_binarios_accesibilidad.pdf\"><strong>Estudio sobre las necesidades de personas_no_binarias.<\/strong>&nbsp;<\/a>Material del Ministerio de Igualdad<\/span><\/p>\n<p><span style=\"font-family: arial, helvetica, sans-serif;font-size: 14pt\"><strong><a href=\"https:\/\/blogsaverroes.juntadeandalucia.es\/cosjmalaga\/files\/2022\/09\/COMP-GEN-NO-NORMATIVO.pdf\">Informaci\u00f3n para familias sobre Comportamientos de G\u00e9nero No Normativos<\/a><\/strong><\/span><\/p>\n<p style=\"text-align: justify\"><span style=\"font-family: arial, helvetica, sans-serif;font-size: 14pt\"><span class=\"article-alt-title\" lang=\"en\">Gu\u00eda cl\u00ednica&nbsp;<\/span><span class=\"title-text\">de atenci\u00f3n a menores transexuales, transg\u00e9neros y de g\u00e9nero diverso <strong><a href=\"https:\/\/blogsaverroes.juntadeandalucia.es\/cosjmalaga\/files\/2022\/03\/1-s2.0-S169540332200011X-main.pdf\">Descarga aqui&nbsp;<\/a><\/strong><\/span><\/span><span style=\"font-family: arial, helvetica, sans-serif;font-size: 14pt\">Acceso al recurso (Revista de Investigaci\u00f3n Cient\u00edfica Anales de Pediatr\u00eda:&nbsp;<strong><span class=\"title-text\"><a href=\"https:\/\/blogsaverroes.juntadeandalucia.es\/cosjmalaga\/files\/2022\/03\/1-s2.0-S169540332200011X-main.pdf\">&nbsp;<\/a><\/span><a href=\"https:\/\/www.sciencedirect.com\/science\/article\/pii\/S169540332200011X\">https:\/\/www.sciencedirect.com\/science\/article\/pii\/S169540332200011X<\/a><\/strong><\/span><\/p>\n<p><strong><span style=\"font-family: arial, helvetica, sans-serif;font-size: 14pt\"><a href=\"https:\/\/blogsaverroes.juntadeandalucia.es\/cosjmalaga\/files\/2023\/09\/art-atpsicolUAPT.pdf\">Art\u00edculo sobre acompa\u00f1amiento psicol\u00f3gico a Menores Trans art atpsicolUAPT<\/a><\/span><\/strong><\/p>\n<p><strong><span style=\"font-size: 14pt;font-family: arial, helvetica, sans-serif\"><a href=\"https:\/\/blogsaverroes.juntadeandalucia.es\/cosjmalaga\/files\/2024\/04\/informe_adolescencia_trans_esp_web.pdf\">Informe_Adolescencia_Trans: Acompa\u00f1ar la exploraci\u00f3n de g\u00e9nero en tiempos de incertidumbre<\/a><\/span><\/strong><\/p>\n<p>&nbsp;<\/p>\n<p>&nbsp;<\/p>\n","protected":false},"excerpt":{"rendered":"<p>LECTURAS\/BIBLIOGRAF\u00cdA RECOMENDADA: Dialnet-InfanciaYAdolescenciaTrans Descarga aqu\u00ed el informe \u00abNada_que_curar_Guia_ECOSIG\u00bb &nbsp; PARA LOS CENTROS:&nbsp; Orientaciones&nbsp; y Preguntas Frecuentes para el Inicio del&nbsp; Protocolo de Identidad de G\u00e9nero: Son una serie dudas formuladas por los centros e&#46;&#46;&#46;<\/p>\n","protected":false},"author":12075,"featured_media":0,"parent":0,"menu_order":0,"comment_status":"closed","ping_status":"closed","template":"","meta":{"ngg_post_thumbnail":0,"footnotes":""},"aioseo_notices":[],"post_mailing_queue_ids":[],"_links":{"self":[{"href":"https:\/\/blogsaverroes.juntadeandalucia.es\/cosjmalaga\/wp-json\/wp\/v2\/pages\/150"}],"collection":[{"href":"https:\/\/blogsaverroes.juntadeandalucia.es\/cosjmalaga\/wp-json\/wp\/v2\/pages"}],"about":[{"href":"https:\/\/blogsaverroes.juntadeandalucia.es\/cosjmalaga\/wp-json\/wp\/v2\/types\/page"}],"author":[{"embeddable":true,"href":"https:\/\/blogsaverroes.juntadeandalucia.es\/cosjmalaga\/wp-json\/wp\/v2\/users\/12075"}],"replies":[{"embeddable":true,"href":"https:\/\/blogsaverroes.juntadeandalucia.es\/cosjmalaga\/wp-json\/wp\/v2\/comments?post=150"}],"version-history":[{"count":29,"href":"https:\/\/blogsaverroes.juntadeandalucia.es\/cosjmalaga\/wp-json\/wp\/v2\/pages\/150\/revisions"}],"predecessor-version":[{"id":1507,"href":"https:\/\/blogsaverroes.juntadeandalucia.es\/cosjmalaga\/wp-json\/wp\/v2\/pages\/150\/revisions\/1507"}],"wp:attachment":[{"href":"https:\/\/blogsaverroes.juntadeandalucia.es\/cosjmalaga\/wp-json\/wp\/v2\/media?parent=150"}],"curies":[{"name":"wp","href":"https:\/\/api.w.org\/{rel}","templated":true}]}}