{"id":206,"date":"2021-03-29T10:21:41","date_gmt":"2021-03-29T10:21:41","guid":{"rendered":"https:\/\/blogsaverroes.juntadeandalucia.es\/cosjmalaga\/?page_id=206"},"modified":"2025-11-05T20:47:47","modified_gmt":"2025-11-05T20:47:47","slug":"recursos-didacticos-para-la-diversidad-sexogenerica-afectiva-y-familiar","status":"publish","type":"page","link":"https:\/\/blogsaverroes.juntadeandalucia.es\/cosjmalaga\/recursos-didacticos-para-la-diversidad-sexogenerica-afectiva-y-familiar\/","title":{"rendered":"Recursos Did\u00e1cticos para la Diversidad Sexogen\u00e9rica, Afectiva y Familiar"},"content":{"rendered":"<p><strong>PREVENCI\u00d3N DE ACOSO LGTBIF\u00d3BICO:&nbsp;<\/strong><\/p>\n<blockquote><p><span style=\"font-family: arial, helvetica, sans-serif\">Ejemplos de <strong>carteler\u00eda de prevenci\u00f3n del acoso<\/strong> <\/span><\/p>\n<p><span style=\"font-family: arial, helvetica, sans-serif\">Dirigido a posibles personas acosadoras:<img loading=\"lazy\" decoding=\"async\" class=\"wp-image-1458 alignleft\" src=\"https:\/\/blogsaverroes.juntadeandalucia.es\/cosjmalaga\/files\/2024\/12\/CARTELERIA-PREVENCION-LGTBIFOBIA-212x300.png\" alt=\"\" width=\"299\" height=\"423\" srcset=\"https:\/\/blogsaverroes.juntadeandalucia.es\/cosjmalaga\/files\/2024\/12\/CARTELERIA-PREVENCION-LGTBIFOBIA-212x300.png 212w, https:\/\/blogsaverroes.juntadeandalucia.es\/cosjmalaga\/files\/2024\/12\/CARTELERIA-PREVENCION-LGTBIFOBIA-724x1024.png 724w, https:\/\/blogsaverroes.juntadeandalucia.es\/cosjmalaga\/files\/2024\/12\/CARTELERIA-PREVENCION-LGTBIFOBIA-768x1086.png 768w, https:\/\/blogsaverroes.juntadeandalucia.es\/cosjmalaga\/files\/2024\/12\/CARTELERIA-PREVENCION-LGTBIFOBIA-1086x1536.png 1086w, https:\/\/blogsaverroes.juntadeandalucia.es\/cosjmalaga\/files\/2024\/12\/CARTELERIA-PREVENCION-LGTBIFOBIA-1448x2048.png 1448w, https:\/\/blogsaverroes.juntadeandalucia.es\/cosjmalaga\/files\/2024\/12\/CARTELERIA-PREVENCION-LGTBIFOBIA.png 1587w\" sizes=\"(max-width: 299px) 100vw, 299px\" \/> <a href=\"https:\/\/www.canva.com\/design\/DAGUevCe60U\/eg0CTj5zPcaNtG3F7GJF5w\/edit?utm_content=DAGUevCe60U&amp;utm_campaign=designshare&amp;utm_medium=link2&amp;utm_source=sharebutton\">https:\/\/www.canva.com\/design\/DAGUevCe60U\/eg0CTj5zPcaNtG3F7GJF5w\/edit?utm_content=DAGUevCe60U&amp;utm_campaign=designshare&amp;utm_medium=link2&amp;utm_source=sharebutton<\/a><\/span><\/p>\n<p><span style=\"font-family: arial, helvetica, sans-serif\">Dirigido a las posibles v\u00edctimas:&nbsp;<\/span><\/p>\n<p><span style=\"font-family: arial, helvetica, sans-serif\">Dirigido a las personas observadoras pasivas:&nbsp;<\/span><\/p>\n<p><strong><span style=\"font-family: arial, helvetica, sans-serif\">RECURSOS PARA TRABAJAR LA DIVERSIDAD FAMILIAR:&nbsp;<\/span><\/strong><\/p><\/blockquote>\n<ul>\n<li><span style=\"font-family: arial, helvetica, sans-serif\"><strong><a href=\"https:\/\/blogsaverroes.juntadeandalucia.es\/orientadelegacionmalaga\/files\/2013\/02\/lasfamiliasenlasaulas.pdf\" target=\"_blank\" rel=\"noopener noreferrer\">Las familias en las aulas<\/a>&nbsp;<\/strong>(Gu\u00eda pr\u00e1ctica de herramientas y recursos educativos de Diversidad Familiar.<b>&nbsp;Autor\u00eda: FELGTB<\/b>)<\/span><\/li>\n<li><a href=\"https:\/\/unaf.org\/materiales\/diverfamilias\/\"><strong>Juego diverfamilias: https:\/\/unaf.org\/materiales\/diverfamilias\/<\/strong><\/a><\/li>\n<li><span style=\"font-family: arial, helvetica, sans-serif\"><strong><a href=\"http:\/\/felgtb.com\/educacion\/FamiliasColores\/#\/78\/\" target=\"_blank\" rel=\"noopener noreferrer\">Familias de Colores<\/a>&nbsp;<\/strong>(Diversidad Familiar material de FELGT, Mercedes S\u00e1nchez).<\/span><\/li>\n<li><span style=\"font-family: arial, helvetica, sans-serif\"><a href=\"https:\/\/familiasdecolores.wordpress.com\/\" target=\"_blank\" rel=\"noopener noreferrer\"><strong>Familias de Colores<\/strong><\/a><strong>&nbsp;<\/strong>(Diversidad Familiar, Juan Andr\u00e9s Teno).<\/span><\/li>\n<li><span style=\"font-family: arial, helvetica, sans-serif\"><strong><a href=\"http:\/\/www.familiasporladiversidad.es\/?mod=medi\" target=\"_blank\" rel=\"noopener noreferrer\">Asociaci\u00f3n Familias por la diversidad<\/a>.<\/strong>&nbsp;Web con recursos audiovisuales para familias y profesorado.&nbsp;<\/span><\/li>\n<li><span style=\"font-family: arial, helvetica, sans-serif\"><strong>Asociaci\u00f3n <a href=\"https:\/\/www.ampgyl.org\/biblioteca#vm\">AMPYGIL<\/a> <\/strong>&nbsp;<a href=\"https:\/\/blogsaverroes.juntadeandalucia.es\/cosjmalaga\/files\/2025\/11\/guia_infancia_intolerancia_genero.pdf\">Gu\u00eda_infancia_intolerancia_genero<\/a> Asociaci\u00f3n familias contra la intolerancia por el g\u00e9nero. Disponibles gu\u00edas informativas para familias.<\/span><\/li>\n<li><span style=\"font-family: arial, helvetica, sans-serif\">Federaci\u00f3n de Familias Monoparentales:&nbsp;<a href=\"https:\/\/familiasmonomarentales.es\/mipequenasuperfamilia\/\">https:\/\/familiasmonomarentales.es\/mipequenasuperfamilia\/&nbsp;&nbsp;&nbsp;&nbsp;<\/a>Tienen elaborados materiales como el <a href=\"https:\/\/blogsaverroes.juntadeandalucia.es\/cosjmalaga\/files\/2021\/09\/mi-peque\u00f1a-superfamiilia.pdf\">Cuento mi peque\u00f1a Superfamilia,&nbsp;<\/a>o un v\u00eddeo&nbsp;<a href=\"https:\/\/www.youtube.com\/watch?v=4jmUaUv4xCE\">https:\/\/www.youtube.com\/watch?v=4jmUaUv4xCE&nbsp;<\/a>destinado a visibilizar y poner en valor a las familias monomarentales.<\/span><\/li>\n<li><span style=\"font-family: arial, helvetica, sans-serif\"><strong><a href=\"https:\/\/blogsaverroes.juntadeandalucia.es\/cosjmalaga\/files\/2021\/09\/memory-oca-gigante-familias.pdf\">Memory Oca Gigante familias. O<\/a><a href=\"https:\/\/blogsaverroes.juntadeandalucia.es\/cosjmalaga\/files\/2021\/09\/oca-familias-diversas.pdf\">ca familias diversas<\/a> <\/strong>Juego de la Oca con pictogramas sobre la diversidad familiar. Elaborado por Amaya Padilla (Mochila Arcoiris)<\/span><\/li>\n<li><span style=\"font-family: arial, helvetica, sans-serif\"><a href=\"https:\/\/www.juntadeandalucia.es\/educacion\/portals\/web\/revista-andalucia-educativa\/contenidos\/-\/contenidos\/detalle\/diversidad-familiar-en-el-aula\"><strong>\u00abFamilias No hay m\u00e1s que muchas\u00bb. <\/strong><\/a>Material Curricular galardonado con un Premio Rosa Reg\u00e1s&nbsp; elaborado por Sergio Padial Fajardo, maestro en el CEIP El Pinillo de Torremolinos, compuesto por 16 montajes (fotograf\u00edas y textos) de 16 familias de diferentes tipolog\u00edas.<\/span><\/li>\n<\/ul>\n<p>&nbsp;<\/p>\n<blockquote><p><strong><span style=\"font-family: arial, helvetica, sans-serif\">RECURSOS PARA TRABAJAR LA DIVERSIDAD AFECTIVA:&nbsp;<\/span><\/strong><\/p><\/blockquote>\n<ul>\n<li><span style=\"font-family: arial, helvetica, sans-serif\"><strong><a href=\"http:\/\/expoderechoshumanos.blogspot.com\/\" target=\"_blank\" rel=\"noopener noreferrer\">Expo Derechos Humanos<\/a>.&nbsp;<\/strong>Diversidad-Afectivo sexual y de g\u00e9nero: Exposici\u00f3n para trabajar por efem\u00e9rides los DDHH. Secundaria y Bachillerato. Arco Iris, Federaci\u00f3n Andaluza<\/span><\/li>\n<li><span style=\"font-family: arial, helvetica, sans-serif\"><strong><a href=\"https:\/\/expoelarmariodeportivo.blogspot.com\/\" target=\"_blank\" rel=\"noopener noreferrer\">Expo El armario deportivo<\/a>.&nbsp;<\/strong>Recursos did\u00e1cticos para visibilizar la diversidad LGTBI en el deporte. Arco Iris, Federaci\u00f3n Andaluza<\/span><\/li>\n<li><strong><span style=\"font-family: arial, helvetica, sans-serif\"><a href=\"https:\/\/blogsaverroes.juntadeandalucia.es\/orientadelegacionmalaga\/files\/2020\/03\/Abrazar_la_diversidad.pdf\">Abrazar_la_diversidad. MEC<\/a><\/span><\/strong><\/li>\n<li><span style=\"font-family: arial, helvetica, sans-serif\"><strong><a href=\"http:\/\/www.esnatural.ga\/\" target=\"_blank\" rel=\"noopener noreferrer\">Expo \u00abEs natural, diversidad en el reino animal\u00bb<\/a>.&nbsp;<\/strong>Diversidad-Afectivo sexual y de g\u00e9nero en los animales. Exposici\u00f3n para trabajar en Infantil, Primaria y&nbsp; Secundaria. Arco Iris, Federaci\u00f3n Andaluza<\/span><\/li>\n<\/ul>\n<p>&nbsp;<\/p>\n<blockquote><p><strong><span style=\"font-family: arial, helvetica, sans-serif\">RECURSOS PARA TRABAJAR LA DIVERSIDAD SEXOGEN\u00c9RICA:&nbsp;<\/span><\/strong><\/p><\/blockquote>\n<ul>\n<li><span style=\"font-family: arial, helvetica, sans-serif\"><strong><a href=\"https:\/\/blogsaverroes.juntadeandalucia.es\/cosjmalaga\/files\/2021\/04\/Delegaci\u00f3n-Educaci\u00f3n-Cartel-LGTBIFobia-Traz-1-1-1.pdf\">Cartel Prevenci\u00f3n LGTBIFobia<\/a><\/strong><a href=\"https:\/\/blogsaverroes.juntadeandalucia.es\/cosjmalaga\/files\/2021\/04\/Delegaci\u00f3n-Educaci\u00f3n-Cartel-LGTBIFobia-Traz-1-1-1.pdf\">&nbsp;<\/a>Instrumento para identificar y trabajar la prevenci\u00f3n de la LGTBIfobia en todas las etapas educativas, incluye recursos a los que dirigirse si sufres alguna situaci\u00f3n de acoso.<\/span><\/li>\n<li><span style=\"font-family: arial, helvetica, sans-serif\"><a href=\"https:\/\/diversidadycoeducacion.wordpress.com\/\" target=\"_blank\" rel=\"noopener noreferrer\"><strong>Diversidad LGTBI<\/strong> y Coeducaci\u00f3n de Kika Fumero<\/a>,&nbsp;profesora de secundaria.<\/span><\/li>\n<li><span style=\"font-family: arial, helvetica, sans-serif\"><strong><span style=\"color: #0000ff\">Blog Stop Rumores LGTBI:<\/span> <\/strong>&nbsp;Proyecto de innovaci\u00f3n educativa intercentros, pionero en Espa\u00f1a, que tiene como objetivo&nbsp;educar a j\u00f3venes, de manera sostenida,&nbsp;en valores como el respeto hacia la diversidad sexual y de g\u00e9nero, desmintiendo rumores falsos existentes sobre las personas pertenecientes al colectivo LGTBI. Para acceder al recurso pincha en el siguiente enlace: <strong><a href=\"https:\/\/stoprumoreslgtbi.home.blog\/\">https:\/\/stoprumoreslgtbi.home.blog\/<\/a><\/strong><\/span><\/li>\n<li><span style=\"font-family: arial, helvetica, sans-serif\"><a href=\"https:\/\/blogsaverroes.juntadeandalucia.es\/orientadelegacionmalaga\/files\/2013\/02\/literatura-infantil-prevencion-homo_transfobia.pdf\" target=\"_blank\" rel=\"noopener noreferrer\">Literatura Infantil prevenci\u00f3n homo transfobia<\/a><\/span><\/li>\n<li><span style=\"font-family: arial, helvetica, sans-serif\"><a href=\"https:\/\/www.ttransformando.com\/\" target=\"_blank\" rel=\"noopener noreferrer\"><strong>Ttrans-formando.<\/strong> (Blog Educativo de Rocio Hern\u00e1ndez)<\/a><\/span><\/li>\n<li><span style=\"font-family: arial, helvetica, sans-serif\"><a href=\"https:\/\/www.observatoriodelainfancia.es\/oia\/esp\/documentos_ficha.aspx?id=5333\" target=\"_blank\" rel=\"noopener noreferrer\"><strong>Observatorio de la Infancia en Andaluc\u00eda<\/strong> (diversidad corporal y de g\u00e9nero<\/a>)<\/span><\/li>\n<li><span style=\"font-family: arial, helvetica, sans-serif\"><strong><a href=\"https:\/\/www.youtube.com\/watch?v=dgJD8zjxg2E&amp;t=6s\">Corto Moir\u00e9: https:\/\/www.youtube.com\/watch?v=dgJD8zjxg2E&amp;t=6s<\/a><\/strong>Corto espa\u00f1ol sobre transexualidad infantil (Protagonizado por Inma Cuesta)<\/span><\/li>\n<li><span style=\"font-family: arial, helvetica, sans-serif\"><strong><a href=\"http:\/\/www.educatolerancia.com\/lgtbifobia-recursos-educativos\/\" target=\"_blank\" rel=\"noopener noreferrer\">Educatolerancia<\/a><\/strong>.&nbsp;Espacio donde encontrar recursos educativos para trabajar la tolerancia, la solidaridad y los derechos humanos. Autor\u00eda: movimiento contra la intolerancia<\/span><\/li>\n<li><span style=\"font-family: arial, helvetica, sans-serif\"><a href=\"https:\/\/www.unfe.org\/es\/\"><strong>Campa\u00f1a&nbsp;<em>Free and Equal<\/em><\/strong><\/a>&nbsp;(ONU)<\/span><\/li>\n<li><span style=\"font-family: arial, helvetica, sans-serif\"><strong><a href=\"https:\/\/blogsaverroes.juntadeandalucia.es\/cosjmalaga\/files\/2025\/11\/guia_solounnombre_DEFINITIVA_B.pdf\">Gu\u00eda_solo un nombre (debajo estoy yo)<\/a> <\/strong>Proyecto fotogr\u00e1fico sobre infancia y adolescencia trans* compuesto por una exposici\u00f3n, un fotolibro y un documental. Autoras: Sheila R. Melhem y Noem\u00ed Parra.<\/span><\/li>\n<li><span style=\"font-family: arial, helvetica, sans-serif\"><strong><a href=\"http:\/\/www.gobiernodecanarias.org\/cmsgobcan\/export\/sites\/icigualdad\/_galerias\/ici_documentos\/documentacion\/Guia_Sex_4_CIO.pdf\" target=\"_blank\" rel=\"noopener noreferrer\">Del Gobierno de Canarias para ESO y Bachillerato: Colecci\u00f3n de Gu\u00edas (DDSSRR) :<\/a><\/strong><\/span>\n<ul>\n<li><span style=\"font-family: arial, helvetica, sans-serif\"><strong><a href=\"https:\/\/blogsaverroes.juntadeandalucia.es\/orientadelegacionmalaga\/files\/2020\/03\/1-Guia_Anticoncepcion.pdf\" target=\"_blank\" rel=\"noopener noreferrer\">1 Guia_Anticoncepcion<\/a>.&nbsp;<\/strong><\/span><\/li>\n<li><span style=\"font-family: arial, helvetica, sans-serif\"><strong><a href=\"https:\/\/blogsaverroes.juntadeandalucia.es\/orientadelegacionmalaga\/files\/2020\/03\/2-Guia_Sex_Deseo-Placer-Satisfaccion.pdf\" target=\"_blank\" rel=\"noopener noreferrer\">2 Guia_Sex_Deseo Placer Satisfaccion<\/a>.&nbsp;<\/strong><\/span><\/li>\n<li><span style=\"font-family: arial, helvetica, sans-serif\"><strong><a href=\"https:\/\/blogsaverroes.juntadeandalucia.es\/orientadelegacionmalaga\/files\/2020\/03\/3Guia_Sex_Practicas-Ero_ITS.pdf\" target=\"_blank\" rel=\"noopener noreferrer\">3Guia_Sex_Practicas Ero_ITS<\/a>.&nbsp;<\/strong><\/span><\/li>\n<li><span style=\"font-family: arial, helvetica, sans-serif\"><a href=\"https:\/\/blogsaverroes.juntadeandalucia.es\/orientadelegacionmalaga\/files\/2020\/03\/4-Guia_Sex_Cuerpo-Iden_Orientacion.pdf\" target=\"_blank\" rel=\"noopener noreferrer\"><strong>4 Guia_Sex_Cuerpo Iden_Orientacion.&nbsp;<\/strong><\/a><\/span><\/li>\n<\/ul>\n<\/li>\n<li style=\"text-align: justify\"><span style=\"font-family: arial, helvetica, sans-serif\"><strong>Proyecto Ni\u00f1as y Ni\u00f1os.<\/strong> Propuesta intervenci\u00f3n con alumnado (Educaci\u00f3n Infantil, Educaci\u00f3n Primaria, 1.\u00ba y 2.\u00ba de ESO) Descarga: <\/span>\n<ul>\n<li><span style=\"font-family: arial, helvetica, sans-serif\"><a href=\"https:\/\/blogsaverroes.juntadeandalucia.es\/cosjmalaga\/files\/2024\/10\/UNIDAD-1-GUION.pdf\">UNIDAD-1-GUION &nbsp;<\/a><\/span><\/li>\n<li><a href=\"https:\/\/blogsaverroes.juntadeandalucia.es\/cosjmalaga\/files\/2024\/10\/UNIDAD-1-PROYECTABLE.pdf\">UNIDAD-1-PROYECTABLE<\/a><\/li>\n<li><span style=\"font-family: arial, helvetica, sans-serif\"><a href=\"https:\/\/blogsaverroes.juntadeandalucia.es\/cosjmalaga\/files\/2024\/10\/Juego-Tarjetas.pdf\">Juego-Tarjetas<\/a><\/span><\/li>\n<\/ul>\n<\/li>\n<li><span style=\"font-family: arial, helvetica, sans-serif\"><strong>Dibujando el g\u00e9nero.<\/strong> Gu\u00eda pedag\u00f3gica para trabajar la diversidad sexogen\u00e9rica con el alumnado de ESO, a trav\u00e9s de recursos audiovisuales (animaciones). Autor\u00eda: Gerard Coll-Planas y Maria Vidal.<\/span>\n<ul>\n<li style=\"list-style-type: none\">\n<ul>\n<li><span style=\"font-family: arial, helvetica, sans-serif\"><a href=\"http:\/\/www.dibgen.com\/pdf\/guia_pedagogica_Dibujando_el_genero.pdf\" target=\"_blank\" rel=\"noopener noreferrer\"><strong>Gu\u00eda<\/strong><\/a><\/span><\/li>\n<li><strong><span style=\"font-family: arial, helvetica, sans-serif\"><a href=\"http:\/\/salutsexual.sidastudi.org\/es\/registro\/a53b7fb35964dafc0159f4dc303e02b7\" target=\"_blank\" rel=\"noopener noreferrer\">Animaciones<\/a><\/span><\/strong><\/li>\n<\/ul>\n<\/li>\n<\/ul>\n<\/li>\n<\/ul>\n<p>&nbsp;<\/p>\n<p>&nbsp;<\/p>\n<div style=\"width: 1280px;\" class=\"wp-video\"><!--[if lt IE 9]><script>document.createElement('video');<\/script><![endif]-->\n<video class=\"wp-video-shortcode\" id=\"video-206-1\" width=\"1280\" height=\"720\" preload=\"metadata\" controls=\"controls\"><source type=\"video\/mp4\" src=\"https:\/\/blogsaverroes.juntadeandalucia.es\/cosjmalaga\/files\/2021\/11\/Dibujando-el-g\u00e9nero_-cap\u00edtulo-1.mp4?_=1\" \/><a href=\"https:\/\/blogsaverroes.juntadeandalucia.es\/cosjmalaga\/files\/2021\/11\/Dibujando-el-g\u00e9nero_-cap\u00edtulo-1.mp4\">https:\/\/blogsaverroes.juntadeandalucia.es\/cosjmalaga\/files\/2021\/11\/Dibujando-el-g\u00e9nero_-cap\u00edtulo-1.mp4<\/a><\/video><\/div>\n<div style=\"width: 1280px;\" class=\"wp-video\"><video class=\"wp-video-shortcode\" id=\"video-206-2\" width=\"1280\" height=\"720\" preload=\"metadata\" controls=\"controls\"><source type=\"video\/mp4\" src=\"https:\/\/blogsaverroes.juntadeandalucia.es\/cosjmalaga\/files\/2021\/11\/Dibujando-el-g\u00e9nero_-cap\u00edtulo-2.mp4?_=2\" \/><a href=\"https:\/\/blogsaverroes.juntadeandalucia.es\/cosjmalaga\/files\/2021\/11\/Dibujando-el-g\u00e9nero_-cap\u00edtulo-2.mp4\">https:\/\/blogsaverroes.juntadeandalucia.es\/cosjmalaga\/files\/2021\/11\/Dibujando-el-g\u00e9nero_-cap\u00edtulo-2.mp4<\/a><\/video><\/div>\n<div style=\"width: 1280px;\" class=\"wp-video\"><video class=\"wp-video-shortcode\" id=\"video-206-3\" width=\"1280\" height=\"720\" preload=\"metadata\" controls=\"controls\"><source type=\"video\/mp4\" src=\"https:\/\/blogsaverroes.juntadeandalucia.es\/cosjmalaga\/files\/2021\/11\/Dibujando-el-g\u00e9nero_-cap\u00edtulo-3.mp4?_=3\" \/><a href=\"https:\/\/blogsaverroes.juntadeandalucia.es\/cosjmalaga\/files\/2021\/11\/Dibujando-el-g\u00e9nero_-cap\u00edtulo-3.mp4\">https:\/\/blogsaverroes.juntadeandalucia.es\/cosjmalaga\/files\/2021\/11\/Dibujando-el-g\u00e9nero_-cap\u00edtulo-3.mp4<\/a><\/video><\/div>\n<div style=\"width: 1280px;\" class=\"wp-video\"><video class=\"wp-video-shortcode\" id=\"video-206-4\" width=\"1280\" height=\"720\" preload=\"metadata\" controls=\"controls\"><source type=\"video\/mp4\" src=\"https:\/\/blogsaverroes.juntadeandalucia.es\/cosjmalaga\/files\/2021\/11\/Dibujando-el-g\u00e9nero_-cap\u00edtulo-2-1.mp4?_=4\" \/><a href=\"https:\/\/blogsaverroes.juntadeandalucia.es\/cosjmalaga\/files\/2021\/11\/Dibujando-el-g\u00e9nero_-cap\u00edtulo-2-1.mp4\">https:\/\/blogsaverroes.juntadeandalucia.es\/cosjmalaga\/files\/2021\/11\/Dibujando-el-g\u00e9nero_-cap\u00edtulo-2-1.mp4<\/a><\/video><\/div>\n<p>&nbsp;<\/p>\n<ul>\n<li style=\"list-style-type: none\">\n<ul>\n<li style=\"list-style-type: none\">&nbsp;<br \/>\n<blockquote><p><span style=\"font-size: 14pt\"><strong><span style=\"font-family: arial, helvetica, sans-serif\">BIBLIOGRAF\u00cdA RECOMENDADA:<\/span><\/strong><\/span><\/p>\n<p><img loading=\"lazy\" decoding=\"async\" class=\"alignnone wp-image-1241\" src=\"https:\/\/blogsaverroes.juntadeandalucia.es\/cosjmalaga\/files\/2023\/06\/COMO-EDUCAR-ROJO.jpg\" alt=\"\" width=\"237\" height=\"356\"><img loading=\"lazy\" decoding=\"async\" class=\"alignnone wp-image-1242\" src=\"https:\/\/blogsaverroes.juntadeandalucia.es\/cosjmalaga\/files\/2023\/06\/COMO-EDUCAR-VERDE.jpg\" alt=\"\" width=\"236\" height=\"355\"><img loading=\"lazy\" decoding=\"async\" class=\"alignnone wp-image-1243\" src=\"https:\/\/blogsaverroes.juntadeandalucia.es\/cosjmalaga\/files\/2023\/06\/HERRAMIENTAS.jpg\" alt=\"\" width=\"244\" height=\"352\"><img loading=\"lazy\" decoding=\"async\" class=\"alignnone wp-image-1244\" src=\"https:\/\/blogsaverroes.juntadeandalucia.es\/cosjmalaga\/files\/2023\/06\/TRANSEXUALIDADES-1.jpg\" alt=\"\" width=\"239\" height=\"375\"> <img loading=\"lazy\" decoding=\"async\" class=\"alignnone size-full wp-image-1245\" src=\"https:\/\/blogsaverroes.juntadeandalucia.es\/cosjmalaga\/files\/2023\/06\/PEDAGOG\u00cdAS-QUEER.jpg\" alt=\"\" width=\"266\" height=\"189\"><\/p><\/blockquote>\n<\/li>\n<\/ul>\n<\/li>\n<\/ul>\n","protected":false},"excerpt":{"rendered":"<p>PREVENCI\u00d3N DE ACOSO LGTBIF\u00d3BICO:&nbsp; Ejemplos de carteler\u00eda de prevenci\u00f3n del acoso Dirigido a posibles personas acosadoras: https:\/\/www.canva.com\/design\/DAGUevCe60U\/eg0CTj5zPcaNtG3F7GJF5w\/edit?utm_content=DAGUevCe60U&amp;utm_campaign=designshare&amp;utm_medium=link2&amp;utm_source=sharebutton Dirigido a las posibles v\u00edctimas:&nbsp; Dirigido a las personas observadoras pasivas:&nbsp; RECURSOS PARA TRABAJAR LA DIVERSIDAD FAMILIAR:&nbsp;&#46;&#46;&#46;<\/p>\n","protected":false},"author":12075,"featured_media":0,"parent":0,"menu_order":0,"comment_status":"closed","ping_status":"closed","template":"","meta":{"ngg_post_thumbnail":0,"footnotes":""},"aioseo_notices":[],"post_mailing_queue_ids":[],"_links":{"self":[{"href":"https:\/\/blogsaverroes.juntadeandalucia.es\/cosjmalaga\/wp-json\/wp\/v2\/pages\/206"}],"collection":[{"href":"https:\/\/blogsaverroes.juntadeandalucia.es\/cosjmalaga\/wp-json\/wp\/v2\/pages"}],"about":[{"href":"https:\/\/blogsaverroes.juntadeandalucia.es\/cosjmalaga\/wp-json\/wp\/v2\/types\/page"}],"author":[{"embeddable":true,"href":"https:\/\/blogsaverroes.juntadeandalucia.es\/cosjmalaga\/wp-json\/wp\/v2\/users\/12075"}],"replies":[{"embeddable":true,"href":"https:\/\/blogsaverroes.juntadeandalucia.es\/cosjmalaga\/wp-json\/wp\/v2\/comments?post=206"}],"version-history":[{"count":43,"href":"https:\/\/blogsaverroes.juntadeandalucia.es\/cosjmalaga\/wp-json\/wp\/v2\/pages\/206\/revisions"}],"predecessor-version":[{"id":1524,"href":"https:\/\/blogsaverroes.juntadeandalucia.es\/cosjmalaga\/wp-json\/wp\/v2\/pages\/206\/revisions\/1524"}],"wp:attachment":[{"href":"https:\/\/blogsaverroes.juntadeandalucia.es\/cosjmalaga\/wp-json\/wp\/v2\/media?parent=206"}],"curies":[{"name":"wp","href":"https:\/\/api.w.org\/{rel}","templated":true}]}}