{"id":2330,"date":"2023-05-16T11:47:41","date_gmt":"2023-05-16T09:47:41","guid":{"rendered":"https:\/\/blogsaverroes.juntadeandalucia.es\/cperpaulofreire\/?page_id=2330"},"modified":"2023-05-16T11:50:14","modified_gmt":"2023-05-16T09:50:14","slug":"ciclo-formativos-grado-superior","status":"publish","type":"page","link":"https:\/\/blogsaverroes.juntadeandalucia.es\/cperpaulofreire\/ciclo-formativos-grado-superior\/","title":{"rendered":"Ciclo Formativos Grado Superior"},"content":{"rendered":"<p>[et_pb_section fb_built=&#8221;1&#8243; admin_label=&#8221;Acceso&#8221; _builder_version=&#8221;3.23.3&#8243; custom_padding=&#8221;0px||0px|&#8221; z_index_tablet=&#8221;500&#8243; box_shadow_horizontal_tablet=&#8221;0px&#8221; box_shadow_vertical_tablet=&#8221;0px&#8221; box_shadow_blur_tablet=&#8221;40px&#8221; box_shadow_spread_tablet=&#8221;0px&#8221; global_colors_info=&#8221;{}&#8221;][et_pb_row _builder_version=&#8221;3.25&#8243; background_size=&#8221;initial&#8221; background_position=&#8221;top_left&#8221; background_repeat=&#8221;repeat&#8221; global_colors_info=&#8221;{}&#8221;][et_pb_column type=&#8221;4_4&#8243; _builder_version=&#8221;3.0.47&#8243; custom_padding=&#8221;|||&#8221; global_colors_info=&#8221;{}&#8221; custom_padding__hover=&#8221;|||&#8221;][et_pb_image title_text=&#8221;pexels-polina-tankilevitch-3735715&#8243; align=&#8221;center&#8221; admin_label=&#8221;Imagen de la portada&#8221; _builder_version=&#8221;4.14.5&#8243; vertical_offset_tablet=&#8221;0&#8243; horizontal_offset_tablet=&#8221;0&#8243; filter_contrast=&#8221;128%&#8221; animation_style=&#8221;fade&#8221; z_index_tablet=&#8221;500&#8243; border_radii=&#8221;on|19px|19px|19px|19px&#8221; border_width_all=&#8221;3px&#8221; border_color_all=&#8221;rgba(0,19,96,0.73)&#8221; box_shadow_style=&#8221;preset2&#8243; box_shadow_horizontal_tablet=&#8221;0px&#8221; box_shadow_vertical_tablet=&#8221;0px&#8221; box_shadow_blur_tablet=&#8221;40px&#8221; box_shadow_spread_tablet=&#8221;0px&#8221; global_colors_info=&#8221;{}&#8221; src=&#8221;https:\/\/blogsaverroes.juntadeandalucia.es\/cperpaulofreire\/files\/2023\/05\/pexels-polina-tankilevitch-3735715-scaled-e1684230405749.jpg&#8221; hover_enabled=&#8221;0&#8243; sticky_enabled=&#8221;0&#8243;][\/et_pb_image][et_pb_text admin_label=&#8221;Texto descriptivo&#8221; _builder_version=&#8221;4.14.5&#8243; custom_padding=&#8221;||1px|||&#8221; hover_enabled=&#8221;0&#8243; z_index_tablet=&#8221;500&#8243; text_text_shadow_horizontal_length_tablet=&#8221;0px&#8221; text_text_shadow_vertical_length_tablet=&#8221;0px&#8221; text_text_shadow_blur_strength_tablet=&#8221;1px&#8221; link_text_shadow_horizontal_length_tablet=&#8221;0px&#8221; link_text_shadow_vertical_length_tablet=&#8221;0px&#8221; link_text_shadow_blur_strength_tablet=&#8221;1px&#8221; ul_text_shadow_horizontal_length_tablet=&#8221;0px&#8221; ul_text_shadow_vertical_length_tablet=&#8221;0px&#8221; ul_text_shadow_blur_strength_tablet=&#8221;1px&#8221; ol_text_shadow_horizontal_length_tablet=&#8221;0px&#8221; ol_text_shadow_vertical_length_tablet=&#8221;0px&#8221; ol_text_shadow_blur_strength_tablet=&#8221;1px&#8221; quote_text_shadow_horizontal_length_tablet=&#8221;0px&#8221; quote_text_shadow_vertical_length_tablet=&#8221;0px&#8221; quote_text_shadow_blur_strength_tablet=&#8221;1px&#8221; header_text_shadow_horizontal_length_tablet=&#8221;0px&#8221; header_text_shadow_vertical_length_tablet=&#8221;0px&#8221; header_text_shadow_blur_strength_tablet=&#8221;1px&#8221; header_2_text_shadow_horizontal_length_tablet=&#8221;0px&#8221; header_2_text_shadow_vertical_length_tablet=&#8221;0px&#8221; header_2_text_shadow_blur_strength_tablet=&#8221;1px&#8221; header_3_text_shadow_horizontal_length_tablet=&#8221;0px&#8221; header_3_text_shadow_vertical_length_tablet=&#8221;0px&#8221; header_3_text_shadow_blur_strength_tablet=&#8221;1px&#8221; header_4_text_shadow_horizontal_length_tablet=&#8221;0px&#8221; header_4_text_shadow_vertical_length_tablet=&#8221;0px&#8221; header_4_text_shadow_blur_strength_tablet=&#8221;1px&#8221; header_5_text_shadow_horizontal_length_tablet=&#8221;0px&#8221; header_5_text_shadow_vertical_length_tablet=&#8221;0px&#8221; header_5_text_shadow_blur_strength_tablet=&#8221;1px&#8221; header_6_text_shadow_horizontal_length_tablet=&#8221;0px&#8221; header_6_text_shadow_vertical_length_tablet=&#8221;0px&#8221; header_6_text_shadow_blur_strength_tablet=&#8221;1px&#8221; box_shadow_horizontal_tablet=&#8221;0px&#8221; box_shadow_vertical_tablet=&#8221;0px&#8221; box_shadow_blur_tablet=&#8221;40px&#8221; box_shadow_spread_tablet=&#8221;0px&#8221; global_colors_info=&#8221;{}&#8221; sticky_enabled=&#8221;0&#8243;]<\/p>\n<h2 style=\"text-align: center\"><span style=\"text-decoration: underline;color: #003366\"><em><strong>Preparaci\u00f3n para la Prueba de Acceso a Ciclos Formativos de Grado Superior<\/strong><\/em><\/span><\/h2>\n<p>La superac\u00edon de esta prueba te permite acceder a un Ciclo Formativo de Grado Superior de la familia relacionada con la opci\u00f3n de acceso.<\/p>\n<p>Existen 3 opciones de acceso, la opci\u00f3n A, la opci\u00f3n B y la opci\u00f3n C. Nosotros impartimos en nuestro Centro la opci\u00f3n A, la cual te dar\u00e1 acceso a un Ciclo Formativo de Grado Superior de las familias profesiones de:<\/p>\n<ul>\n<li>Administraci\u00f3n y gesti\u00f3n.<\/li>\n<li>Comercio y marketing.<\/li>\n<li>Hosteler\u00eda y turismo.<\/li>\n<li>Servicios socioculturales a la comunidad.<\/li>\n<\/ul>\n<p>Esta opci\u00f3n tiene 5 asignaturas:<\/p>\n<p>&#8211; 3 Comunes: <strong>Lengua, Matem\u00e1ticas y Lengua Extrangera (Ingl\u00e9s).<\/strong><\/p>\n<p>-2 Espec\u00edficas: <strong>Econom\u00eda de Empresa y Geograf\u00eda<\/strong>.<\/p>\n<p>Esta prueba tiene equivalencia al Bachillerato en aquellas pruebas, oposiciones o bases en las que se exija Bachillerato o <strong>&#8220;similar&#8221;<\/strong>.<\/p>\n<p>Si necesitas m\u00e1s informaci\u00f3n haz clic en el siguiente enlace:<\/p>\n<p style=\"text-align: center\"><a href=\"https:\/\/www.juntadeandalucia.es\/educacion\/portals\/web\/formacion-profesional-andaluza\/quiero-formarme\/pruebas-y-procedimientos\/pruebas-acceso\" target=\"_blank\" rel=\"noopener noreferrer\"><span style=\"text-decoration: underline\">ACCESO A CICLOS FORMATIVOS DE GRADO SUPERIOR<\/span><\/a><\/p>\n<ul><\/ul>\n<p style=\"text-align: left\">Al igual que toda nuestra oferta,<strong> este Plan Educativo es gratuito.<\/strong><\/p>\n<p>[\/et_pb_text][\/et_pb_column][\/et_pb_row][\/et_pb_section]<\/p>\n","protected":false},"excerpt":{"rendered":"<p>Preparaci\u00f3n para la Prueba de Acceso a Ciclos Formativos de Grado Superior La superac\u00edon de esta prueba te permite acceder a un Ciclo Formativo de Grado Superior de la familia relacionada con la opci\u00f3n de acceso. Existen 3 opciones de acceso, la opci\u00f3n A, la opci\u00f3n B y la opci\u00f3n C. Nosotros impartimos en nuestro [&hellip;]<\/p>\n","protected":false},"author":12387,"featured_media":0,"parent":0,"menu_order":0,"comment_status":"closed","ping_status":"closed","template":"","meta":{"_et_pb_use_builder":"on","_et_pb_old_content":"","_et_gb_content_width":"","footnotes":""},"aioseo_notices":[],"_links":{"self":[{"href":"https:\/\/blogsaverroes.juntadeandalucia.es\/cperpaulofreire\/wp-json\/wp\/v2\/pages\/2330"}],"collection":[{"href":"https:\/\/blogsaverroes.juntadeandalucia.es\/cperpaulofreire\/wp-json\/wp\/v2\/pages"}],"about":[{"href":"https:\/\/blogsaverroes.juntadeandalucia.es\/cperpaulofreire\/wp-json\/wp\/v2\/types\/page"}],"author":[{"embeddable":true,"href":"https:\/\/blogsaverroes.juntadeandalucia.es\/cperpaulofreire\/wp-json\/wp\/v2\/users\/12387"}],"replies":[{"embeddable":true,"href":"https:\/\/blogsaverroes.juntadeandalucia.es\/cperpaulofreire\/wp-json\/wp\/v2\/comments?post=2330"}],"version-history":[{"count":3,"href":"https:\/\/blogsaverroes.juntadeandalucia.es\/cperpaulofreire\/wp-json\/wp\/v2\/pages\/2330\/revisions"}],"predecessor-version":[{"id":2337,"href":"https:\/\/blogsaverroes.juntadeandalucia.es\/cperpaulofreire\/wp-json\/wp\/v2\/pages\/2330\/revisions\/2337"}],"wp:attachment":[{"href":"https:\/\/blogsaverroes.juntadeandalucia.es\/cperpaulofreire\/wp-json\/wp\/v2\/media?parent=2330"}],"curies":[{"name":"wp","href":"https:\/\/api.w.org\/{rel}","templated":true}]}}

<p>[et_pb_section fb_built=&#8221;1&#8243; admin_label=&#8221;Acceso&#8221; _builder_version=&#8221;3.23.3&#8243; custom_padding=&#8221;0px||0px|&#8221; z_index_tablet=&#8221;500&#8243; box_shadow_horizontal_tablet=&#8221;0px&#8221; box_shadow_vertical_tablet=&#8221;0px&#8221; box_shadow_blur_tablet=&#8221;40px&#8221; box_shadow_spread_tablet=&#8221;0px&#8221; global_colors_info=&#8221;{}&#8221;][et_pb_row _builder_version=&#8221;3.25&#8243; background_size=&#8221;initial&#8221; background_position=&#8221;top_left&#8221; background_repeat=&#8221;repeat&#8221; global_colors_info=&#8221;{}&#8221;][et_pb_column type=&#8221;4_4&#8243; _builder_version=&#8221;3.0.47&#8243; custom_padding=&#8221;|||&#8221; global_colors_info=&#8221;{}&#8221; custom_padding__hover=&#8221;|||&#8221;][et_pb_image title_text=&#8221;pexels-polina-tankilevitch-3735715&#8243; align=&#8221;center&#8221; admin_label=&#8221;Imagen de la portada&#8221; _builder_version=&#8221;4.14.5&#8243; vertical_offset_tablet=&#8221;0&#8243; horizontal_offset_tablet=&#8221;0&#8243; filter_contrast=&#8221;128%&#8221; animation_style=&#8221;fade&#8221; z_index_tablet=&#8221;500&#8243; border_radii=&#8221;on|19px|19px|19px|19px&#8221; border_width_all=&#8221;3px&#8221; border_color_all=&#8221;rgba(0,19,96,0.73)&#8221; box_shadow_style=&#8221;preset2&#8243; box_shadow_horizontal_tablet=&#8221;0px&#8221; box_shadow_vertical_tablet=&#8221;0px&#8221; box_shadow_blur_tablet=&#8221;40px&#8221; box_shadow_spread_tablet=&#8221;0px&#8221; global_colors_info=&#8221;{}&#8221; src=&#8221;https://blogsaverroes.juntadeandalucia.es/cperpaulofreire/files/2023/05/pexels-polina-tankilevitch-3735715-scaled-e1684230405749.jpg&#8221; hover_enabled=&#8221;0&#8243; sticky_enabled=&#8221;0&#8243;][/et_pb_image][et_pb_text admin_label=&#8221;Texto descriptivo&#8221; _builder_version=&#8221;4.14.5&#8243; custom_padding=&#8221;||1px|||&#8221; hover_enabled=&#8221;0&#8243; z_index_tablet=&#8221;500&#8243; text_text_shadow_horizontal_length_tablet=&#8221;0px&#8221; text_text_shadow_vertical_length_tablet=&#8221;0px&#8221; text_text_shadow_blur_strength_tablet=&#8221;1px&#8221; link_text_shadow_horizontal_length_tablet=&#8221;0px&#8221; link_text_shadow_vertical_length_tablet=&#8221;0px&#8221; link_text_shadow_blur_strength_tablet=&#8221;1px&#8221; ul_text_shadow_horizontal_length_tablet=&#8221;0px&#8221; ul_text_shadow_vertical_length_tablet=&#8221;0px&#8221; ul_text_shadow_blur_strength_tablet=&#8221;1px&#8221; ol_text_shadow_horizontal_length_tablet=&#8221;0px&#8221; ol_text_shadow_vertical_length_tablet=&#8221;0px&#8221; ol_text_shadow_blur_strength_tablet=&#8221;1px&#8221; quote_text_shadow_horizontal_length_tablet=&#8221;0px&#8221; quote_text_shadow_vertical_length_tablet=&#8221;0px&#8221; quote_text_shadow_blur_strength_tablet=&#8221;1px&#8221; header_text_shadow_horizontal_length_tablet=&#8221;0px&#8221; header_text_shadow_vertical_length_tablet=&#8221;0px&#8221; header_text_shadow_blur_strength_tablet=&#8221;1px&#8221; header_2_text_shadow_horizontal_length_tablet=&#8221;0px&#8221; header_2_text_shadow_vertical_length_tablet=&#8221;0px&#8221; header_2_text_shadow_blur_strength_tablet=&#8221;1px&#8221; header_3_text_shadow_horizontal_length_tablet=&#8221;0px&#8221; header_3_text_shadow_vertical_length_tablet=&#8221;0px&#8221; header_3_text_shadow_blur_strength_tablet=&#8221;1px&#8221; header_4_text_shadow_horizontal_length_tablet=&#8221;0px&#8221; header_4_text_shadow_vertical_length_tablet=&#8221;0px&#8221; header_4_text_shadow_blur_strength_tablet=&#8221;1px&#8221; header_5_text_shadow_horizontal_length_tablet=&#8221;0px&#8221; header_5_text_shadow_vertical_length_tablet=&#8221;0px&#8221; header_5_text_shadow_blur_strength_tablet=&#8221;1px&#8221; header_6_text_shadow_horizontal_length_tablet=&#8221;0px&#8221; header_6_text_shadow_vertical_length_tablet=&#8221;0px&#8221; header_6_text_shadow_blur_strength_tablet=&#8221;1px&#8221; box_shadow_horizontal_tablet=&#8221;0px&#8221; box_shadow_vertical_tablet=&#8221;0px&#8221; box_shadow_blur_tablet=&#8221;40px&#8221; box_shadow_spread_tablet=&#8221;0px&#8221; global_colors_info=&#8221;{}&#8221; sticky_enabled=&#8221;0&#8243;]</p>
<h2 style="text-align: center"><span style="text-decoration: underline;color: #003366"><em><strong>Preparación para la Prueba de Acceso a Ciclos Formativos de Grado Superior</strong></em></span></h2>
<p>La superacíon de esta prueba te permite acceder a un Ciclo Formativo de Grado Superior de la familia relacionada con la opción de acceso.</p>
<p>Existen 3 opciones de acceso, la opción A, la opción B y la opción C. Nosotros impartimos en nuestro Centro la opción A, la cual te dará acceso a un Ciclo Formativo de Grado Superior de las familias profesiones de:</p>
<ul>
<li>Administración y gestión.</li>
<li>Comercio y marketing.</li>
<li>Hostelería y turismo.</li>
<li>Servicios socioculturales a la comunidad.</li>
</ul>
<p>Esta opción tiene 5 asignaturas:</p>
<p>&#8211; 3 Comunes: <strong>Lengua, Matemáticas y Lengua Extrangera (Inglés).</strong></p>
<p>-2 Específicas: <strong>Economía de Empresa y Geografía</strong>.</p>
<p>Esta prueba tiene equivalencia al Bachillerato en aquellas pruebas, oposiciones o bases en las que se exija Bachillerato o <strong>&#8220;similar&#8221;</strong>.</p>
<p>Si necesitas más información haz clic en el siguiente enlace:</p>
<p style="text-align: center"><a href="https://www.juntadeandalucia.es/educacion/portals/web/formacion-profesional-andaluza/quiero-formarme/pruebas-y-procedimientos/pruebas-acceso" target="_blank" rel="noopener noreferrer"><span style="text-decoration: underline">ACCESO A CICLOS FORMATIVOS DE GRADO SUPERIOR</span></a></p>
<ul></ul>
<p style="text-align: left">Al igual que toda nuestra oferta,<strong> este Plan Educativo es gratuito.</strong></p>
<p>[/et_pb_text][/et_pb_column][/et_pb_row][/et_pb_section]</p>

<p>Preparación para la Prueba de Acceso a Ciclos Formativos de Grado Superior La superacíon de esta prueba te permite acceder a un Ciclo Formativo de Grado Superior de la familia relacionada con la opción de acceso. Existen 3 opciones de acceso, la opción A, la opción B y la opción C. Nosotros impartimos en nuestro [&hellip;]</p>
