{"id":44,"date":"2015-03-13T08:42:15","date_gmt":"2015-03-13T08:42:15","guid":{"rendered":"http:\/\/blogsaverroes.juntadeandalucia.es\/pre\/ceip\/?page_id=44"},"modified":"2022-05-05T10:17:05","modified_gmt":"2022-05-05T08:17:05","slug":"planes-y-proyectos","status":"publish","type":"page","link":"https:\/\/blogsaverroes.juntadeandalucia.es\/cpifpalmeraya\/planes-y-proyectos\/","title":{"rendered":"Planes y Programas"},"content":{"rendered":"<h3>Planes y Programas desarrollados en el Centro:<\/h3>\n<ul>\n<li><a href=\"https:\/\/blogsaverroes.juntadeandalucia.es\/cpifpalmeraya\/erasmus\/2667-2\/\">Erasmus+.<\/a><\/li>\n<li>Pr\u00e1cticum M\u00e1ster Secundaria.<\/li>\n<li><a href=\"https:\/\/blogsaverroes.juntadeandalucia.es\/cpifpalmeraya\/planes-y-proyectos\/plan-de-salud-laboral\/\">Plan de Salud Laboral y P.R.L.<\/a><\/li>\n<li>Convivencia Escolar.<\/li>\n<li><a href=\"https:\/\/blogsaverroes.juntadeandalucia.es\/cpifpalmeraya\/planes-y-proyectos\/transformacion-digital-educativa\/\">Proceso de Transformaci\u00f3n Digital Educativa.<\/a><\/li>\n<li><a title=\"Proyecto Forma Joven 2020\/2021\" href=\"https:\/\/blogsaverroes.juntadeandalucia.es\/cpifpalmeraya\/planes-y-proyectos\/proyecto-forma-joven-2020-2021\/\">Forma joven en el \u00e1mbito educativo<\/a>.<\/li>\n<li><a href=\"https:\/\/blogsaverroes.juntadeandalucia.es\/aferrartealpatrimonio\/\">Vivir y Sentir el Patrimonio.<\/a><\/li>\n<li><a href=\"https:\/\/blogsaverroes.juntadeandalucia.es\/cpifpalmeraya\/category\/planes-y-programas\/noticias_plan_igualdad\/\">Plan de igualdad de g\u00e9nero en educaci\u00f3n.<\/a><\/li>\n<li>Proyectos lectores y planes de uso de las bibliotecas escolares.<\/li>\n<li><a href=\"https:\/\/blogsaverroes.juntadeandalucia.es\/cpifpalmeraya\/planes-y-proyectos\/innicia\/\">Programa Innicia.<\/a><\/li>\n<li>Pr\u00e1cticum Cofpyde.<\/li>\n<\/ul>\n","protected":false},"excerpt":{"rendered":"<p>Planes y Programas desarrollados en el Centro: Erasmus+. Pr\u00e1cticum M\u00e1ster Secundaria. Plan de Salud Laboral y P.R.L. Convivencia Escolar. Proceso de Transformaci\u00f3n Digital Educativa. Forma joven en el \u00e1mbito educativo. Vivir y Sentir el&#46;&#46;&#46;<\/p>\n","protected":false},"author":1,"featured_media":0,"parent":0,"menu_order":0,"comment_status":"open","ping_status":"closed","template":"page-templates\/child-menu.php","meta":{"ngg_post_thumbnail":0,"footnotes":"","_mc_calendar":[]},"aioseo_notices":[],"_links":{"self":[{"href":"https:\/\/blogsaverroes.juntadeandalucia.es\/cpifpalmeraya\/wp-json\/wp\/v2\/pages\/44"}],"collection":[{"href":"https:\/\/blogsaverroes.juntadeandalucia.es\/cpifpalmeraya\/wp-json\/wp\/v2\/pages"}],"about":[{"href":"https:\/\/blogsaverroes.juntadeandalucia.es\/cpifpalmeraya\/wp-json\/wp\/v2\/types\/page"}],"author":[{"embeddable":true,"href":"https:\/\/blogsaverroes.juntadeandalucia.es\/cpifpalmeraya\/wp-json\/wp\/v2\/users\/1"}],"replies":[{"embeddable":true,"href":"https:\/\/blogsaverroes.juntadeandalucia.es\/cpifpalmeraya\/wp-json\/wp\/v2\/comments?post=44"}],"version-history":[{"count":13,"href":"https:\/\/blogsaverroes.juntadeandalucia.es\/cpifpalmeraya\/wp-json\/wp\/v2\/pages\/44\/revisions"}],"predecessor-version":[{"id":4501,"href":"https:\/\/blogsaverroes.juntadeandalucia.es\/cpifpalmeraya\/wp-json\/wp\/v2\/pages\/44\/revisions\/4501"}],"wp:attachment":[{"href":"https:\/\/blogsaverroes.juntadeandalucia.es\/cpifpalmeraya\/wp-json\/wp\/v2\/media?parent=44"}],"curies":[{"name":"wp","href":"https:\/\/api.w.org\/{rel}","templated":true}]}}

<h3>Planes y Programas desarrollados en el Centro:</h3>
<ul>
<li><a href="https://blogsaverroes.juntadeandalucia.es/cpifpalmeraya/erasmus/2667-2/">Erasmus+.</a></li>
<li>Prácticum Máster Secundaria.</li>
<li><a href="https://blogsaverroes.juntadeandalucia.es/cpifpalmeraya/planes-y-proyectos/plan-de-salud-laboral/">Plan de Salud Laboral y P.R.L.</a></li>
<li>Convivencia Escolar.</li>
<li><a href="https://blogsaverroes.juntadeandalucia.es/cpifpalmeraya/planes-y-proyectos/transformacion-digital-educativa/">Proceso de Transformación Digital Educativa.</a></li>
<li><a title="Proyecto Forma Joven 2020/2021" href="https://blogsaverroes.juntadeandalucia.es/cpifpalmeraya/planes-y-proyectos/proyecto-forma-joven-2020-2021/">Forma joven en el ámbito educativo</a>.</li>
<li><a href="https://blogsaverroes.juntadeandalucia.es/aferrartealpatrimonio/">Vivir y Sentir el Patrimonio.</a></li>
<li><a href="https://blogsaverroes.juntadeandalucia.es/cpifpalmeraya/category/planes-y-programas/noticias_plan_igualdad/">Plan de igualdad de género en educación.</a></li>
<li>Proyectos lectores y planes de uso de las bibliotecas escolares.</li>
<li><a href="https://blogsaverroes.juntadeandalucia.es/cpifpalmeraya/planes-y-proyectos/innicia/">Programa Innicia.</a></li>
<li>Prácticum Cofpyde.</li>
</ul>

<p>Planes y Programas desarrollados en el Centro: Erasmus+. Prácticum Máster Secundaria. Plan de Salud Laboral y P.R.L. Convivencia Escolar. Proceso de Transformación Digital Educativa. Forma joven en el ámbito educativo. Vivir y Sentir el&#46;&#46;&#46;</p>
