{"id":4576,"date":"2022-05-27T11:14:30","date_gmt":"2022-05-27T09:14:30","guid":{"rendered":"https:\/\/blogsaverroes.juntadeandalucia.es\/cpifpalmeraya\/?page_id=4576"},"modified":"2023-10-31T10:30:16","modified_gmt":"2023-10-31T09:30:16","slug":"programa-acredita","status":"publish","type":"page","link":"https:\/\/blogsaverroes.juntadeandalucia.es\/cpifpalmeraya\/programa-acredita\/","title":{"rendered":"Programa Acredita"},"content":{"rendered":"<p><a href=\"https:\/\/www.juntadeandalucia.es\/educacion\/portals\/delegate\/content\/243d8d93-aa80-48ba-98b8-e620435d6042\"><img loading=\"lazy\" decoding=\"async\" class=\"alignnone size-full wp-image-4584\" src=\"https:\/\/blogsaverroes.juntadeandalucia.es\/cpifpalmeraya\/files\/2022\/05\/maxresdefault.jpg\" alt=\"\" width=\"1280\" height=\"720\" srcset=\"https:\/\/blogsaverroes.juntadeandalucia.es\/cpifpalmeraya\/files\/2022\/05\/maxresdefault.jpg 1280w, https:\/\/blogsaverroes.juntadeandalucia.es\/cpifpalmeraya\/files\/2022\/05\/maxresdefault-300x169.jpg 300w, https:\/\/blogsaverroes.juntadeandalucia.es\/cpifpalmeraya\/files\/2022\/05\/maxresdefault-1024x576.jpg 1024w, https:\/\/blogsaverroes.juntadeandalucia.es\/cpifpalmeraya\/files\/2022\/05\/maxresdefault-768x432.jpg 768w\" sizes=\"(max-width: 1280px) 100vw, 1280px\" \/><\/a><\/p>\n<hr>\n<p>Atendiendo a lo recogido en el art\u00edculo 34 del Reglamento (UE) 2021\/241 del Parlamento Europeo y del Consejo de 12 de febrero de 2021 por el que se establece el Mecanismo de Recuperaci\u00f3n y Resiliencia y en el Art\u00edculo 9 de la Orden HFP\/1030\/2021, de 29 de septiembre, por la que se configura el sistema de gesti\u00f3n del Plan de Recuperaci\u00f3n, Transformaci\u00f3n y Resiliencia:<br \/>\nComunicamos que en este Centro se lleva a cabo el procedimiento de Acreditaciones Profesionales a trav\u00e9s del Instituto Andaluz de Acreditaciones Profesionales (IACP), financiado por la Uni\u00f3n Europea &#8211; NextGenerationEU.<\/p>\n<p><a href=\"https:\/\/blogsaverroes.juntadeandalucia.es\/cpifpalmeraya\/files\/2022\/05\/logosCalidad.jpg\"><img loading=\"lazy\" decoding=\"async\" class=\"alignnone size-full wp-image-4577\" src=\"https:\/\/blogsaverroes.juntadeandalucia.es\/cpifpalmeraya\/files\/2022\/05\/logosCalidad.jpg\" alt=\"\" width=\"1280\" height=\"250\" srcset=\"https:\/\/blogsaverroes.juntadeandalucia.es\/cpifpalmeraya\/files\/2022\/05\/logosCalidad.jpg 1280w, https:\/\/blogsaverroes.juntadeandalucia.es\/cpifpalmeraya\/files\/2022\/05\/logosCalidad-300x59.jpg 300w, https:\/\/blogsaverroes.juntadeandalucia.es\/cpifpalmeraya\/files\/2022\/05\/logosCalidad-1024x200.jpg 1024w, https:\/\/blogsaverroes.juntadeandalucia.es\/cpifpalmeraya\/files\/2022\/05\/logosCalidad-768x150.jpg 768w\" sizes=\"(max-width: 1280px) 100vw, 1280px\" \/><\/a><\/p>\n<p><a href=\"https:\/\/blogsaverroes.juntadeandalucia.es\/cpifpalmeraya\/files\/2022\/05\/PRTR.png\"><img loading=\"lazy\" decoding=\"async\" class=\"alignnone wp-image-4578\" src=\"https:\/\/blogsaverroes.juntadeandalucia.es\/cpifpalmeraya\/files\/2022\/05\/PRTR.png\" alt=\"\" width=\"501\" height=\"282\" srcset=\"https:\/\/blogsaverroes.juntadeandalucia.es\/cpifpalmeraya\/files\/2022\/05\/PRTR.png 1600w, https:\/\/blogsaverroes.juntadeandalucia.es\/cpifpalmeraya\/files\/2022\/05\/PRTR-300x169.png 300w, https:\/\/blogsaverroes.juntadeandalucia.es\/cpifpalmeraya\/files\/2022\/05\/PRTR-1024x576.png 1024w, https:\/\/blogsaverroes.juntadeandalucia.es\/cpifpalmeraya\/files\/2022\/05\/PRTR-768x432.png 768w, https:\/\/blogsaverroes.juntadeandalucia.es\/cpifpalmeraya\/files\/2022\/05\/PRTR-1536x864.png 1536w\" sizes=\"(max-width: 501px) 100vw, 501px\" \/><\/a><\/p>\n<p><a href=\"https:\/\/blogsaverroes.juntadeandalucia.es\/cpifpalmeraya\/files\/2022\/05\/MEFP_FSE_2014-2020.jpg\"><img loading=\"lazy\" decoding=\"async\" class=\"alignnone size-full wp-image-4579\" src=\"https:\/\/blogsaverroes.juntadeandalucia.es\/cpifpalmeraya\/files\/2022\/05\/MEFP_FSE_2014-2020.jpg\" alt=\"\" width=\"758\" height=\"202\" srcset=\"https:\/\/blogsaverroes.juntadeandalucia.es\/cpifpalmeraya\/files\/2022\/05\/MEFP_FSE_2014-2020.jpg 758w, https:\/\/blogsaverroes.juntadeandalucia.es\/cpifpalmeraya\/files\/2022\/05\/MEFP_FSE_2014-2020-300x80.jpg 300w\" sizes=\"(max-width: 758px) 100vw, 758px\" \/><\/a><\/p>\n<p><a href=\"https:\/\/blogsaverroes.juntadeandalucia.es\/cpifpalmeraya\/files\/2022\/09\/logo-consejeria-educacion.png\"><img loading=\"lazy\" decoding=\"async\" class=\"alignnone wp-image-4758\" src=\"https:\/\/blogsaverroes.juntadeandalucia.es\/cpifpalmeraya\/files\/2022\/09\/logo-consejeria-educacion.png\" alt=\"\" width=\"742\" height=\"147\" srcset=\"https:\/\/blogsaverroes.juntadeandalucia.es\/cpifpalmeraya\/files\/2022\/09\/logo-consejeria-educacion.png 1221w, https:\/\/blogsaverroes.juntadeandalucia.es\/cpifpalmeraya\/files\/2022\/09\/logo-consejeria-educacion-300x59.png 300w, https:\/\/blogsaverroes.juntadeandalucia.es\/cpifpalmeraya\/files\/2022\/09\/logo-consejeria-educacion-1024x203.png 1024w, https:\/\/blogsaverroes.juntadeandalucia.es\/cpifpalmeraya\/files\/2022\/09\/logo-consejeria-educacion-768x152.png 768w\" sizes=\"(max-width: 742px) 100vw, 742px\" \/><\/a><\/p>\n<p><a href=\"https:\/\/blogsaverroes.juntadeandalucia.es\/cpifpalmeraya\/files\/2022\/05\/Andaluciasemueve.jpg\"><img loading=\"lazy\" decoding=\"async\" class=\"alignnone size-full wp-image-4582\" src=\"https:\/\/blogsaverroes.juntadeandalucia.es\/cpifpalmeraya\/files\/2022\/05\/Andaluciasemueve.jpg\" alt=\"\" width=\"434\" height=\"229\" srcset=\"https:\/\/blogsaverroes.juntadeandalucia.es\/cpifpalmeraya\/files\/2022\/05\/Andaluciasemueve.jpg 434w, https:\/\/blogsaverroes.juntadeandalucia.es\/cpifpalmeraya\/files\/2022\/05\/Andaluciasemueve-300x158.jpg 300w\" sizes=\"(max-width: 434px) 100vw, 434px\" \/><\/a><\/p>\n<p><a href=\"https:\/\/blogsaverroes.juntadeandalucia.es\/cpifpalmeraya\/files\/2022\/09\/logo-FSE.png\"><img loading=\"lazy\" decoding=\"async\" class=\"alignnone size-full wp-image-4761\" src=\"https:\/\/blogsaverroes.juntadeandalucia.es\/cpifpalmeraya\/files\/2022\/09\/logo-FSE.png\" alt=\"\" width=\"1600\" height=\"336\" srcset=\"https:\/\/blogsaverroes.juntadeandalucia.es\/cpifpalmeraya\/files\/2022\/09\/logo-FSE.png 1600w, https:\/\/blogsaverroes.juntadeandalucia.es\/cpifpalmeraya\/files\/2022\/09\/logo-FSE-300x63.png 300w, https:\/\/blogsaverroes.juntadeandalucia.es\/cpifpalmeraya\/files\/2022\/09\/logo-FSE-1024x215.png 1024w, https:\/\/blogsaverroes.juntadeandalucia.es\/cpifpalmeraya\/files\/2022\/09\/logo-FSE-768x161.png 768w, https:\/\/blogsaverroes.juntadeandalucia.es\/cpifpalmeraya\/files\/2022\/09\/logo-FSE-1536x323.png 1536w\" sizes=\"(max-width: 1600px) 100vw, 1600px\" \/><\/a><\/p>\n<p><a href=\"https:\/\/blogsaverroes.juntadeandalucia.es\/cpifpalmeraya\/files\/2022\/05\/ESFinanciadoporlaUnionEuropea_POS.png\"><img loading=\"lazy\" decoding=\"async\" class=\"alignnone size-full wp-image-4583\" src=\"https:\/\/blogsaverroes.juntadeandalucia.es\/cpifpalmeraya\/files\/2022\/05\/ESFinanciadoporlaUnionEuropea_POS.png\" alt=\"\" width=\"1600\" height=\"470\" srcset=\"https:\/\/blogsaverroes.juntadeandalucia.es\/cpifpalmeraya\/files\/2022\/05\/ESFinanciadoporlaUnionEuropea_POS.png 1600w, https:\/\/blogsaverroes.juntadeandalucia.es\/cpifpalmeraya\/files\/2022\/05\/ESFinanciadoporlaUnionEuropea_POS-300x88.png 300w, https:\/\/blogsaverroes.juntadeandalucia.es\/cpifpalmeraya\/files\/2022\/05\/ESFinanciadoporlaUnionEuropea_POS-1024x301.png 1024w, https:\/\/blogsaverroes.juntadeandalucia.es\/cpifpalmeraya\/files\/2022\/05\/ESFinanciadoporlaUnionEuropea_POS-768x225.png 768w, https:\/\/blogsaverroes.juntadeandalucia.es\/cpifpalmeraya\/files\/2022\/05\/ESFinanciadoporlaUnionEuropea_POS-1536x451.png 1536w, https:\/\/blogsaverroes.juntadeandalucia.es\/cpifpalmeraya\/files\/2022\/05\/ESFinanciadoporlaUnionEuropea_POS-2048x601.png 2048w\" sizes=\"(max-width: 1600px) 100vw, 1600px\" \/><\/a><\/p>\n","protected":false},"excerpt":{"rendered":"<p>Atendiendo a lo recogido en el art\u00edculo 34 del Reglamento (UE) 2021\/241 del Parlamento Europeo y del Consejo de 12 de febrero de 2021 por el que se establece el Mecanismo de Recuperaci\u00f3n y&#46;&#46;&#46;<\/p>\n","protected":false},"author":10810,"featured_media":0,"parent":0,"menu_order":0,"comment_status":"closed","ping_status":"closed","template":"","meta":{"ngg_post_thumbnail":0,"footnotes":"","_mc_calendar":[]},"aioseo_notices":[],"_links":{"self":[{"href":"https:\/\/blogsaverroes.juntadeandalucia.es\/cpifpalmeraya\/wp-json\/wp\/v2\/pages\/4576"}],"collection":[{"href":"https:\/\/blogsaverroes.juntadeandalucia.es\/cpifpalmeraya\/wp-json\/wp\/v2\/pages"}],"about":[{"href":"https:\/\/blogsaverroes.juntadeandalucia.es\/cpifpalmeraya\/wp-json\/wp\/v2\/types\/page"}],"author":[{"embeddable":true,"href":"https:\/\/blogsaverroes.juntadeandalucia.es\/cpifpalmeraya\/wp-json\/wp\/v2\/users\/10810"}],"replies":[{"embeddable":true,"href":"https:\/\/blogsaverroes.juntadeandalucia.es\/cpifpalmeraya\/wp-json\/wp\/v2\/comments?post=4576"}],"version-history":[{"count":5,"href":"https:\/\/blogsaverroes.juntadeandalucia.es\/cpifpalmeraya\/wp-json\/wp\/v2\/pages\/4576\/revisions"}],"predecessor-version":[{"id":5912,"href":"https:\/\/blogsaverroes.juntadeandalucia.es\/cpifpalmeraya\/wp-json\/wp\/v2\/pages\/4576\/revisions\/5912"}],"wp:attachment":[{"href":"https:\/\/blogsaverroes.juntadeandalucia.es\/cpifpalmeraya\/wp-json\/wp\/v2\/media?parent=4576"}],"curies":[{"name":"wp","href":"https:\/\/api.w.org\/{rel}","templated":true}]}}

<p><a href="https://www.juntadeandalucia.es/educacion/portals/delegate/content/243d8d93-aa80-48ba-98b8-e620435d6042"><img loading="lazy" decoding="async" class="alignnone size-full wp-image-4584" src="https://blogsaverroes.juntadeandalucia.es/cpifpalmeraya/files/2022/05/maxresdefault.jpg" alt="" width="1280" height="720" srcset="https://blogsaverroes.juntadeandalucia.es/cpifpalmeraya/files/2022/05/maxresdefault.jpg 1280w, https://blogsaverroes.juntadeandalucia.es/cpifpalmeraya/files/2022/05/maxresdefault-300x169.jpg 300w, https://blogsaverroes.juntadeandalucia.es/cpifpalmeraya/files/2022/05/maxresdefault-1024x576.jpg 1024w, https://blogsaverroes.juntadeandalucia.es/cpifpalmeraya/files/2022/05/maxresdefault-768x432.jpg 768w" sizes="(max-width: 1280px) 100vw, 1280px" /></a></p>
<hr>
<p>Atendiendo a lo recogido en el artículo 34 del Reglamento (UE) 2021/241 del Parlamento Europeo y del Consejo de 12 de febrero de 2021 por el que se establece el Mecanismo de Recuperación y Resiliencia y en el Artículo 9 de la Orden HFP/1030/2021, de 29 de septiembre, por la que se configura el sistema de gestión del Plan de Recuperación, Transformación y Resiliencia:<br />
Comunicamos que en este Centro se lleva a cabo el procedimiento de Acreditaciones Profesionales a través del Instituto Andaluz de Acreditaciones Profesionales (IACP), financiado por la Unión Europea &#8211; NextGenerationEU.</p>
<p><a href="https://blogsaverroes.juntadeandalucia.es/cpifpalmeraya/files/2022/05/logosCalidad.jpg"><img loading="lazy" decoding="async" class="alignnone size-full wp-image-4577" src="https://blogsaverroes.juntadeandalucia.es/cpifpalmeraya/files/2022/05/logosCalidad.jpg" alt="" width="1280" height="250" srcset="https://blogsaverroes.juntadeandalucia.es/cpifpalmeraya/files/2022/05/logosCalidad.jpg 1280w, https://blogsaverroes.juntadeandalucia.es/cpifpalmeraya/files/2022/05/logosCalidad-300x59.jpg 300w, https://blogsaverroes.juntadeandalucia.es/cpifpalmeraya/files/2022/05/logosCalidad-1024x200.jpg 1024w, https://blogsaverroes.juntadeandalucia.es/cpifpalmeraya/files/2022/05/logosCalidad-768x150.jpg 768w" sizes="(max-width: 1280px) 100vw, 1280px" /></a></p>
<p><a href="https://blogsaverroes.juntadeandalucia.es/cpifpalmeraya/files/2022/05/PRTR.png"><img loading="lazy" decoding="async" class="alignnone wp-image-4578" src="https://blogsaverroes.juntadeandalucia.es/cpifpalmeraya/files/2022/05/PRTR.png" alt="" width="501" height="282" srcset="https://blogsaverroes.juntadeandalucia.es/cpifpalmeraya/files/2022/05/PRTR.png 1600w, https://blogsaverroes.juntadeandalucia.es/cpifpalmeraya/files/2022/05/PRTR-300x169.png 300w, https://blogsaverroes.juntadeandalucia.es/cpifpalmeraya/files/2022/05/PRTR-1024x576.png 1024w, https://blogsaverroes.juntadeandalucia.es/cpifpalmeraya/files/2022/05/PRTR-768x432.png 768w, https://blogsaverroes.juntadeandalucia.es/cpifpalmeraya/files/2022/05/PRTR-1536x864.png 1536w" sizes="(max-width: 501px) 100vw, 501px" /></a></p>
<p><a href="https://blogsaverroes.juntadeandalucia.es/cpifpalmeraya/files/2022/05/MEFP_FSE_2014-2020.jpg"><img loading="lazy" decoding="async" class="alignnone size-full wp-image-4579" src="https://blogsaverroes.juntadeandalucia.es/cpifpalmeraya/files/2022/05/MEFP_FSE_2014-2020.jpg" alt="" width="758" height="202" srcset="https://blogsaverroes.juntadeandalucia.es/cpifpalmeraya/files/2022/05/MEFP_FSE_2014-2020.jpg 758w, https://blogsaverroes.juntadeandalucia.es/cpifpalmeraya/files/2022/05/MEFP_FSE_2014-2020-300x80.jpg 300w" sizes="(max-width: 758px) 100vw, 758px" /></a></p>
<p><a href="https://blogsaverroes.juntadeandalucia.es/cpifpalmeraya/files/2022/09/logo-consejeria-educacion.png"><img loading="lazy" decoding="async" class="alignnone wp-image-4758" src="https://blogsaverroes.juntadeandalucia.es/cpifpalmeraya/files/2022/09/logo-consejeria-educacion.png" alt="" width="742" height="147" srcset="https://blogsaverroes.juntadeandalucia.es/cpifpalmeraya/files/2022/09/logo-consejeria-educacion.png 1221w, https://blogsaverroes.juntadeandalucia.es/cpifpalmeraya/files/2022/09/logo-consejeria-educacion-300x59.png 300w, https://blogsaverroes.juntadeandalucia.es/cpifpalmeraya/files/2022/09/logo-consejeria-educacion-1024x203.png 1024w, https://blogsaverroes.juntadeandalucia.es/cpifpalmeraya/files/2022/09/logo-consejeria-educacion-768x152.png 768w" sizes="(max-width: 742px) 100vw, 742px" /></a></p>
<p><a href="https://blogsaverroes.juntadeandalucia.es/cpifpalmeraya/files/2022/05/Andaluciasemueve.jpg"><img loading="lazy" decoding="async" class="alignnone size-full wp-image-4582" src="https://blogsaverroes.juntadeandalucia.es/cpifpalmeraya/files/2022/05/Andaluciasemueve.jpg" alt="" width="434" height="229" srcset="https://blogsaverroes.juntadeandalucia.es/cpifpalmeraya/files/2022/05/Andaluciasemueve.jpg 434w, https://blogsaverroes.juntadeandalucia.es/cpifpalmeraya/files/2022/05/Andaluciasemueve-300x158.jpg 300w" sizes="(max-width: 434px) 100vw, 434px" /></a></p>
<p><a href="https://blogsaverroes.juntadeandalucia.es/cpifpalmeraya/files/2022/09/logo-FSE.png"><img loading="lazy" decoding="async" class="alignnone size-full wp-image-4761" src="https://blogsaverroes.juntadeandalucia.es/cpifpalmeraya/files/2022/09/logo-FSE.png" alt="" width="1600" height="336" srcset="https://blogsaverroes.juntadeandalucia.es/cpifpalmeraya/files/2022/09/logo-FSE.png 1600w, https://blogsaverroes.juntadeandalucia.es/cpifpalmeraya/files/2022/09/logo-FSE-300x63.png 300w, https://blogsaverroes.juntadeandalucia.es/cpifpalmeraya/files/2022/09/logo-FSE-1024x215.png 1024w, https://blogsaverroes.juntadeandalucia.es/cpifpalmeraya/files/2022/09/logo-FSE-768x161.png 768w, https://blogsaverroes.juntadeandalucia.es/cpifpalmeraya/files/2022/09/logo-FSE-1536x323.png 1536w" sizes="(max-width: 1600px) 100vw, 1600px" /></a></p>
<p><a href="https://blogsaverroes.juntadeandalucia.es/cpifpalmeraya/files/2022/05/ESFinanciadoporlaUnionEuropea_POS.png"><img loading="lazy" decoding="async" class="alignnone size-full wp-image-4583" src="https://blogsaverroes.juntadeandalucia.es/cpifpalmeraya/files/2022/05/ESFinanciadoporlaUnionEuropea_POS.png" alt="" width="1600" height="470" srcset="https://blogsaverroes.juntadeandalucia.es/cpifpalmeraya/files/2022/05/ESFinanciadoporlaUnionEuropea_POS.png 1600w, https://blogsaverroes.juntadeandalucia.es/cpifpalmeraya/files/2022/05/ESFinanciadoporlaUnionEuropea_POS-300x88.png 300w, https://blogsaverroes.juntadeandalucia.es/cpifpalmeraya/files/2022/05/ESFinanciadoporlaUnionEuropea_POS-1024x301.png 1024w, https://blogsaverroes.juntadeandalucia.es/cpifpalmeraya/files/2022/05/ESFinanciadoporlaUnionEuropea_POS-768x225.png 768w, https://blogsaverroes.juntadeandalucia.es/cpifpalmeraya/files/2022/05/ESFinanciadoporlaUnionEuropea_POS-1536x451.png 1536w, https://blogsaverroes.juntadeandalucia.es/cpifpalmeraya/files/2022/05/ESFinanciadoporlaUnionEuropea_POS-2048x601.png 2048w" sizes="(max-width: 1600px) 100vw, 1600px" /></a></p>

<p>Atendiendo a lo recogido en el artículo 34 del Reglamento (UE) 2021/241 del Parlamento Europeo y del Consejo de 12 de febrero de 2021 por el que se establece el Mecanismo de Recuperación y&#46;&#46;&#46;</p>
