{"id":4952,"date":"2022-10-25T10:57:25","date_gmt":"2022-10-25T08:57:25","guid":{"rendered":"https:\/\/blogsaverroes.juntadeandalucia.es\/cpifpalmeraya\/?page_id=4952"},"modified":"2022-10-25T10:57:37","modified_gmt":"2022-10-25T08:57:37","slug":"todo-fp-ministerio-de-educacion","status":"publish","type":"page","link":"https:\/\/blogsaverroes.juntadeandalucia.es\/cpifpalmeraya\/departamentos\/departamento-de-informacion-y-orientacion-profesional\/todo-fp-ministerio-de-educacion\/","title":{"rendered":"Todo FP &#8211; Ministerio de Educaci\u00f3n"},"content":{"rendered":"<h5><a href=\"https:\/\/www.todofp.es\/inicio.html\"><img loading=\"lazy\" decoding=\"async\" class=\"alignnone wp-image-4851\" src=\"https:\/\/blogsaverroes.juntadeandalucia.es\/cpifpalmeraya\/files\/2022\/10\/LOGO-Todo-FP.jpg\" alt=\"\" width=\"238\" height=\"160\" srcset=\"https:\/\/blogsaverroes.juntadeandalucia.es\/cpifpalmeraya\/files\/2022\/10\/LOGO-Todo-FP.jpg 357w, https:\/\/blogsaverroes.juntadeandalucia.es\/cpifpalmeraya\/files\/2022\/10\/LOGO-Todo-FP-300x202.jpg 300w\" sizes=\"(max-width: 238px) 100vw, 238px\" \/><\/a><br \/>\n<a href=\"https:\/\/www.todofp.es\/inicio.html\">Web de la Formaci\u00f3n Profesional del Ministerio de Educaci\u00f3n<\/a><\/h5>\n<p style=\"padding-left: 40px\"><a href=\"https:\/\/youtu.be\/YJKJhSMhq0U\">Desmontando t\u00f3picos de la Formaci\u00f3n Profesional. V\u00eddeo.<\/a><\/p>\n<p style=\"padding-left: 40px\"><a href=\"https:\/\/www.todofp.es\/que-estudiar\/loe.html\">T\u00edtulos de FP por Familias Profesionales<\/a><\/p>\n<p style=\"padding-left: 80px\"><a href=\"https:\/\/www.todofp.es\/que-estudiar\/loe\/hosteleria-turismo.html\"><img loading=\"lazy\" decoding=\"async\" class=\"alignleft\" src=\"https:\/\/www.todofp.es\/.imaging\/mte\/todofp-theme\/contenido-cgi-mdm\/dam\/todofp\/comunes\/familias\/logo-connombre\/color\/HOT.png\/jcr:content\/HOT.png.png\" width=\"210\" height=\"70\"><\/a><\/p>\n<p>&nbsp;<\/p>\n<p style=\"padding-left: 80px\"><a href=\"https:\/\/www.todofp.es\/que-estudiar\/loe\/hosteleria-turismo.html\">Familia profesional de Hosteler\u00eda y Turismo.<\/a><\/p>\n<p>&nbsp;<\/p>\n<p style=\"padding-left: 80px\"><a href=\"https:\/\/www.todofp.es\/que-estudiar\/loe\/industrias-alimentarias.html\"><img loading=\"lazy\" decoding=\"async\" class=\"alignleft\" src=\"https:\/\/www.todofp.es\/.imaging\/mte\/todofp-theme\/contenido-cgi-mdm\/dam\/todofp\/comunes\/familias\/logo-connombre\/color\/INA.png\/jcr:content\/INA.png.png\" width=\"210\" height=\"70\"><\/a><\/p>\n<p>&nbsp;<\/p>\n<p style=\"padding-left: 120px\"><a href=\"https:\/\/www.todofp.es\/que-estudiar\/loe\/industrias-alimentarias.html\">Familia profesional de Industrias Alimentarias.<\/a><\/p>\n<p>&nbsp;<\/p>\n<p style=\"padding-left: 40px\"><a href=\"https:\/\/www.todofp.es\/orientacion-profesional\/como-elegir-tu-futuro\/perfiles-profesionales.html\">Perfiles profesionales en los ciclos formativos.<\/a><\/p>\n<p style=\"padding-left: 40px\"><a href=\"https:\/\/www.todofp.es\/orientacion-profesional.html\">TodoFP. Orientaci\u00f3n profesional.<\/a><\/p>\n<p style=\"padding-left: 40px\"><a href=\"https:\/\/www.todofp.es\/decide\/\">Decide tu itinerario.<\/a> Herramienta interactiva que teniendo en cuenta tu edad, estudios previos e intereses obtendr\u00e1s informaci\u00f3n sobre posibles itinerarios que puedes seguir.<\/p>\n<p style=\"padding-left: 40px\">Elige tu ocupaci\u00f3n:<\/p>\n<p style=\"padding-left: 80px\"><a href=\"https:\/\/www.todofp.es\/ocupaciones\/ServletOcupaciones?idFP=10\">Hosteler\u00eda y Turismo<\/a><\/p>\n<p style=\"padding-left: 80px\"><a href=\"https:\/\/www.todofp.es\/ocupaciones\/ServletOcupaciones?idFP=13\">Industrias Alimentarias<\/a><\/p>\n<p style=\"padding-left: 40px\"><a href=\"https:\/\/www.todofp.es\/orientacion-profesional\/busca-empleo-con-tu-titulo-de-fp\/busca-trabajo.html\">FP y mercado laboral.<\/a><\/p>\n<p style=\"padding-left: 40px\"><a href=\"https:\/\/www.todofp.es\/orientacion-profesional\/busca-empleo-con-tu-titulo-de-fp\/entrevista-trabajo.html\">Entr\u00e9nate para una entrevista de trabajo.<\/a> Herramienta dise\u00f1ada para ayudarte a preparar las respuestas m\u00e1s adecuadas de una entrevista real.<\/p>\n","protected":false},"excerpt":{"rendered":"<p>Web de la Formaci\u00f3n Profesional del Ministerio de Educaci\u00f3n Desmontando t\u00f3picos de la Formaci\u00f3n Profesional. V\u00eddeo. T\u00edtulos de FP por Familias Profesionales &nbsp; Familia profesional de Hosteler\u00eda y Turismo. &nbsp; &nbsp; Familia profesional de&#46;&#46;&#46;<\/p>\n","protected":false},"author":10810,"featured_media":0,"parent":4838,"menu_order":0,"comment_status":"closed","ping_status":"closed","template":"page-templates\/child-menu.php","meta":{"ngg_post_thumbnail":0,"footnotes":"","_mc_calendar":[]},"aioseo_notices":[],"_links":{"self":[{"href":"https:\/\/blogsaverroes.juntadeandalucia.es\/cpifpalmeraya\/wp-json\/wp\/v2\/pages\/4952"}],"collection":[{"href":"https:\/\/blogsaverroes.juntadeandalucia.es\/cpifpalmeraya\/wp-json\/wp\/v2\/pages"}],"about":[{"href":"https:\/\/blogsaverroes.juntadeandalucia.es\/cpifpalmeraya\/wp-json\/wp\/v2\/types\/page"}],"author":[{"embeddable":true,"href":"https:\/\/blogsaverroes.juntadeandalucia.es\/cpifpalmeraya\/wp-json\/wp\/v2\/users\/10810"}],"replies":[{"embeddable":true,"href":"https:\/\/blogsaverroes.juntadeandalucia.es\/cpifpalmeraya\/wp-json\/wp\/v2\/comments?post=4952"}],"version-history":[{"count":2,"href":"https:\/\/blogsaverroes.juntadeandalucia.es\/cpifpalmeraya\/wp-json\/wp\/v2\/pages\/4952\/revisions"}],"predecessor-version":[{"id":4954,"href":"https:\/\/blogsaverroes.juntadeandalucia.es\/cpifpalmeraya\/wp-json\/wp\/v2\/pages\/4952\/revisions\/4954"}],"up":[{"embeddable":true,"href":"https:\/\/blogsaverroes.juntadeandalucia.es\/cpifpalmeraya\/wp-json\/wp\/v2\/pages\/4838"}],"wp:attachment":[{"href":"https:\/\/blogsaverroes.juntadeandalucia.es\/cpifpalmeraya\/wp-json\/wp\/v2\/media?parent=4952"}],"curies":[{"name":"wp","href":"https:\/\/api.w.org\/{rel}","templated":true}]}}