{"id":7428,"date":"2025-02-05T16:31:09","date_gmt":"2025-02-05T15:31:09","guid":{"rendered":"https:\/\/blogsaverroes.juntadeandalucia.es\/cpifpalmeraya\/?page_id=7428"},"modified":"2025-03-19T21:24:00","modified_gmt":"2025-03-19T20:24:00","slug":"empresas","status":"publish","type":"page","link":"https:\/\/blogsaverroes.juntadeandalucia.es\/cpifpalmeraya\/empresas\/","title":{"rendered":"Empresas colaboradoras"},"content":{"rendered":"<p>En el CPIFP Almeraya trabajamos de manera estrecha con las empresas para ofrecer a nuestros estudiantes una formaci\u00f3n pr\u00e1ctica que complemente su aprendizaje te\u00f3rico. Si su empresa est\u00e1 interesada en acoger alumnado en pr\u00e1cticas, por favor, <a href=\"https:\/\/docs.google.com\/forms\/d\/e\/1FAIpQLScpTm5JP1RlrSXj0VGNZrZpvKbEfG6bUaLPnqfW_8jkIY7hZA\/viewform?usp=sharing\">pinche aqu\u00ed<\/a> y complete el formulario con los datos requeridos.<\/p>\n<p>A trav\u00e9s de esta iniciativa, podremos ponernos en contacto con usted cuando surja la oportunidad de colaboraci\u00f3n, asegur\u00e1ndonos de que el perfil de los estudiantes se ajuste a las necesidades de su empresa.<\/p>\n<p>Agradecemos de antemano su inter\u00e9s y apoyo en la formaci\u00f3n de los futuros profesionales.<\/p>\n","protected":false},"excerpt":{"rendered":"<p>En el CPIFP Almeraya trabajamos de manera estrecha con las empresas para ofrecer a nuestros estudiantes una formaci\u00f3n pr\u00e1ctica que complemente su aprendizaje te\u00f3rico. Si su empresa est\u00e1 interesada en acoger alumnado en pr\u00e1cticas,&#46;&#46;&#46;<\/p>\n","protected":false},"author":10810,"featured_media":0,"parent":0,"menu_order":0,"comment_status":"closed","ping_status":"closed","template":"","meta":{"ngg_post_thumbnail":0,"footnotes":"","_mc_calendar":[]},"aioseo_notices":[],"_links":{"self":[{"href":"https:\/\/blogsaverroes.juntadeandalucia.es\/cpifpalmeraya\/wp-json\/wp\/v2\/pages\/7428"}],"collection":[{"href":"https:\/\/blogsaverroes.juntadeandalucia.es\/cpifpalmeraya\/wp-json\/wp\/v2\/pages"}],"about":[{"href":"https:\/\/blogsaverroes.juntadeandalucia.es\/cpifpalmeraya\/wp-json\/wp\/v2\/types\/page"}],"author":[{"embeddable":true,"href":"https:\/\/blogsaverroes.juntadeandalucia.es\/cpifpalmeraya\/wp-json\/wp\/v2\/users\/10810"}],"replies":[{"embeddable":true,"href":"https:\/\/blogsaverroes.juntadeandalucia.es\/cpifpalmeraya\/wp-json\/wp\/v2\/comments?post=7428"}],"version-history":[{"count":4,"href":"https:\/\/blogsaverroes.juntadeandalucia.es\/cpifpalmeraya\/wp-json\/wp\/v2\/pages\/7428\/revisions"}],"predecessor-version":[{"id":7806,"href":"https:\/\/blogsaverroes.juntadeandalucia.es\/cpifpalmeraya\/wp-json\/wp\/v2\/pages\/7428\/revisions\/7806"}],"wp:attachment":[{"href":"https:\/\/blogsaverroes.juntadeandalucia.es\/cpifpalmeraya\/wp-json\/wp\/v2\/media?parent=7428"}],"curies":[{"name":"wp","href":"https:\/\/api.w.org\/{rel}","templated":true}]}}

<p>En el CPIFP Almeraya trabajamos de manera estrecha con las empresas para ofrecer a nuestros estudiantes una formación práctica que complemente su aprendizaje teórico. Si su empresa está interesada en acoger alumnado en prácticas, por favor, <a href="https://docs.google.com/forms/d/e/1FAIpQLScpTm5JP1RlrSXj0VGNZrZpvKbEfG6bUaLPnqfW_8jkIY7hZA/viewform?usp=sharing">pinche aquí</a> y complete el formulario con los datos requeridos.</p>
<p>A través de esta iniciativa, podremos ponernos en contacto con usted cuando surja la oportunidad de colaboración, asegurándonos de que el perfil de los estudiantes se ajuste a las necesidades de su empresa.</p>
<p>Agradecemos de antemano su interés y apoyo en la formación de los futuros profesionales.</p>

<p>En el CPIFP Almeraya trabajamos de manera estrecha con las empresas para ofrecer a nuestros estudiantes una formación práctica que complemente su aprendizaje teórico. Si su empresa está interesada en acoger alumnado en prácticas,&#46;&#46;&#46;</p>
