{"id":7885,"date":"2025-04-09T15:41:27","date_gmt":"2025-04-09T13:41:27","guid":{"rendered":"https:\/\/blogsaverroes.juntadeandalucia.es\/cpifpalmeraya\/?page_id=7885"},"modified":"2025-04-09T16:07:49","modified_gmt":"2025-04-09T14:07:49","slug":"listas-de-admitidos","status":"publish","type":"page","link":"https:\/\/blogsaverroes.juntadeandalucia.es\/cpifpalmeraya\/listas-de-admitidos\/","title":{"rendered":"Listas de admitidos"},"content":{"rendered":"<p class=\"\" data-start=\"125\" data-end=\"221\">\ud83d\udce2 <strong data-start=\"128\" data-end=\"221\">Publicaci\u00f3n de listados provisionales de admitidos en los Certificados de Profesionalidad<\/strong><\/p>\n<p class=\"\" data-start=\"223\" data-end=\"352\">Ya se encuentran disponibles los <strong data-start=\"256\" data-end=\"295\">listados provisionales de admitidos<\/strong> para los siguientes <strong data-start=\"316\" data-end=\"351\">Certificados de Profesionalidad<\/strong>:<\/p>\n<p class=\"\" data-start=\"354\" data-end=\"432\">\ud83c\udf7d\ufe0f <strong data-start=\"358\" data-end=\"379\">Cocina (HOTR0408)<\/strong><\/p>\n<p class=\"\" style=\"padding-left: 120px\" data-start=\"354\" data-end=\"432\"><iframe loading=\"lazy\" src=\"https:\/\/drive.google.com\/file\/d\/1xXwIMAnBGL-tL8H9noBrdbVmJCVG_uUo\/preview\" width=\"640\" height=\"480\"><\/iframe><\/p>\n<p class=\"\" data-start=\"354\" data-end=\"432\"><br data-start=\"379\" data-end=\"382\">\ud83d\udc68\u200d\ud83c\udf73 <strong data-start=\"388\" data-end=\"432\">Operaciones B\u00e1sicas de Cocina (HOTR0208)<\/strong><\/p>\n<p style=\"padding-left: 120px\" data-start=\"354\" data-end=\"432\"><iframe loading=\"lazy\" src=\"https:\/\/drive.google.com\/file\/d\/15UyJp09SFx8JlKSWyZs7NgiN1ZlwWZ2z\/preview\" width=\"640\" height=\"480\"><\/iframe>&nbsp;<\/p>\n<p class=\"\" data-start=\"434\" data-end=\"829\">\ud83d\udcdd <strong data-start=\"437\" data-end=\"474\">Plazo de alegaciones y renuncias:<\/strong><br data-start=\"474\" data-end=\"477\">\u2705 Se podr\u00e1n interponer <strong data-start=\"500\" data-end=\"515\">alegaciones<\/strong> (Anexo II) en un plazo de <strong data-start=\"542\" data-end=\"561\">10 d\u00edas h\u00e1biles<\/strong> a partir del d\u00eda siguiente a la publicaci\u00f3n del listado.<br data-start=\"618\" data-end=\"621\">\u2705 En el mismo plazo, tambi\u00e9n se podr\u00e1n presentar <strong data-start=\"670\" data-end=\"683\">renuncias<\/strong> al procedimiento.<br data-start=\"701\" data-end=\"704\">\u2705 Las alegaciones o renuncias deber\u00e1n presentarse en la <strong data-start=\"760\" data-end=\"785\">Secretar\u00eda del centro<\/strong> y dirigirse a la <strong data-start=\"803\" data-end=\"828\">Comisi\u00f3n de Selecci\u00f3n<\/strong>.<\/p>\n<p class=\"\" data-start=\"831\" data-end=\"1006\">\u2139\ufe0f <strong data-start=\"834\" data-end=\"849\">IMPORTANTE:<\/strong><br data-start=\"849\" data-end=\"852\">Para los certificados de:<br data-start=\"877\" data-end=\"880\">\ud83c\udf77 <strong data-start=\"883\" data-end=\"908\">Sumiller\u00eda (HOTR0209)<\/strong><br data-start=\"908\" data-end=\"911\">\ud83e\uddc1 <strong data-start=\"914\" data-end=\"939\">Reposter\u00eda (HOTR0509)<\/strong><br data-start=\"939\" data-end=\"942\">\ud83d\udecf\ufe0f <strong data-start=\"946\" data-end=\"1004\">Gesti\u00f3n de Pisos y Limpieza en Alojamientos (HOTA0208)<\/strong><\/p>\n<p class=\"\" data-start=\"1008\" data-end=\"1153\">\ud83d\udc49 El <strong data-start=\"1014\" data-end=\"1050\">plazo de solicitud sigue abierto<\/strong>, ya que a\u00fan quedan plazas disponibles para completar el m\u00ednimo necesario para comenzar la formaci\u00f3n.<\/p>\n<p class=\"\" data-start=\"1155\" data-end=\"1260\">\ud83d\udccc Para m\u00e1s informaci\u00f3n, puedes dirigirte a la Secretar\u00eda del centro o consultar en nuestra p\u00e1gina web.<\/p>\n","protected":false},"excerpt":{"rendered":"<p>\ud83d\udce2 Publicaci\u00f3n de listados provisionales de admitidos en los Certificados de Profesionalidad Ya se encuentran disponibles los listados provisionales de admitidos para los siguientes Certificados de Profesionalidad: \ud83c\udf7d\ufe0f Cocina (HOTR0408) \ud83d\udc68\u200d\ud83c\udf73 Operaciones B\u00e1sicas de&#46;&#46;&#46;<\/p>\n","protected":false},"author":10810,"featured_media":0,"parent":0,"menu_order":0,"comment_status":"closed","ping_status":"closed","template":"","meta":{"ngg_post_thumbnail":0,"footnotes":"","_mc_calendar":[]},"aioseo_notices":[],"_links":{"self":[{"href":"https:\/\/blogsaverroes.juntadeandalucia.es\/cpifpalmeraya\/wp-json\/wp\/v2\/pages\/7885"}],"collection":[{"href":"https:\/\/blogsaverroes.juntadeandalucia.es\/cpifpalmeraya\/wp-json\/wp\/v2\/pages"}],"about":[{"href":"https:\/\/blogsaverroes.juntadeandalucia.es\/cpifpalmeraya\/wp-json\/wp\/v2\/types\/page"}],"author":[{"embeddable":true,"href":"https:\/\/blogsaverroes.juntadeandalucia.es\/cpifpalmeraya\/wp-json\/wp\/v2\/users\/10810"}],"replies":[{"embeddable":true,"href":"https:\/\/blogsaverroes.juntadeandalucia.es\/cpifpalmeraya\/wp-json\/wp\/v2\/comments?post=7885"}],"version-history":[{"count":3,"href":"https:\/\/blogsaverroes.juntadeandalucia.es\/cpifpalmeraya\/wp-json\/wp\/v2\/pages\/7885\/revisions"}],"predecessor-version":[{"id":7892,"href":"https:\/\/blogsaverroes.juntadeandalucia.es\/cpifpalmeraya\/wp-json\/wp\/v2\/pages\/7885\/revisions\/7892"}],"wp:attachment":[{"href":"https:\/\/blogsaverroes.juntadeandalucia.es\/cpifpalmeraya\/wp-json\/wp\/v2\/media?parent=7885"}],"curies":[{"name":"wp","href":"https:\/\/api.w.org\/{rel}","templated":true}]}}