{"id":82,"date":"2015-03-16T06:59:55","date_gmt":"2015-03-16T06:59:55","guid":{"rendered":"http:\/\/blogsaverroes.juntadeandalucia.es\/pre\/ceip\/?page_id=82"},"modified":"2021-10-25T08:34:23","modified_gmt":"2021-10-25T06:34:23","slug":"horarios","status":"publish","type":"page","link":"https:\/\/blogsaverroes.juntadeandalucia.es\/cpifpalmeraya\/horarios\/","title":{"rendered":"Horarios"},"content":{"rendered":"<p><img loading=\"lazy\" decoding=\"async\" class=\"alignnone size-medium wp-image-1675\" src=\"http:\/\/blogsaverroes.juntadeandalucia.es\/temahuemanies\/files\/2015\/03\/horario2-300x211.jpg\" alt=\"horario2\" width=\"300\" height=\"211\" srcset=\"https:\/\/blogsaverroes.juntadeandalucia.es\/cpifpalmeraya\/files\/2015\/03\/horario2-300x211.jpg 300w, https:\/\/blogsaverroes.juntadeandalucia.es\/cpifpalmeraya\/files\/2015\/03\/horario2.jpg 640w\" sizes=\"(max-width: 300px) 100vw, 300px\" \/><\/p>\n<p>El horario lectivo del centro comienza a las 8:30 y termina a las 15:00 horas. Consta de tres m\u00f3dulos horarios de una hora desde las 8:30 horas hasta las 11:30 horas, un m\u00f3dulo de 0:30 minutos de recreo y tres m\u00f3dulos horarios de una hora desde las 12:00 hasta las 15:00 horas<\/p>\n","protected":false},"excerpt":{"rendered":"<p>El horario lectivo del centro comienza a las 8:30 y termina a las 15:00 horas. Consta de tres m\u00f3dulos horarios de una hora desde las 8:30 horas hasta las 11:30 horas, un m\u00f3dulo de&#46;&#46;&#46;<\/p>\n","protected":false},"author":1,"featured_media":0,"parent":0,"menu_order":0,"comment_status":"open","ping_status":"open","template":"page-templates\/child-menu.php","meta":{"ngg_post_thumbnail":0,"footnotes":"","_mc_calendar":[]},"aioseo_notices":[],"_links":{"self":[{"href":"https:\/\/blogsaverroes.juntadeandalucia.es\/cpifpalmeraya\/wp-json\/wp\/v2\/pages\/82"}],"collection":[{"href":"https:\/\/blogsaverroes.juntadeandalucia.es\/cpifpalmeraya\/wp-json\/wp\/v2\/pages"}],"about":[{"href":"https:\/\/blogsaverroes.juntadeandalucia.es\/cpifpalmeraya\/wp-json\/wp\/v2\/types\/page"}],"author":[{"embeddable":true,"href":"https:\/\/blogsaverroes.juntadeandalucia.es\/cpifpalmeraya\/wp-json\/wp\/v2\/users\/1"}],"replies":[{"embeddable":true,"href":"https:\/\/blogsaverroes.juntadeandalucia.es\/cpifpalmeraya\/wp-json\/wp\/v2\/comments?post=82"}],"version-history":[{"count":4,"href":"https:\/\/blogsaverroes.juntadeandalucia.es\/cpifpalmeraya\/wp-json\/wp\/v2\/pages\/82\/revisions"}],"predecessor-version":[{"id":3787,"href":"https:\/\/blogsaverroes.juntadeandalucia.es\/cpifpalmeraya\/wp-json\/wp\/v2\/pages\/82\/revisions\/3787"}],"wp:attachment":[{"href":"https:\/\/blogsaverroes.juntadeandalucia.es\/cpifpalmeraya\/wp-json\/wp\/v2\/media?parent=82"}],"curies":[{"name":"wp","href":"https:\/\/api.w.org\/{rel}","templated":true}]}}

<p><img loading="lazy" decoding="async" class="alignnone size-medium wp-image-1675" src="http://blogsaverroes.juntadeandalucia.es/temahuemanies/files/2015/03/horario2-300x211.jpg" alt="horario2" width="300" height="211" srcset="https://blogsaverroes.juntadeandalucia.es/cpifpalmeraya/files/2015/03/horario2-300x211.jpg 300w, https://blogsaverroes.juntadeandalucia.es/cpifpalmeraya/files/2015/03/horario2.jpg 640w" sizes="(max-width: 300px) 100vw, 300px" /></p>
<p>El horario lectivo del centro comienza a las 8:30 y termina a las 15:00 horas. Consta de tres módulos horarios de una hora desde las 8:30 horas hasta las 11:30 horas, un módulo de 0:30 minutos de recreo y tres módulos horarios de una hora desde las 12:00 hasta las 15:00 horas</p>

<p>El horario lectivo del centro comienza a las 8:30 y termina a las 15:00 horas. Consta de tres módulos horarios de una hora desde las 8:30 horas hasta las 11:30 horas, un módulo de&#46;&#46;&#46;</p>
