{"id":8378,"date":"2025-09-25T13:23:59","date_gmt":"2025-09-25T11:23:59","guid":{"rendered":"https:\/\/blogsaverroes.juntadeandalucia.es\/cpifpalmeraya\/?page_id=8378"},"modified":"2025-09-25T13:31:00","modified_gmt":"2025-09-25T11:31:00","slug":"horario","status":"publish","type":"page","link":"https:\/\/blogsaverroes.juntadeandalucia.es\/cpifpalmeraya\/horario\/","title":{"rendered":"Contacto"},"content":{"rendered":"<h2>Secretar\u00eda del CPIFP Almeraya<\/h2>\n<p><strong>Horario de atenci\u00f3n de Secretar\u00eda:<\/strong><\/p>\n<ul>\n<li><strong>Atenci\u00f3n telef\u00f3nica: de 9:00 a 14:00 horas<\/strong><\/li>\n<li><strong>Presencial: de 9:00 a 14:00 horas.<\/strong><\/li>\n<\/ul>\n<p><strong>Centralita: 950 15 65 52<\/strong><\/p>\n<p><strong>Tel\u00e9fono Secretar\u00eda: 671 530 897&nbsp;<\/strong><\/p>\n","protected":false},"excerpt":{"rendered":"<p>Secretar\u00eda del CPIFP Almeraya Horario de atenci\u00f3n de Secretar\u00eda: Atenci\u00f3n telef\u00f3nica: de 9:00 a 14:00 horas Presencial: de 9:00 a 14:00 horas. Centralita: 950 15 65 52 Tel\u00e9fono Secretar\u00eda: 671 530 897&nbsp;<\/p>\n","protected":false},"author":10810,"featured_media":0,"parent":0,"menu_order":0,"comment_status":"closed","ping_status":"closed","template":"","meta":{"ngg_post_thumbnail":0,"footnotes":"","_mc_calendar":[]},"aioseo_notices":[],"_links":{"self":[{"href":"https:\/\/blogsaverroes.juntadeandalucia.es\/cpifpalmeraya\/wp-json\/wp\/v2\/pages\/8378"}],"collection":[{"href":"https:\/\/blogsaverroes.juntadeandalucia.es\/cpifpalmeraya\/wp-json\/wp\/v2\/pages"}],"about":[{"href":"https:\/\/blogsaverroes.juntadeandalucia.es\/cpifpalmeraya\/wp-json\/wp\/v2\/types\/page"}],"author":[{"embeddable":true,"href":"https:\/\/blogsaverroes.juntadeandalucia.es\/cpifpalmeraya\/wp-json\/wp\/v2\/users\/10810"}],"replies":[{"embeddable":true,"href":"https:\/\/blogsaverroes.juntadeandalucia.es\/cpifpalmeraya\/wp-json\/wp\/v2\/comments?post=8378"}],"version-history":[{"count":4,"href":"https:\/\/blogsaverroes.juntadeandalucia.es\/cpifpalmeraya\/wp-json\/wp\/v2\/pages\/8378\/revisions"}],"predecessor-version":[{"id":8385,"href":"https:\/\/blogsaverroes.juntadeandalucia.es\/cpifpalmeraya\/wp-json\/wp\/v2\/pages\/8378\/revisions\/8385"}],"wp:attachment":[{"href":"https:\/\/blogsaverroes.juntadeandalucia.es\/cpifpalmeraya\/wp-json\/wp\/v2\/media?parent=8378"}],"curies":[{"name":"wp","href":"https:\/\/api.w.org\/{rel}","templated":true}]}}

<h2>Secretaría del CPIFP Almeraya</h2>
<p><strong>Horario de atención de Secretaría:</strong></p>
<ul>
<li><strong>Atención telefónica: de 9:00 a 14:00 horas</strong></li>
<li><strong>Presencial: de 9:00 a 14:00 horas.</strong></li>
</ul>
<p><strong>Centralita: 950 15 65 52</strong></p>
<p><strong>Teléfono Secretaría: 671 530 897&nbsp;</strong></p>

<p>Secretaría del CPIFP Almeraya Horario de atención de Secretaría: Atención telefónica: de 9:00 a 14:00 horas Presencial: de 9:00 a 14:00 horas. Centralita: 950 15 65 52 Teléfono Secretaría: 671 530 897&nbsp;</p>
