{"id":8639,"date":"2025-11-21T12:29:13","date_gmt":"2025-11-21T11:29:13","guid":{"rendered":"https:\/\/blogsaverroes.juntadeandalucia.es\/cpifpalmeraya\/?page_id=8639"},"modified":"2025-12-10T00:13:38","modified_gmt":"2025-12-09T23:13:38","slug":"comunica","status":"publish","type":"page","link":"https:\/\/blogsaverroes.juntadeandalucia.es\/cpifpalmeraya\/comunica\/","title":{"rendered":"Comunica"},"content":{"rendered":"<p style=\"text-align: justify\"><span style=\"font-weight: 400\">El <\/span><b>CPIFP ALMERAYA<\/b><span style=\"font-weight: 400\"> se adhiere al programa de desarrollo educativo COMUNICA para potenciar las competencias ling\u00fc\u00edsticas de nuestro alumnado<\/span><span style=\"font-weight: 400\">. <\/span><span style=\"font-weight: 400\">El programa busca la colaboraci\u00f3n interdisciplinar entre los diferentes departamentos del centro. Desde el departamento de idiomas o FOL hasta el \u00e1rea de cocina y servicios pasando por turismo, TOD@S COMUNICAMOS.&nbsp;<\/span><\/p>\n<p style=\"text-align: justify\"><span style=\"font-weight: 400\">El \u00e9xito de este programa reside en la transversalidad. En todos los m\u00f3dulos profesionales incluidos en nuestra oferta educativa, se apuesta por la oratoria para mejorar la fluidez verbal tan necesaria en la atenci\u00f3n al cliente, en el guiado e informaci\u00f3n tur\u00edstica, as\u00ed como en la defensa de cualquier proyecto. Se desarrolla el pensamiento cr\u00edtico y se asegura el uso preciso de una terminolog\u00eda gastron\u00f3mica y tur\u00edstica en conceptos formales.<\/span><\/p>\n<p style=\"text-align: justify\"><span style=\"font-weight: 400\">Actividades como el mantenimiento del blog \u201cAferrarte al patrimonio\u201d, creaci\u00f3n de folletos y gu\u00edas f\u00edsicas e interactivas, grabaci\u00f3n de audiovisuales y talleres de lectura en la biblioteca del centro son algunas de las propuestas.<\/span><\/p>\n","protected":false},"excerpt":{"rendered":"<p>El CPIFP ALMERAYA se adhiere al programa de desarrollo educativo COMUNICA para potenciar las competencias ling\u00fc\u00edsticas de nuestro alumnado. El programa busca la colaboraci\u00f3n interdisciplinar entre los diferentes departamentos del centro. Desde el departamento&#46;&#46;&#46;<\/p>\n","protected":false},"author":10810,"featured_media":0,"parent":0,"menu_order":0,"comment_status":"closed","ping_status":"closed","template":"","meta":{"ngg_post_thumbnail":0,"footnotes":"","_mc_calendar":[]},"aioseo_notices":[],"_links":{"self":[{"href":"https:\/\/blogsaverroes.juntadeandalucia.es\/cpifpalmeraya\/wp-json\/wp\/v2\/pages\/8639"}],"collection":[{"href":"https:\/\/blogsaverroes.juntadeandalucia.es\/cpifpalmeraya\/wp-json\/wp\/v2\/pages"}],"about":[{"href":"https:\/\/blogsaverroes.juntadeandalucia.es\/cpifpalmeraya\/wp-json\/wp\/v2\/types\/page"}],"author":[{"embeddable":true,"href":"https:\/\/blogsaverroes.juntadeandalucia.es\/cpifpalmeraya\/wp-json\/wp\/v2\/users\/10810"}],"replies":[{"embeddable":true,"href":"https:\/\/blogsaverroes.juntadeandalucia.es\/cpifpalmeraya\/wp-json\/wp\/v2\/comments?post=8639"}],"version-history":[{"count":5,"href":"https:\/\/blogsaverroes.juntadeandalucia.es\/cpifpalmeraya\/wp-json\/wp\/v2\/pages\/8639\/revisions"}],"predecessor-version":[{"id":8837,"href":"https:\/\/blogsaverroes.juntadeandalucia.es\/cpifpalmeraya\/wp-json\/wp\/v2\/pages\/8639\/revisions\/8837"}],"wp:attachment":[{"href":"https:\/\/blogsaverroes.juntadeandalucia.es\/cpifpalmeraya\/wp-json\/wp\/v2\/media?parent=8639"}],"curies":[{"name":"wp","href":"https:\/\/api.w.org\/{rel}","templated":true}]}}

<p style="text-align: justify"><span style="font-weight: 400">El </span><b>CPIFP ALMERAYA</b><span style="font-weight: 400"> se adhiere al programa de desarrollo educativo COMUNICA para potenciar las competencias lingüísticas de nuestro alumnado</span><span style="font-weight: 400">. </span><span style="font-weight: 400">El programa busca la colaboración interdisciplinar entre los diferentes departamentos del centro. Desde el departamento de idiomas o FOL hasta el área de cocina y servicios pasando por turismo, TOD@S COMUNICAMOS.&nbsp;</span></p>
<p style="text-align: justify"><span style="font-weight: 400">El éxito de este programa reside en la transversalidad. En todos los módulos profesionales incluidos en nuestra oferta educativa, se apuesta por la oratoria para mejorar la fluidez verbal tan necesaria en la atención al cliente, en el guiado e información turística, así como en la defensa de cualquier proyecto. Se desarrolla el pensamiento crítico y se asegura el uso preciso de una terminología gastronómica y turística en conceptos formales.</span></p>
<p style="text-align: justify"><span style="font-weight: 400">Actividades como el mantenimiento del blog “Aferrarte al patrimonio”, creación de folletos y guías físicas e interactivas, grabación de audiovisuales y talleres de lectura en la biblioteca del centro son algunas de las propuestas.</span></p>

<p>El CPIFP ALMERAYA se adhiere al programa de desarrollo educativo COMUNICA para potenciar las competencias lingüísticas de nuestro alumnado. El programa busca la colaboración interdisciplinar entre los diferentes departamentos del centro. Desde el departamento&#46;&#46;&#46;</p>
