{"id":141,"date":"2015-03-17T07:13:24","date_gmt":"2015-03-17T07:13:24","guid":{"rendered":"http:\/\/blogsaverroes.juntadeandalucia.es\/pre\/ceip\/?page_id=141"},"modified":"2025-04-11T11:47:15","modified_gmt":"2025-04-11T10:47:15","slug":"escolarizacion","status":"publish","type":"page","link":"https:\/\/blogsaverroes.juntadeandalucia.es\/cpmjavierperianes\/escolarizacion\/","title":{"rendered":"Instrucciones para la admisi\u00f3n"},"content":{"rendered":"<p><a href=\"https:\/\/blogsaverroes.juntadeandalucia.es\/cpmjavierperianes\/files\/2021\/03\/logo-conservatorio.png\"><img decoding=\"async\" class=\"alignnone size-medium wp-image-3248\" src=\"https:\/\/blogsaverroes.juntadeandalucia.es\/cpmjavierperianes\/files\/2021\/03\/logo-conservatorio-300x57.png\" alt=\"\" width=\"300\" height=\"57\" srcset=\"https:\/\/blogsaverroes.juntadeandalucia.es\/cpmjavierperianes\/files\/2021\/03\/logo-conservatorio-300x57.png 300w, https:\/\/blogsaverroes.juntadeandalucia.es\/cpmjavierperianes\/files\/2021\/03\/logo-conservatorio-1024x194.png 1024w, https:\/\/blogsaverroes.juntadeandalucia.es\/cpmjavierperianes\/files\/2021\/03\/logo-conservatorio-768x146.png 768w, https:\/\/blogsaverroes.juntadeandalucia.es\/cpmjavierperianes\/files\/2021\/03\/logo-conservatorio.png 1059w\" sizes=\"(max-width: 300px) 100vw, 300px\" \/><\/a><\/p>\n<p>El periodo para poder solicitar la admisi\u00f3n en nuestras ense\u00f1anzas ser\u00e1 el comprendido entre los d\u00edas 1 y 30 de Abril.<\/p>\n<p>El proceso de escolarizaci\u00f3n debe realizarse prioritariamente de forma telem\u00e1tica.<\/p>\n<p>Junto a la solicitud de admisi\u00f3n al primer curso de las Ense\u00f1anzas Profesionales de M\u00fasica o a cursos distintos de primero, hay que aportar el pago correspondiente a las tasas de las pruebas de acceso (38,68 \u20ac normal, 19,34 \u20ac familia numerosa general, 19,34 \u20ac para habitantes de municipios de hasta 20.000 habitantes, exentos: familia numerosa especial, personas beneficiarias de becas, v\u00edctimas de violencia de g\u00e9nero, v\u00edctimas de actos terroristas y personas con discapacidad), para realizar el pago pulsar <a href=\"https:\/\/www.ceh.junta-andalucia.es\/economiayhacienda\/apl\/surweb\/modelos\/modelo169\/169.jsp\">AQU\u00cd<\/a><\/p>\n<p class=\"zfr3Q CDt4Ke \" dir=\"ltr\"><span class=\"C9DxTc \">En C\u00f3digo del \u00f3rgano territorial:<\/span><span class=\"C9DxTc \">&nbsp;<\/span><span class=\"C9DxTc \">introducir el c\u00f3digo&nbsp;<\/span><span class=\"C9DxTc \">ED2104<\/span><\/p>\n<p class=\"zfr3Q CDt4Ke \" dir=\"ltr\"><span class=\"C9DxTc \">En Concepto de pago (modelo 169):<\/span><span class=\"C9DxTc \">&nbsp;<\/span><span class=\"C9DxTc \">introducir el c\u00f3digo 32E<\/span><span class=\"C9DxTc \">B<\/span><\/p>\n<p>Para la solicitud de admisi\u00f3n (donde se debe incluir al final del proceso el pago antes realizado, si procediera, adem\u00e1s de la documentaci\u00f3n acreditativa que avale su reducci\u00f3n o exenci\u00f3n), han de hacer click &nbsp;&nbsp;&nbsp;&nbsp;&nbsp;&nbsp;&nbsp;&nbsp;&nbsp;&nbsp;&nbsp; <a href=\"https:\/\/www.juntadeandalucia.es\/educacion\/secretariavirtual\/\">AQU\u00cd<\/a><\/p>\n<p>Ah\u00ed encontrar\u00e1n toda la informaci\u00f3n relativa a los pasos a seguir para poder llevar a cabo la teletramitaci\u00f3n de su solicitud de admisi\u00f3n.<\/p>\n<p>No obstante, y con car\u00e1cter excepcional, para todas aquellas personas que no puedan acceder a dicha opci\u00f3n por causas de fuerza mayor, podr\u00e1n solicitar ser atendidos en nuestro centro a trav\u00e9s de una cita previa.<\/p>\n<p>Para poder obtener una cita, por favor, siga las siguientes instrucciones:<\/p>\n<p>&#8211; Los solicitantes deben enviar un correo electr\u00f3nico indicando su nombre y apellidos, tipo de consulta que quieren hacer y horas y d\u00edas preferenciales de atenci\u00f3n, por si fuera posible su petici\u00f3n. Para enviar ese correo pulse <a href=\"https:\/\/blogsaverroes.juntadeandalucia.es\/cpmjavierperianes\/pagina-de-contacto-con-secretaria\/\">AQU\u00cd<\/a><\/p>\n<p>&#8211; Una vez trascurridos 10 minutos sin que nadie haga acto de presencia a la hora indicada, la cita quedar\u00e1 anulada.<\/p>\n<p>&#8211; El horario de atenci\u00f3n al p\u00fablico ser\u00e1 de 09:30 horas a 13:30 horas.<\/p>\n<p>Le recomendamos, si desea obtener m\u00e1s informaci\u00f3n acerca de las Pruebas de Admisi\u00f3n, hacer click <a href=\"https:\/\/blogsaverroes.juntadeandalucia.es\/cpmjavierperianes\/files\/2021\/03\/ORIENTACIONES-PARA-LAS-DISTINTAS-PRUEBAS-DE-ACCESO-Y-APTITUD-1.pdf\">AQU\u00cd<\/a><\/p>\n<p>Para otras consultas relacionadas con la escolarizaci\u00f3n, puede pulsar <a href=\"https:\/\/www.juntadeandalucia.es\/educacion\/portals\/web\/escolarizacion\/ensenanzas-artisticas\/ensenanzas-elementales-basicas-y-profesionales-de-musica-y-danza\">AQU\u00cd<\/a><\/p>\n<p><a href=\"https:\/\/blogsaverroes.juntadeandalucia.es\/cpmjavierperianes\/normativas\/\">NORMATIVA DE REFERENCIA<\/a><\/p>\n<p>&nbsp;<\/p>\n","protected":false},"excerpt":{"rendered":"<p>El periodo para poder solicitar la admisi\u00f3n en nuestras ense\u00f1anzas ser\u00e1 el comprendido entre los d\u00edas 1 y 30 de Abril. El proceso de escolarizaci\u00f3n debe realizarse prioritariamente de forma telem\u00e1tica. Junto a la&#46;&#46;&#46;<\/p>\n","protected":false},"author":1,"featured_media":0,"parent":0,"menu_order":0,"comment_status":"open","ping_status":"open","template":"page-templates\/child-menu.php","meta":{"ngg_post_thumbnail":0,"footnotes":"","_mc_calendar":[]},"aioseo_notices":[],"post_mailing_queue_ids":[],"_links":{"self":[{"href":"https:\/\/blogsaverroes.juntadeandalucia.es\/cpmjavierperianes\/wp-json\/wp\/v2\/pages\/141"}],"collection":[{"href":"https:\/\/blogsaverroes.juntadeandalucia.es\/cpmjavierperianes\/wp-json\/wp\/v2\/pages"}],"about":[{"href":"https:\/\/blogsaverroes.juntadeandalucia.es\/cpmjavierperianes\/wp-json\/wp\/v2\/types\/page"}],"author":[{"embeddable":true,"href":"https:\/\/blogsaverroes.juntadeandalucia.es\/cpmjavierperianes\/wp-json\/wp\/v2\/users\/1"}],"replies":[{"embeddable":true,"href":"https:\/\/blogsaverroes.juntadeandalucia.es\/cpmjavierperianes\/wp-json\/wp\/v2\/comments?post=141"}],"version-history":[{"count":24,"href":"https:\/\/blogsaverroes.juntadeandalucia.es\/cpmjavierperianes\/wp-json\/wp\/v2\/pages\/141\/revisions"}],"predecessor-version":[{"id":6528,"href":"https:\/\/blogsaverroes.juntadeandalucia.es\/cpmjavierperianes\/wp-json\/wp\/v2\/pages\/141\/revisions\/6528"}],"wp:attachment":[{"href":"https:\/\/blogsaverroes.juntadeandalucia.es\/cpmjavierperianes\/wp-json\/wp\/v2\/media?parent=141"}],"curies":[{"name":"wp","href":"https:\/\/api.w.org\/{rel}","templated":true}]}}

Instrucciones para la admisión

<p><a href="https://blogsaverroes.juntadeandalucia.es/cpmjavierperianes/files/2021/03/logo-conservatorio.png"><img decoding="async" class="alignnone size-medium wp-image-3248" src="https://blogsaverroes.juntadeandalucia.es/cpmjavierperianes/files/2021/03/logo-conservatorio-300x57.png" alt="" width="300" height="57" srcset="https://blogsaverroes.juntadeandalucia.es/cpmjavierperianes/files/2021/03/logo-conservatorio-300x57.png 300w, https://blogsaverroes.juntadeandalucia.es/cpmjavierperianes/files/2021/03/logo-conservatorio-1024x194.png 1024w, https://blogsaverroes.juntadeandalucia.es/cpmjavierperianes/files/2021/03/logo-conservatorio-768x146.png 768w, https://blogsaverroes.juntadeandalucia.es/cpmjavierperianes/files/2021/03/logo-conservatorio.png 1059w" sizes="(max-width: 300px) 100vw, 300px" /></a></p>
<p>El periodo para poder solicitar la admisión en nuestras enseñanzas será el comprendido entre los días 1 y 30 de Abril.</p>
<p>El proceso de escolarización debe realizarse prioritariamente de forma telemática.</p>
<p>Junto a la solicitud de admisión al primer curso de las Enseñanzas Profesionales de Música o a cursos distintos de primero, hay que aportar el pago correspondiente a las tasas de las pruebas de acceso (38,68 € normal, 19,34 € familia numerosa general, 19,34 € para habitantes de municipios de hasta 20.000 habitantes, exentos: familia numerosa especial, personas beneficiarias de becas, víctimas de violencia de género, víctimas de actos terroristas y personas con discapacidad), para realizar el pago pulsar <a href="https://www.ceh.junta-andalucia.es/economiayhacienda/apl/surweb/modelos/modelo169/169.jsp">AQUÍ</a></p>
<p class="zfr3Q CDt4Ke " dir="ltr"><span class="C9DxTc ">En Código del órgano territorial:</span><span class="C9DxTc ">&nbsp;</span><span class="C9DxTc ">introducir el código&nbsp;</span><span class="C9DxTc ">ED2104</span></p>
<p class="zfr3Q CDt4Ke " dir="ltr"><span class="C9DxTc ">En Concepto de pago (modelo 169):</span><span class="C9DxTc ">&nbsp;</span><span class="C9DxTc ">introducir el código 32E</span><span class="C9DxTc ">B</span></p>
<p>Para la solicitud de admisión (donde se debe incluir al final del proceso el pago antes realizado, si procediera, además de la documentación acreditativa que avale su reducción o exención), han de hacer click &nbsp;&nbsp;&nbsp;&nbsp;&nbsp;&nbsp;&nbsp;&nbsp;&nbsp;&nbsp;&nbsp; <a href="https://www.juntadeandalucia.es/educacion/secretariavirtual/">AQUÍ</a></p>
<p>Ahí encontrarán toda la información relativa a los pasos a seguir para poder llevar a cabo la teletramitación de su solicitud de admisión.</p>
<p>No obstante, y con carácter excepcional, para todas aquellas personas que no puedan acceder a dicha opción por causas de fuerza mayor, podrán solicitar ser atendidos en nuestro centro a través de una cita previa.</p>
<p>Para poder obtener una cita, por favor, siga las siguientes instrucciones:</p>
<p>&#8211; Los solicitantes deben enviar un correo electrónico indicando su nombre y apellidos, tipo de consulta que quieren hacer y horas y días preferenciales de atención, por si fuera posible su petición. Para enviar ese correo pulse <a href="https://blogsaverroes.juntadeandalucia.es/cpmjavierperianes/pagina-de-contacto-con-secretaria/">AQUÍ</a></p>
<p>&#8211; Una vez trascurridos 10 minutos sin que nadie haga acto de presencia a la hora indicada, la cita quedará anulada.</p>
<p>&#8211; El horario de atención al público será de 09:30 horas a 13:30 horas.</p>
<p>Le recomendamos, si desea obtener más información acerca de las Pruebas de Admisión, hacer click <a href="https://blogsaverroes.juntadeandalucia.es/cpmjavierperianes/files/2021/03/ORIENTACIONES-PARA-LAS-DISTINTAS-PRUEBAS-DE-ACCESO-Y-APTITUD-1.pdf">AQUÍ</a></p>
<p>Para otras consultas relacionadas con la escolarización, puede pulsar <a href="https://www.juntadeandalucia.es/educacion/portals/web/escolarizacion/ensenanzas-artisticas/ensenanzas-elementales-basicas-y-profesionales-de-musica-y-danza">AQUÍ</a></p>
<p><a href="https://blogsaverroes.juntadeandalucia.es/cpmjavierperianes/normativas/">NORMATIVA DE REFERENCIA</a></p>
<p>&nbsp;</p>

<p>El periodo para poder solicitar la admisión en nuestras enseñanzas será el comprendido entre los días 1 y 30 de Abril. El proceso de escolarización debe realizarse prioritariamente de forma telemática. Junto a la&#46;&#46;&#46;</p>
