{"id":2699,"date":"2020-12-12T19:39:09","date_gmt":"2020-12-12T19:39:09","guid":{"rendered":"https:\/\/blogsaverroes.juntadeandalucia.es\/cpmjavierperianes\/?page_id=2699"},"modified":"2021-05-17T09:53:24","modified_gmt":"2021-05-17T08:53:24","slug":"documentos-recursos","status":"publish","type":"page","link":"https:\/\/blogsaverroes.juntadeandalucia.es\/cpmjavierperianes\/documentos-recursos\/","title":{"rendered":"Documentos, Recursos&#8230;"},"content":{"rendered":"<p>DESCARGAS<\/p>\n<p><a href=\"https:\/\/imslp.org\/wiki\/Main_Page\">ISMLP<\/a>: P\u00e1gina de descarga de partituras gratuita&nbsp;<\/p>\n<p>&nbsp;<\/p>\n<p>&nbsp;<\/p>\n<p>APLICACIONES DE INTER\u00c9S<\/p>\n<p><a href=\"https:\/\/www.genial.ly\/es\">GENIALLY<\/a>: Herramienta para crear contenidos interactivos: presentaciones, v\u00eddeo presentaciones, im\u00e1genes, infograf\u00edas, juegos, mapas, cuestionarios, eposters y muchos m\u00e1s.<\/p>\n<p><a href=\"https:\/\/www.canva.com\/es_es\/q\/pro\/?v=2&amp;utm_source=google_sem&amp;utm_medium=cpc&amp;utm_campaign=es_es_all_pro_rev_conversion_branded-tier1_em&amp;utm_term=es_es_all_pro_rev_conversion_Branded_Tier1_Canva_EM&amp;gclsrc=aw.ds&amp;&amp;gclid=CjwKCAjwnPOEBhA0EiwA609ReR-_w1l4ZYyXwZr1vAPzm7iQCl58tF5woz6huGCbbERDKiGUJ5xbzxoCsIsQAvD_BwE\">CANVA<\/a>: Herramienta de dise\u00f1o gr\u00e1fico (logos, posters, tarjetas de visita, etc.) y composici\u00f3n de im\u00e1genes.<\/p>\n<p><a href=\"https:\/\/musescore.com\/\">MUSESCORE<\/a>: Herramienta para escribir y editar m\u00fasica. Tambi\u00e9n hay ejemplos ya subidos de diferentes m\u00fasicas.<\/p>\n<p><a href=\"https:\/\/kahoot.com\/\">KAHOOT<\/a>: Herramienta para aprender y repasar conceptos de&nbsp;forma entretenida, como si fuera un concurso<\/p>\n<p><a href=\"https:\/\/audacity.uptodown.com\/windows\">AUDACITY<\/a>: Grabador y editor de sonido digital<\/p>\n<p><a href=\"https:\/\/www.foxitsoftware.com\/es-la\/pdf-reader\/\">FOXIT READER<\/a>: Lector gratuito de ficheros pdf<\/p>\n<p><strong><a href=\"https:\/\/www.openoffice.org\/es\/descargar\/\">OPEN OFFICE<\/a>:&nbsp;<\/strong>Editor de texto gratuito.<\/p>\n<p>&nbsp;<\/p>\n","protected":false},"excerpt":{"rendered":"<p>DESCARGAS ISMLP: P\u00e1gina de descarga de partituras gratuita&nbsp; &nbsp; &nbsp; APLICACIONES DE INTER\u00c9S GENIALLY: Herramienta para crear contenidos interactivos: presentaciones, v\u00eddeo presentaciones, im\u00e1genes, infograf\u00edas, juegos, mapas, cuestionarios, eposters y muchos m\u00e1s. CANVA: Herramienta de&#46;&#46;&#46;<\/p>\n","protected":false},"author":11793,"featured_media":0,"parent":0,"menu_order":0,"comment_status":"closed","ping_status":"closed","template":"","meta":{"ngg_post_thumbnail":0,"footnotes":"","_mc_calendar":[]},"aioseo_notices":[],"post_mailing_queue_ids":[],"_links":{"self":[{"href":"https:\/\/blogsaverroes.juntadeandalucia.es\/cpmjavierperianes\/wp-json\/wp\/v2\/pages\/2699"}],"collection":[{"href":"https:\/\/blogsaverroes.juntadeandalucia.es\/cpmjavierperianes\/wp-json\/wp\/v2\/pages"}],"about":[{"href":"https:\/\/blogsaverroes.juntadeandalucia.es\/cpmjavierperianes\/wp-json\/wp\/v2\/types\/page"}],"author":[{"embeddable":true,"href":"https:\/\/blogsaverroes.juntadeandalucia.es\/cpmjavierperianes\/wp-json\/wp\/v2\/users\/11793"}],"replies":[{"embeddable":true,"href":"https:\/\/blogsaverroes.juntadeandalucia.es\/cpmjavierperianes\/wp-json\/wp\/v2\/comments?post=2699"}],"version-history":[{"count":20,"href":"https:\/\/blogsaverroes.juntadeandalucia.es\/cpmjavierperianes\/wp-json\/wp\/v2\/pages\/2699\/revisions"}],"predecessor-version":[{"id":3734,"href":"https:\/\/blogsaverroes.juntadeandalucia.es\/cpmjavierperianes\/wp-json\/wp\/v2\/pages\/2699\/revisions\/3734"}],"wp:attachment":[{"href":"https:\/\/blogsaverroes.juntadeandalucia.es\/cpmjavierperianes\/wp-json\/wp\/v2\/media?parent=2699"}],"curies":[{"name":"wp","href":"https:\/\/api.w.org\/{rel}","templated":true}]}}