{"id":351,"date":"2015-03-18T10:22:07","date_gmt":"2015-03-18T10:22:07","guid":{"rendered":"http:\/\/blogsaverroes.juntadeandalucia.es\/pre\/ceip\/?page_id=351"},"modified":"2026-01-29T10:17:19","modified_gmt":"2026-01-29T09:17:19","slug":"materiales-recursos","status":"publish","type":"page","link":"https:\/\/blogsaverroes.juntadeandalucia.es\/cpmjavierperianes\/dibujo\/materiales-recursos\/","title":{"rendered":"Programaciones Cuerda"},"content":{"rendered":"<h2><a href=\"https:\/\/blogsaverroes.juntadeandalucia.es\/cpmjavierperianes\/files\/2025\/11\/ProgramacionViolin2025-2026.pdf\">Programaci\u00f3n de Viol\u00edn<\/a><\/h2>\n<h2><a href=\"https:\/\/blogsaverroes.juntadeandalucia.es\/cpmjavierperianes\/files\/2025\/11\/Programacion-Viola-25-26.pdf\">Programaci\u00f3n de Viola<\/a><\/h2>\n<h2><a href=\"https:\/\/blogsaverroes.juntadeandalucia.es\/cpmjavierperianes\/files\/2025\/11\/Programacion-violonchelo-25-26.pdf\">Programaci\u00f3n de Violonchelo<\/a><\/h2>\n<h2><a href=\"https:\/\/blogsaverroes.juntadeandalucia.es\/cpmjavierperianes\/files\/2025\/11\/Programacion-Contrabajo-25-26.pdf\">Programaci\u00f3n de Contrabajo<\/a><\/h2>\n<h2><a href=\"https:\/\/blogsaverroes.juntadeandalucia.es\/cpmjavierperianes\/files\/2025\/11\/ProgramacionLiteraturaViolin2025-2026.pdf\">Programaci\u00f3n de Literatura del Viol\u00edn<\/a><\/h2>\n<h2><a href=\"https:\/\/blogsaverroes.juntadeandalucia.es\/cpmjavierperianes\/files\/2026\/01\/Programacion-literatura-Viola-25-26.pdf\">Programaci\u00f3n de Literatura de la Viola<\/a><\/h2>\n<h2><a href=\"https:\/\/blogsaverroes.juntadeandalucia.es\/cpmjavierperianes\/files\/2026\/01\/Programacion-literatura-Viola-25-26.pdf\">Programaci\u00f3n de Literatura del Violonchelo<\/a><\/h2>\n<h2><a href=\"https:\/\/blogsaverroes.juntadeandalucia.es\/cpmjavierperianes\/files\/2025\/11\/Programacion-literatura-contrabajo-25-26.pdf\">Programaci\u00f3n de Literatura del Contrabajo<\/a><\/h2>\n","protected":false},"excerpt":{"rendered":"<p>Programaci\u00f3n de Viol\u00edn Programaci\u00f3n de Viola Programaci\u00f3n de Violonchelo Programaci\u00f3n de Contrabajo Programaci\u00f3n de Literatura del Viol\u00edn Programaci\u00f3n de Literatura de la Viola Programaci\u00f3n de Literatura del Violonchelo Programaci\u00f3n de Literatura del Contrabajo<\/p>\n","protected":false},"author":1,"featured_media":0,"parent":174,"menu_order":0,"comment_status":"open","ping_status":"open","template":"page-templates\/child-menu.php","meta":{"ngg_post_thumbnail":0,"footnotes":"","_mc_calendar":[]},"aioseo_notices":[],"post_mailing_queue_ids":[],"_links":{"self":[{"href":"https:\/\/blogsaverroes.juntadeandalucia.es\/cpmjavierperianes\/wp-json\/wp\/v2\/pages\/351"}],"collection":[{"href":"https:\/\/blogsaverroes.juntadeandalucia.es\/cpmjavierperianes\/wp-json\/wp\/v2\/pages"}],"about":[{"href":"https:\/\/blogsaverroes.juntadeandalucia.es\/cpmjavierperianes\/wp-json\/wp\/v2\/types\/page"}],"author":[{"embeddable":true,"href":"https:\/\/blogsaverroes.juntadeandalucia.es\/cpmjavierperianes\/wp-json\/wp\/v2\/users\/1"}],"replies":[{"embeddable":true,"href":"https:\/\/blogsaverroes.juntadeandalucia.es\/cpmjavierperianes\/wp-json\/wp\/v2\/comments?post=351"}],"version-history":[{"count":28,"href":"https:\/\/blogsaverroes.juntadeandalucia.es\/cpmjavierperianes\/wp-json\/wp\/v2\/pages\/351\/revisions"}],"predecessor-version":[{"id":6888,"href":"https:\/\/blogsaverroes.juntadeandalucia.es\/cpmjavierperianes\/wp-json\/wp\/v2\/pages\/351\/revisions\/6888"}],"up":[{"embeddable":true,"href":"https:\/\/blogsaverroes.juntadeandalucia.es\/cpmjavierperianes\/wp-json\/wp\/v2\/pages\/174"}],"wp:attachment":[{"href":"https:\/\/blogsaverroes.juntadeandalucia.es\/cpmjavierperianes\/wp-json\/wp\/v2\/media?parent=351"}],"curies":[{"name":"wp","href":"https:\/\/api.w.org\/{rel}","templated":true}]}}