{"id":355,"date":"2015-03-18T10:22:43","date_gmt":"2015-03-18T10:22:43","guid":{"rendered":"http:\/\/blogsaverroes.juntadeandalucia.es\/pre\/ceip\/?page_id=355"},"modified":"2025-11-20T11:45:42","modified_gmt":"2025-11-20T10:45:42","slug":"materiales-recursos","status":"publish","type":"page","link":"https:\/\/blogsaverroes.juntadeandalucia.es\/cpmjavierperianes\/filosofia-2\/materiales-recursos\/","title":{"rendered":"Programaciones Viento Metal y Percusi\u00f3n"},"content":{"rendered":"<div align=\"justify\">\n<div class=\"block\">&nbsp;<\/div>\n<h3 class=\"block\"><a href=\"https:\/\/blogsaverroes.juntadeandalucia.es\/cpmjavierperianes\/files\/2025\/11\/Programacion-de-Percusion-HUELVA-25-26.pdf\">Programaci\u00f3n de Percusi\u00f3n<\/a><\/h3>\n<h3><a href=\"https:\/\/blogsaverroes.juntadeandalucia.es\/cpmjavierperianes\/files\/2025\/11\/Programacion-trombon-2025-2026.pdf\">Programaci\u00f3n de Tromb\u00f3n<\/a><\/h3>\n<h3><a href=\"https:\/\/blogsaverroes.juntadeandalucia.es\/cpmjavierperianes\/files\/2025\/11\/Programacion-de-Trompa-HUELVA-25-26.pdf\">Programaci\u00f3n de Trompa<\/a><\/h3>\n<h3><a href=\"https:\/\/blogsaverroes.juntadeandalucia.es\/cpmjavierperianes\/files\/2025\/11\/Programacion-Trompeta-25-26.pdf\">Programaci\u00f3n de Trompeta<\/a><\/h3>\n<h3><a href=\"https:\/\/blogsaverroes.juntadeandalucia.es\/cpmjavierperianes\/files\/2025\/11\/Programacion-Tuba-2025-26.pdf\">Programaci\u00f3n de Tuba<\/a><\/h3>\n<h3><a href=\"https:\/\/blogsaverroes.juntadeandalucia.es\/cpmjavierperianes\/files\/2025\/11\/Programacion-Literatura-de-la-Percusion-HUELVA-25-26Revisada-1.pdf\">Programaci\u00f3n de la Literatura de la Percusi\u00f3n<\/a><\/h3>\n<h3><a href=\"https:\/\/blogsaverroes.juntadeandalucia.es\/cpmjavierperianes\/files\/2025\/11\/Programacion-literatura-trombon-2025-2026Revisada.pdf\">Programaci\u00f3n de la Literatura de la Tromb\u00f3n<\/a><\/h3>\n<h3><a href=\"https:\/\/blogsaverroes.juntadeandalucia.es\/cpmjavierperianes\/files\/2025\/11\/PROGRAMACION-LITERATURA-TROMPA25-26.pdf\">Programaci\u00f3n de la Literatura de la Trompa<\/a><\/h3>\n<h3><a href=\"https:\/\/blogsaverroes.juntadeandalucia.es\/cpmjavierperianes\/files\/2025\/11\/Programacion-LIIP-trompeta-2025-2026.pdf\">Programaci\u00f3n de la Literatura de la Trompeta<\/a><\/h3>\n<h3><a href=\"https:\/\/blogsaverroes.juntadeandalucia.es\/cpmjavierperianes\/files\/2025\/11\/2025-26-programacion-Literatura-tubaRevisada-1.pdf\">Programaci\u00f3n de la Literatura de la Tuba<\/a><\/h3>\n<\/div>\n<p><!--more--><\/p>\n<p><!--more--><\/p>\n","protected":false},"excerpt":{"rendered":"<p>&nbsp; Programaci\u00f3n de Percusi\u00f3n Programaci\u00f3n de Tromb\u00f3n Programaci\u00f3n de Trompa Programaci\u00f3n de Trompeta Programaci\u00f3n de Tuba Programaci\u00f3n de la Literatura de la Percusi\u00f3n Programaci\u00f3n de la Literatura de la Tromb\u00f3n Programaci\u00f3n de la Literatura&#46;&#46;&#46;<\/p>\n","protected":false},"author":1,"featured_media":0,"parent":168,"menu_order":0,"comment_status":"open","ping_status":"open","template":"page-templates\/child-menu.php","meta":{"ngg_post_thumbnail":0,"footnotes":"","_mc_calendar":[]},"aioseo_notices":[],"post_mailing_queue_ids":[],"_links":{"self":[{"href":"https:\/\/blogsaverroes.juntadeandalucia.es\/cpmjavierperianes\/wp-json\/wp\/v2\/pages\/355"}],"collection":[{"href":"https:\/\/blogsaverroes.juntadeandalucia.es\/cpmjavierperianes\/wp-json\/wp\/v2\/pages"}],"about":[{"href":"https:\/\/blogsaverroes.juntadeandalucia.es\/cpmjavierperianes\/wp-json\/wp\/v2\/types\/page"}],"author":[{"embeddable":true,"href":"https:\/\/blogsaverroes.juntadeandalucia.es\/cpmjavierperianes\/wp-json\/wp\/v2\/users\/1"}],"replies":[{"embeddable":true,"href":"https:\/\/blogsaverroes.juntadeandalucia.es\/cpmjavierperianes\/wp-json\/wp\/v2\/comments?post=355"}],"version-history":[{"count":20,"href":"https:\/\/blogsaverroes.juntadeandalucia.es\/cpmjavierperianes\/wp-json\/wp\/v2\/pages\/355\/revisions"}],"predecessor-version":[{"id":6820,"href":"https:\/\/blogsaverroes.juntadeandalucia.es\/cpmjavierperianes\/wp-json\/wp\/v2\/pages\/355\/revisions\/6820"}],"up":[{"embeddable":true,"href":"https:\/\/blogsaverroes.juntadeandalucia.es\/cpmjavierperianes\/wp-json\/wp\/v2\/pages\/168"}],"wp:attachment":[{"href":"https:\/\/blogsaverroes.juntadeandalucia.es\/cpmjavierperianes\/wp-json\/wp\/v2\/media?parent=355"}],"curies":[{"name":"wp","href":"https:\/\/api.w.org\/{rel}","templated":true}]}}