{"id":42,"date":"2015-03-13T08:40:47","date_gmt":"2015-03-13T08:40:47","guid":{"rendered":"http:\/\/blogsaverroes.juntadeandalucia.es\/pre\/ceip\/?page_id=42"},"modified":"2020-12-11T20:58:12","modified_gmt":"2020-12-11T20:58:12","slug":"equipo-directivo","status":"publish","type":"page","link":"https:\/\/blogsaverroes.juntadeandalucia.es\/cpmjavierperianes\/equipo-directivo\/","title":{"rendered":"Breve Historia"},"content":{"rendered":"<p>Breve Historia del Conservatorio Profesional de M\u00fasica de Huelva<\/p>\n<p>El Conservatorio Profesional de M\u00fasica de Huelva comienza su andadura all\u00e1 por el Curso 86\/87, contaba con un Claustro de Profesores bastante reducido al igual que el n\u00famero de alumnado que no superaron las 86 matr\u00edculas. Las especialidades instrumentales que por aquel entonces se pod\u00eda cursar en nuestro Centro no eran m\u00e1s que Guitarra, Piano, Viol\u00edn o Violonchelo.<br \/>\nEl primer edificio en el que se instal\u00f3 nuestro&nbsp; Conservatorio fue cedido por la Diputaci\u00f3n Provincial&nbsp; de Huelva y estaba ubicado en la Plaza de la Merced. Tras un periodo de 10 a\u00f1os en la calle Rico 26,&nbsp; se construye un nuevo edificio&nbsp; en el Paseo de la Glorieta, Paseo de las Palmeras o la c\/ Pilar Gallango, que es como se denomina la calle donde se encuentra ubicado el Conservatorio Profesional de M\u00fasica de Huelva actualmente y que abre sus puertas en el curso 2001\/2002.<br \/>\nCon el paso de los a\u00f1os, tanto el Claustro de Profesores, como el alumnado, as\u00ed como las especialidades que se pueden cursar en nuestro Centro, han aumentado considerablemente de tal forma que actualmente, contamos con un Claustro que supera los 60 Profesores, m\u00e1s de 750 alumnos y alumnas son los que asisten a clase en estos momentos cursando las especialidades de: Clarinete, Contrabajo, Fagot, Flauta Travesera, Guitarra, Guitarra Flamenca, Oboe, Percusi\u00f3n, Piano,&nbsp; Saxof\u00f3n, Tromb\u00f3n, Trompa, Trompeta, Tuba, Viola, Viol\u00edn y Violonchelo.<br \/>\nDesde sus comienzos hasta la actualidad, han pasado por nuestro Centro innumerables alumnos y alumnas que han alcanzado el m\u00e1ximo nivel en los distintos \u00e1mbitos de la M\u00fasica tanto como Int\u00e9rpretes como Profesores, por hacer menci\u00f3n a alguno, cabe destacar la figura de Javier Perianes, Pianista de reconocida fama nacional e internacional.<br \/>\nAl igual que en el alumnado, el Conservatorio Profesional de M\u00fasica de Huelva ha contado, y cuenta en la actualidad, con un Claustro de Profesoras y Profesores altamente cualificados con una carrera magistral en el mundo de la docencia y de la interpretaci\u00f3n.<br \/>\nNo quer\u00edamos pasar por alto, a los que desde el a\u00f1o 1986 han ostentado el m\u00e1ximo cargo de nuestro Centro y sin los cuales quiz\u00e1, el Conservatorio Profesional de M\u00fasica de Huelva, no ser\u00eda la realidad y el referente musical en Huelva que en la actualidad es:<br \/>\nD. Francisco Javier Bracho Carmona fue Director del CPM Huelva desde el Curso 1986 al Curso 1989.<br \/>\nD. Antonio Garrido Gamonoso ocup\u00f3 la plaza de Director durante s\u00f3lo dos meses del curso 89-90 ya que se traslad\u00f3 a Valverde del Camino donde ejerci\u00f3 de Director del Conservatorio Elemental de Valverde<br \/>\nD. Antonio Rodr\u00edguez L\u00f3pez,&nbsp; fue Director del CPM Huelva hasta el curso 1990-1991.<br \/>\nD\u00aa Mar\u00eda del Carmen Calabuig Mart\u00ed, fue Directora durante el curso 1991-1992.<br \/>\nD. Lucio Mu\u00f1oz Amor&nbsp; fue Director desde el a\u00f1o 92 al 2002, siendo la persona responsable de nuestro Centro que m\u00e1s tiempo ha ocupado este puesto.<br \/>\nD. Borja Otero D\u00edez que estuvo en el cargo desde el Curso 2002-2003 al Curso 2005-2006.<br \/>\nD. Jos\u00e9 Carlos Mairena Jim\u00e9nez, que ocupa la plaza de Director del Conservatorio Profesional de M\u00fasica de Huelva desde el curso 2006-2007 hasta nuestros d\u00edas.<br \/>\nPor \u00faltimo, rese\u00f1ar que en el curso 2011-2012, el Conservatorio Profesional de M\u00fasica de Huelva, al cumplir su 25 aniversario, el Consejo Escolar del mismo decide denominarlo con el nombre del susodicho antiguo alumno, el gran pianista y mejor persona \u201cJavier Perianes\u201d, denominaci\u00f3n que quedar\u00e1 para la posteridad como:<br \/>\n&nbsp;&nbsp;&nbsp;&nbsp;&nbsp;&nbsp;&nbsp;&nbsp;&nbsp;&nbsp;&nbsp;&nbsp;&nbsp;&nbsp;&nbsp;&nbsp;&nbsp;&nbsp;&nbsp;&nbsp;&nbsp;&nbsp;&nbsp;&nbsp;&nbsp;&nbsp;&nbsp;&nbsp;&nbsp;&nbsp;&nbsp;&nbsp;&nbsp;&nbsp;&nbsp;&nbsp;&nbsp;&nbsp;&nbsp;&nbsp;&nbsp;&nbsp;&nbsp;&nbsp;&nbsp;&nbsp;&nbsp;&nbsp;&nbsp;&nbsp;&nbsp;&nbsp;&nbsp;&nbsp;&nbsp;<\/p>\n<p>Conservatorio Profesional de M\u00fasica \u201cJavier Perianes\u201d<\/p>\n","protected":false},"excerpt":{"rendered":"<p>Breve Historia del Conservatorio Profesional de M\u00fasica de Huelva El Conservatorio Profesional de M\u00fasica de Huelva comienza su andadura all\u00e1 por el Curso 86\/87, contaba con un Claustro de Profesores bastante reducido al igual&#46;&#46;&#46;<\/p>\n","protected":false},"author":1,"featured_media":0,"parent":0,"menu_order":0,"comment_status":"open","ping_status":"open","template":"page-templates\/child-menu.php","meta":{"ngg_post_thumbnail":0,"footnotes":"","_mc_calendar":[]},"aioseo_notices":[],"post_mailing_queue_ids":[],"_links":{"self":[{"href":"https:\/\/blogsaverroes.juntadeandalucia.es\/cpmjavierperianes\/wp-json\/wp\/v2\/pages\/42"}],"collection":[{"href":"https:\/\/blogsaverroes.juntadeandalucia.es\/cpmjavierperianes\/wp-json\/wp\/v2\/pages"}],"about":[{"href":"https:\/\/blogsaverroes.juntadeandalucia.es\/cpmjavierperianes\/wp-json\/wp\/v2\/types\/page"}],"author":[{"embeddable":true,"href":"https:\/\/blogsaverroes.juntadeandalucia.es\/cpmjavierperianes\/wp-json\/wp\/v2\/users\/1"}],"replies":[{"embeddable":true,"href":"https:\/\/blogsaverroes.juntadeandalucia.es\/cpmjavierperianes\/wp-json\/wp\/v2\/comments?post=42"}],"version-history":[{"count":4,"href":"https:\/\/blogsaverroes.juntadeandalucia.es\/cpmjavierperianes\/wp-json\/wp\/v2\/pages\/42\/revisions"}],"predecessor-version":[{"id":2478,"href":"https:\/\/blogsaverroes.juntadeandalucia.es\/cpmjavierperianes\/wp-json\/wp\/v2\/pages\/42\/revisions\/2478"}],"wp:attachment":[{"href":"https:\/\/blogsaverroes.juntadeandalucia.es\/cpmjavierperianes\/wp-json\/wp\/v2\/media?parent=42"}],"curies":[{"name":"wp","href":"https:\/\/api.w.org\/{rel}","templated":true}]}}

<p>Breve Historia del Conservatorio Profesional de Música de Huelva</p>
<p>El Conservatorio Profesional de Música de Huelva comienza su andadura allá por el Curso 86/87, contaba con un Claustro de Profesores bastante reducido al igual que el número de alumnado que no superaron las 86 matrículas. Las especialidades instrumentales que por aquel entonces se podía cursar en nuestro Centro no eran más que Guitarra, Piano, Violín o Violonchelo.<br />
El primer edificio en el que se instaló nuestro&nbsp; Conservatorio fue cedido por la Diputación Provincial&nbsp; de Huelva y estaba ubicado en la Plaza de la Merced. Tras un periodo de 10 años en la calle Rico 26,&nbsp; se construye un nuevo edificio&nbsp; en el Paseo de la Glorieta, Paseo de las Palmeras o la c/ Pilar Gallango, que es como se denomina la calle donde se encuentra ubicado el Conservatorio Profesional de Música de Huelva actualmente y que abre sus puertas en el curso 2001/2002.<br />
Con el paso de los años, tanto el Claustro de Profesores, como el alumnado, así como las especialidades que se pueden cursar en nuestro Centro, han aumentado considerablemente de tal forma que actualmente, contamos con un Claustro que supera los 60 Profesores, más de 750 alumnos y alumnas son los que asisten a clase en estos momentos cursando las especialidades de: Clarinete, Contrabajo, Fagot, Flauta Travesera, Guitarra, Guitarra Flamenca, Oboe, Percusión, Piano,&nbsp; Saxofón, Trombón, Trompa, Trompeta, Tuba, Viola, Violín y Violonchelo.<br />
Desde sus comienzos hasta la actualidad, han pasado por nuestro Centro innumerables alumnos y alumnas que han alcanzado el máximo nivel en los distintos ámbitos de la Música tanto como Intérpretes como Profesores, por hacer mención a alguno, cabe destacar la figura de Javier Perianes, Pianista de reconocida fama nacional e internacional.<br />
Al igual que en el alumnado, el Conservatorio Profesional de Música de Huelva ha contado, y cuenta en la actualidad, con un Claustro de Profesoras y Profesores altamente cualificados con una carrera magistral en el mundo de la docencia y de la interpretación.<br />
No queríamos pasar por alto, a los que desde el año 1986 han ostentado el máximo cargo de nuestro Centro y sin los cuales quizá, el Conservatorio Profesional de Música de Huelva, no sería la realidad y el referente musical en Huelva que en la actualidad es:<br />
D. Francisco Javier Bracho Carmona fue Director del CPM Huelva desde el Curso 1986 al Curso 1989.<br />
D. Antonio Garrido Gamonoso ocupó la plaza de Director durante sólo dos meses del curso 89-90 ya que se trasladó a Valverde del Camino donde ejerció de Director del Conservatorio Elemental de Valverde<br />
D. Antonio Rodríguez López,&nbsp; fue Director del CPM Huelva hasta el curso 1990-1991.<br />
Dª María del Carmen Calabuig Martí, fue Directora durante el curso 1991-1992.<br />
D. Lucio Muñoz Amor&nbsp; fue Director desde el año 92 al 2002, siendo la persona responsable de nuestro Centro que más tiempo ha ocupado este puesto.<br />
D. Borja Otero Díez que estuvo en el cargo desde el Curso 2002-2003 al Curso 2005-2006.<br />
D. José Carlos Mairena Jiménez, que ocupa la plaza de Director del Conservatorio Profesional de Música de Huelva desde el curso 2006-2007 hasta nuestros días.<br />
Por último, reseñar que en el curso 2011-2012, el Conservatorio Profesional de Música de Huelva, al cumplir su 25 aniversario, el Consejo Escolar del mismo decide denominarlo con el nombre del susodicho antiguo alumno, el gran pianista y mejor persona “Javier Perianes”, denominación que quedará para la posteridad como:<br />
&nbsp;&nbsp;&nbsp;&nbsp;&nbsp;&nbsp;&nbsp;&nbsp;&nbsp;&nbsp;&nbsp;&nbsp;&nbsp;&nbsp;&nbsp;&nbsp;&nbsp;&nbsp;&nbsp;&nbsp;&nbsp;&nbsp;&nbsp;&nbsp;&nbsp;&nbsp;&nbsp;&nbsp;&nbsp;&nbsp;&nbsp;&nbsp;&nbsp;&nbsp;&nbsp;&nbsp;&nbsp;&nbsp;&nbsp;&nbsp;&nbsp;&nbsp;&nbsp;&nbsp;&nbsp;&nbsp;&nbsp;&nbsp;&nbsp;&nbsp;&nbsp;&nbsp;&nbsp;&nbsp;&nbsp;</p>
<p>Conservatorio Profesional de Música “Javier Perianes”</p>

<p>Breve Historia del Conservatorio Profesional de Música de Huelva El Conservatorio Profesional de Música de Huelva comienza su andadura allá por el Curso 86/87, contaba con un Claustro de Profesores bastante reducido al igual&#46;&#46;&#46;</p>
