{"id":1205,"date":"2025-01-15T18:32:52","date_gmt":"2025-01-15T17:32:52","guid":{"rendered":"https:\/\/blogsaverroes.juntadeandalucia.es\/cpr-azahar\/?page_id=1205"},"modified":"2025-09-17T11:33:53","modified_gmt":"2025-09-17T10:33:53","slug":"consejo-escolar","status":"publish","type":"page","link":"https:\/\/blogsaverroes.juntadeandalucia.es\/cpr-azahar\/consejo-escolar\/","title":{"rendered":"Consejo Escolar"},"content":{"rendered":"<table style=\"width: 819px\">\n<tbody>\n<tr>\n<td style=\"width: 410px\" width=\"411\"><strong>Sector<\/strong><\/td>\n<td style=\"width: 409px\" width=\"411\"><strong>Miembros<\/strong><\/td>\n<\/tr>\n<tr>\n<td style=\"width: 410px\" width=\"411\">Equipo Directivo<\/td>\n<td style=\"width: 409px\" width=\"411\">Felices S\u00e1nchez, Jos\u00e9 Francisco (DIRECTOR)<\/td>\n<\/tr>\n<tr>\n<td style=\"width: 410px\" width=\"411\">Equipo Directivo<\/td>\n<td style=\"width: 409px\" width=\"411\">Carrillo L\u00f3pez, Fernando (JEFE DE ESTUDIOS)<\/td>\n<\/tr>\n<tr>\n<td style=\"width: 410px\" width=\"411\">Equipo Directivo<\/td>\n<td style=\"width: 409px\" width=\"411\">Pay\u00e1n Abad, V\u00edctor (SECRETARIO)<\/td>\n<\/tr>\n<tr>\n<td style=\"width: 410px\" width=\"411\">Profesorado<\/td>\n<td style=\"width: 409px\" width=\"411\">L\u00f3pez Mart\u00ednez, Celia<\/td>\n<\/tr>\n<tr>\n<td style=\"width: 410px\" width=\"411\">Profesorado<\/td>\n<td style=\"width: 409px\" width=\"411\">P\u00e9rez Pardo, Patricia<\/td>\n<\/tr>\n<tr>\n<td style=\"width: 410px\" width=\"411\">Madres\/Padres\/Tutores<\/td>\n<td style=\"width: 409px\" width=\"411\">Cant\u00f3n Amate, Mar\u00eda del Carmen<\/td>\n<\/tr>\n<tr>\n<td style=\"width: 410px\" width=\"411\">Madres\/Padres\/Tutores<\/td>\n<td style=\"width: 409px\" width=\"411\">Gonz\u00e1lez Rodr\u00edguez, Juan Miguel<\/td>\n<\/tr>\n<tr>\n<td style=\"width: 410px\" width=\"411\">Madres\/Padres\/Tutores<\/td>\n<td style=\"width: 409px\" width=\"411\">L\u00e1zaro Castillo, Mar\u00eda del Mar<\/td>\n<\/tr>\n<tr>\n<td style=\"width: 410px\" width=\"411\">Madres\/Padres\/Tutores<\/td>\n<td style=\"width: 409px\" width=\"411\">L\u00f3pez G\u00f3mez, Ana Bel\u00e9n<\/td>\n<\/tr>\n<tr>\n<td style=\"width: 410px\" width=\"411\">Madres\/Padres\/Tutores<\/td>\n<td style=\"width: 409px\" width=\"411\">Ortega Gonz\u00e1lez, Almudena<\/td>\n<\/tr>\n<tr>\n<td style=\"width: 410px\" width=\"411\">Madres\/Padres\/Tutores<\/td>\n<td style=\"width: 409px\" width=\"411\">S\u00e1nchez Carballo, Juli\u00e1n<\/td>\n<\/tr>\n<tr>\n<td style=\"width: 410px\" width=\"411\">Madres\/Padres\/Tutores<\/td>\n<td style=\"width: 409px\" width=\"411\">Merino Garc\u00eda, Carla (A.M.P.A. MAYORITARIA)<\/td>\n<\/tr>\n<tr>\n<td style=\"width: 410px\" width=\"411\">Ayuntamiento<\/td>\n<td style=\"width: 409px\" width=\"411\">Guil Soriano, Sonia Mar\u00eda<\/td>\n<\/tr>\n<\/tbody>\n<\/table>\n","protected":false},"excerpt":{"rendered":"<p>Sector Miembros Equipo Directivo Felices S\u00e1nchez, Jos\u00e9 Francisco (DIRECTOR) Equipo Directivo Carrillo L\u00f3pez, Fernando (JEFE DE ESTUDIOS) Equipo Directivo Pay\u00e1n Abad, V\u00edctor (SECRETARIO) Profesorado L\u00f3pez Mart\u00ednez, Celia Profesorado P\u00e9rez Pardo, Patricia Madres\/Padres\/Tutores Cant\u00f3n Amate,&#46;&#46;&#46;<\/p>\n","protected":false},"author":13634,"featured_media":0,"parent":0,"menu_order":0,"comment_status":"closed","ping_status":"closed","template":"","meta":{"_exactmetrics_skip_tracking":false,"_exactmetrics_sitenote_active":false,"_exactmetrics_sitenote_note":"","_exactmetrics_sitenote_category":0,"ngg_post_thumbnail":0,"footnotes":""},"aioseo_notices":[],"_links":{"self":[{"href":"https:\/\/blogsaverroes.juntadeandalucia.es\/cpr-azahar\/wp-json\/wp\/v2\/pages\/1205"}],"collection":[{"href":"https:\/\/blogsaverroes.juntadeandalucia.es\/cpr-azahar\/wp-json\/wp\/v2\/pages"}],"about":[{"href":"https:\/\/blogsaverroes.juntadeandalucia.es\/cpr-azahar\/wp-json\/wp\/v2\/types\/page"}],"author":[{"embeddable":true,"href":"https:\/\/blogsaverroes.juntadeandalucia.es\/cpr-azahar\/wp-json\/wp\/v2\/users\/13634"}],"replies":[{"embeddable":true,"href":"https:\/\/blogsaverroes.juntadeandalucia.es\/cpr-azahar\/wp-json\/wp\/v2\/comments?post=1205"}],"version-history":[{"count":5,"href":"https:\/\/blogsaverroes.juntadeandalucia.es\/cpr-azahar\/wp-json\/wp\/v2\/pages\/1205\/revisions"}],"predecessor-version":[{"id":2146,"href":"https:\/\/blogsaverroes.juntadeandalucia.es\/cpr-azahar\/wp-json\/wp\/v2\/pages\/1205\/revisions\/2146"}],"wp:attachment":[{"href":"https:\/\/blogsaverroes.juntadeandalucia.es\/cpr-azahar\/wp-json\/wp\/v2\/media?parent=1205"}],"curies":[{"name":"wp","href":"https:\/\/api.w.org\/{rel}","templated":true}]}}