{"id":1266,"date":"2025-01-15T19:19:07","date_gmt":"2025-01-15T18:19:07","guid":{"rendered":"https:\/\/blogsaverroes.juntadeandalucia.es\/cpr-azahar\/?page_id=1266"},"modified":"2025-02-27T19:49:32","modified_gmt":"2025-02-27T18:49:32","slug":"escolarizacion","status":"publish","type":"page","link":"https:\/\/blogsaverroes.juntadeandalucia.es\/cpr-azahar\/escolarizacion\/","title":{"rendered":"Escolarizaci\u00f3n"},"content":{"rendered":"<p><strong>Informaci\u00f3n general.<\/strong><\/p>\n<p style=\"text-align: justify\">La Consejer\u00eda de Desarrollo Educativo y Formaci\u00f3n Profesional convoca anualmente el procedimiento de admisi\u00f3n del alumnado en los centros docentes p\u00fablicos y privados concertados para cursar las ense\u00f1anzas de 2\u00ba Ciclo de Educaci\u00f3n Infantil, Educaci\u00f3n Primaria, Educaci\u00f3n Especial, Educaci\u00f3n Secundaria Obligatoria y Bachillerato.<\/p>\n<p style=\"text-align: justify\">Generalmente,<strong> entre los d\u00edas del 1 al 31 de marzo<\/strong>, ambos inclusive, est\u00e1 abierto en Andaluc\u00eda el plazo para la presentaci\u00f3n de solicitudes de admisi\u00f3n, correspondientes al curso escolar siguiente al vigente en ese momento. Se inicia de este modo el proceso de escolarizaci\u00f3n en el que participan todos los ni\u00f1os y ni\u00f1as que se incorporan por primera vez al sistema educativo, tanto en centros p\u00fablicos como privados concertados, as\u00ed como el alumnado que desea cambiar de centro escolar.<\/p>\n<p style=\"text-align: justify\">Existe una aplicaci\u00f3n para smartphones que permite realizar consultas de centros as\u00ed como de los puntos del baremo por domicilio.<\/p>\n<p style=\"text-align: justify\">Por nuestra parte, el colegio publica la relaci\u00f3n de puestos escolares vacantes as\u00ed como la informaci\u00f3n sobre las direcciones catastrales comprendidas en sus \u00e1reas de influencia y \u00e1reas lim\u00edtrofes. Cuando la oferta de plazas coincide o es superior a la demanda, los solicitantes ser\u00e1n admitidos. Solo en aquellos casos donde no se pueda atender toda la demanda, se proceder\u00e1 a la baremaci\u00f3n de las solicitudes.<\/p>\n<p style=\"text-align: justify\">Posteriormente, el centro har\u00e1 p\u00fablica en su tabl\u00f3n de anuncios, la relaci\u00f3n de solicitantes con la puntuaci\u00f3n asignada y, a partir de ese momento, se abrir\u00e1 un plazo de&nbsp;<strong>10 d\u00edas lectivos para la presentaci\u00f3n de alegaciones<\/strong>. Si tras la aplicaci\u00f3n de los criterios de baremaci\u00f3n se producen empates, se aplicar\u00e1 el resultado del&nbsp;<strong>sorteo p\u00fablico<\/strong>&nbsp;que se celebra anualmente.&nbsp;Tras esto, saldr\u00e1 la <strong>relaci\u00f3n definitiva de admitidos y no admitidos<\/strong>.<\/p>\n<p><a href=\"https:\/\/portales.ced.junta-andalucia.es\/educacion\/portales\/web\/escolarizacion\" target=\"_blank\" rel=\"noopener\">Enlace al portal de escolarizaci\u00f3n.<\/a><\/p>\n<p><a href=\"https:\/\/portales.ced.junta-andalucia.es\/educacion\/portales\/web\/escolarizacion\/infantil-a-bachillerato\/normativa\" target=\"_blank\" rel=\"noopener\">Normativa.<\/a><\/p>\n<p><span style=\"text-decoration: underline\"><span style=\"font-size: 18pt\"><strong>ADMISI\u00d3N. GENIALLY PARA LAS FAMILIAS:<\/strong><\/span><\/span><\/p>\n<div style=\"width: 100%\">\n<div style=\"position: relative;padding-bottom: 56.25%;padding-top: 0;height: 0\"><iframe loading=\"lazy\" src=\"https:\/\/view.genially.com\/67c05afa0ed9d5592bb1937f\" width=\"1000\" height=\"600\" frameborder=\"0\" scrolling=\"yes\"><span data-mce-type=\"bookmark\" style=\"width: 0px;overflow: hidden;line-height: 0\" class=\"mce_SELRES_start\">\ufeff<\/span><\/iframe><\/div>\n<\/div>\n","protected":false},"excerpt":{"rendered":"<p>Informaci\u00f3n general. La Consejer\u00eda de Desarrollo Educativo y Formaci\u00f3n Profesional convoca anualmente el procedimiento de admisi\u00f3n del alumnado en los centros docentes p\u00fablicos y privados concertados para cursar las ense\u00f1anzas de 2\u00ba Ciclo de&#46;&#46;&#46;<\/p>\n","protected":false},"author":13634,"featured_media":0,"parent":0,"menu_order":0,"comment_status":"closed","ping_status":"closed","template":"","meta":{"_exactmetrics_skip_tracking":false,"_exactmetrics_sitenote_active":false,"_exactmetrics_sitenote_note":"","_exactmetrics_sitenote_category":0,"ngg_post_thumbnail":0,"footnotes":""},"aioseo_notices":[],"_links":{"self":[{"href":"https:\/\/blogsaverroes.juntadeandalucia.es\/cpr-azahar\/wp-json\/wp\/v2\/pages\/1266"}],"collection":[{"href":"https:\/\/blogsaverroes.juntadeandalucia.es\/cpr-azahar\/wp-json\/wp\/v2\/pages"}],"about":[{"href":"https:\/\/blogsaverroes.juntadeandalucia.es\/cpr-azahar\/wp-json\/wp\/v2\/types\/page"}],"author":[{"embeddable":true,"href":"https:\/\/blogsaverroes.juntadeandalucia.es\/cpr-azahar\/wp-json\/wp\/v2\/users\/13634"}],"replies":[{"embeddable":true,"href":"https:\/\/blogsaverroes.juntadeandalucia.es\/cpr-azahar\/wp-json\/wp\/v2\/comments?post=1266"}],"version-history":[{"count":9,"href":"https:\/\/blogsaverroes.juntadeandalucia.es\/cpr-azahar\/wp-json\/wp\/v2\/pages\/1266\/revisions"}],"predecessor-version":[{"id":1480,"href":"https:\/\/blogsaverroes.juntadeandalucia.es\/cpr-azahar\/wp-json\/wp\/v2\/pages\/1266\/revisions\/1480"}],"wp:attachment":[{"href":"https:\/\/blogsaverroes.juntadeandalucia.es\/cpr-azahar\/wp-json\/wp\/v2\/media?parent=1266"}],"curies":[{"name":"wp","href":"https:\/\/api.w.org\/{rel}","templated":true}]}}

Escolarización

<p><strong>Información general.</strong></p>
<p style="text-align: justify">La Consejería de Desarrollo Educativo y Formación Profesional convoca anualmente el procedimiento de admisión del alumnado en los centros docentes públicos y privados concertados para cursar las enseñanzas de 2º Ciclo de Educación Infantil, Educación Primaria, Educación Especial, Educación Secundaria Obligatoria y Bachillerato.</p>
<p style="text-align: justify">Generalmente,<strong> entre los días del 1 al 31 de marzo</strong>, ambos inclusive, está abierto en Andalucía el plazo para la presentación de solicitudes de admisión, correspondientes al curso escolar siguiente al vigente en ese momento. Se inicia de este modo el proceso de escolarización en el que participan todos los niños y niñas que se incorporan por primera vez al sistema educativo, tanto en centros públicos como privados concertados, así como el alumnado que desea cambiar de centro escolar.</p>
<p style="text-align: justify">Existe una aplicación para smartphones que permite realizar consultas de centros así como de los puntos del baremo por domicilio.</p>
<p style="text-align: justify">Por nuestra parte, el colegio publica la relación de puestos escolares vacantes así como la información sobre las direcciones catastrales comprendidas en sus áreas de influencia y áreas limítrofes. Cuando la oferta de plazas coincide o es superior a la demanda, los solicitantes serán admitidos. Solo en aquellos casos donde no se pueda atender toda la demanda, se procederá a la baremación de las solicitudes.</p>
<p style="text-align: justify">Posteriormente, el centro hará pública en su tablón de anuncios, la relación de solicitantes con la puntuación asignada y, a partir de ese momento, se abrirá un plazo de&nbsp;<strong>10 días lectivos para la presentación de alegaciones</strong>. Si tras la aplicación de los criterios de baremación se producen empates, se aplicará el resultado del&nbsp;<strong>sorteo público</strong>&nbsp;que se celebra anualmente.&nbsp;Tras esto, saldrá la <strong>relación definitiva de admitidos y no admitidos</strong>.</p>
<p><a href="https://portales.ced.junta-andalucia.es/educacion/portales/web/escolarizacion" target="_blank" rel="noopener">Enlace al portal de escolarización.</a></p>
<p><a href="https://portales.ced.junta-andalucia.es/educacion/portales/web/escolarizacion/infantil-a-bachillerato/normativa" target="_blank" rel="noopener">Normativa.</a></p>
<p><span style="text-decoration: underline"><span style="font-size: 18pt"><strong>ADMISIÓN. GENIALLY PARA LAS FAMILIAS:</strong></span></span></p>
<div style="width: 100%">
<div style="position: relative;padding-bottom: 56.25%;padding-top: 0;height: 0"><iframe loading="lazy" src="https://view.genially.com/67c05afa0ed9d5592bb1937f" width="1000" height="600" frameborder="0" scrolling="yes"><span data-mce-type="bookmark" style="width: 0px;overflow: hidden;line-height: 0" class="mce_SELRES_start">﻿</span></iframe></div>
</div>

<p>Información general. La Consejería de Desarrollo Educativo y Formación Profesional convoca anualmente el procedimiento de admisión del alumnado en los centros docentes públicos y privados concertados para cursar las enseñanzas de 2º Ciclo de&#46;&#46;&#46;</p>
