{"id":1607,"date":"2025-03-08T12:13:44","date_gmt":"2025-03-08T11:13:44","guid":{"rendered":"https:\/\/blogsaverroes.juntadeandalucia.es\/cpr-azahar\/?page_id=1607"},"modified":"2025-10-17T18:22:23","modified_gmt":"2025-10-17T17:22:23","slug":"proa","status":"publish","type":"page","link":"https:\/\/blogsaverroes.juntadeandalucia.es\/cpr-azahar\/proa\/","title":{"rendered":"PROA"},"content":{"rendered":"<p><img loading=\"lazy\" decoding=\"async\" class=\"alignnone wp-image-1621 aligncenter\" src=\"https:\/\/blogsaverroes.juntadeandalucia.es\/cpr-azahar\/files\/2025\/03\/logo-proa-300x91.png\" alt=\"\" width=\"419\" height=\"127\" srcset=\"https:\/\/blogsaverroes.juntadeandalucia.es\/cpr-azahar\/files\/2025\/03\/logo-proa-300x91.png 300w, https:\/\/blogsaverroes.juntadeandalucia.es\/cpr-azahar\/files\/2025\/03\/logo-proa.png 718w\" sizes=\"(max-width: 419px) 100vw, 419px\" \/><\/p>\n<h2 class=\"contenido-web-banner__alias\" data-lfr-editable-id=\"h2-unique-id\" data-lfr-editable-type=\"text\"><span style=\"font-family: 'trebuchet ms', geneva, sans-serif;color: #0000ff\">Programa de Refuerzo, Orientaci\u00f3n y Apoyo.<\/span><\/h2>\n<p>El<strong> Acompa\u00f1amiento Escolar<\/strong> es una de las cinco actuaciones diferenciadas incluidas dentro del <strong>Programa PROA<\/strong>.<\/p>\n<p>El Acompa\u00f1amiento Escolar pretende mejorar la adquisici\u00f3n de las competencias clave, especialmente en comunicaci\u00f3n ling\u00fc\u00edstica y razonamiento matem\u00e1tico, del alumnado con necesidades espec\u00edficas de apoyo educativo que precisa acciones de car\u00e1cter compensatorio. Por tanto, se concibe como una medida motivadora, a la vez que favorecedora del \u00e9xito escolar, as\u00ed como una importante v\u00eda para la prevenci\u00f3n del absentismo y abandono escolar temprano.<\/p>\n<p style=\"text-align: justify\">Las clases est\u00e1n destinadas a alumnado de 2\u00ba y 3\u00ba Ciclo de Primaria.&nbsp;&nbsp;<\/p>\n<p style=\"text-align: justify\">Pueden consultar los horarios de este programa en la siguiente imagen:&nbsp;<\/p>\n<p><img loading=\"lazy\" decoding=\"async\" class=\"alignnone  wp-image-2174 aligncenter\" src=\"https:\/\/blogsaverroes.juntadeandalucia.es\/cpr-azahar\/files\/2025\/10\/horario-PROA-240x300.png\" alt=\"\" width=\"444\" height=\"555\" srcset=\"https:\/\/blogsaverroes.juntadeandalucia.es\/cpr-azahar\/files\/2025\/10\/horario-PROA-240x300.png 240w, https:\/\/blogsaverroes.juntadeandalucia.es\/cpr-azahar\/files\/2025\/10\/horario-PROA-819x1024.png 819w, https:\/\/blogsaverroes.juntadeandalucia.es\/cpr-azahar\/files\/2025\/10\/horario-PROA-768x960.png 768w, https:\/\/blogsaverroes.juntadeandalucia.es\/cpr-azahar\/files\/2025\/10\/horario-PROA.png 1080w\" sizes=\"(max-width: 444px) 100vw, 444px\" \/><\/p>\n<p><img loading=\"lazy\" decoding=\"async\" class=\"alignnone wp-image-2156\" src=\"https:\/\/blogsaverroes.juntadeandalucia.es\/cpr-azahar\/files\/2025\/09\/encabez_logos_fse_21_27_actualizadofeb25_copia-300x19.png\" alt=\"\" width=\"774\" height=\"49\" srcset=\"https:\/\/blogsaverroes.juntadeandalucia.es\/cpr-azahar\/files\/2025\/09\/encabez_logos_fse_21_27_actualizadofeb25_copia-300x19.png 300w, https:\/\/blogsaverroes.juntadeandalucia.es\/cpr-azahar\/files\/2025\/09\/encabez_logos_fse_21_27_actualizadofeb25_copia-1024x65.png 1024w, https:\/\/blogsaverroes.juntadeandalucia.es\/cpr-azahar\/files\/2025\/09\/encabez_logos_fse_21_27_actualizadofeb25_copia-768x48.png 768w, https:\/\/blogsaverroes.juntadeandalucia.es\/cpr-azahar\/files\/2025\/09\/encabez_logos_fse_21_27_actualizadofeb25_copia-1536x97.png 1536w, https:\/\/blogsaverroes.juntadeandalucia.es\/cpr-azahar\/files\/2025\/09\/encabez_logos_fse_21_27_actualizadofeb25_copia.png 2000w\" sizes=\"(max-width: 774px) 100vw, 774px\" \/><\/p>\n","protected":false},"excerpt":{"rendered":"<p>Programa de Refuerzo, Orientaci\u00f3n y Apoyo. El Acompa\u00f1amiento Escolar es una de las cinco actuaciones diferenciadas incluidas dentro del Programa PROA. El Acompa\u00f1amiento Escolar pretende mejorar la adquisici\u00f3n de las competencias clave, especialmente en&#46;&#46;&#46;<\/p>\n","protected":false},"author":13634,"featured_media":0,"parent":0,"menu_order":0,"comment_status":"closed","ping_status":"closed","template":"","meta":{"_exactmetrics_skip_tracking":false,"_exactmetrics_sitenote_active":false,"_exactmetrics_sitenote_note":"","_exactmetrics_sitenote_category":0,"ngg_post_thumbnail":0,"footnotes":""},"aioseo_notices":[],"_links":{"self":[{"href":"https:\/\/blogsaverroes.juntadeandalucia.es\/cpr-azahar\/wp-json\/wp\/v2\/pages\/1607"}],"collection":[{"href":"https:\/\/blogsaverroes.juntadeandalucia.es\/cpr-azahar\/wp-json\/wp\/v2\/pages"}],"about":[{"href":"https:\/\/blogsaverroes.juntadeandalucia.es\/cpr-azahar\/wp-json\/wp\/v2\/types\/page"}],"author":[{"embeddable":true,"href":"https:\/\/blogsaverroes.juntadeandalucia.es\/cpr-azahar\/wp-json\/wp\/v2\/users\/13634"}],"replies":[{"embeddable":true,"href":"https:\/\/blogsaverroes.juntadeandalucia.es\/cpr-azahar\/wp-json\/wp\/v2\/comments?post=1607"}],"version-history":[{"count":6,"href":"https:\/\/blogsaverroes.juntadeandalucia.es\/cpr-azahar\/wp-json\/wp\/v2\/pages\/1607\/revisions"}],"predecessor-version":[{"id":2175,"href":"https:\/\/blogsaverroes.juntadeandalucia.es\/cpr-azahar\/wp-json\/wp\/v2\/pages\/1607\/revisions\/2175"}],"wp:attachment":[{"href":"https:\/\/blogsaverroes.juntadeandalucia.es\/cpr-azahar\/wp-json\/wp\/v2\/media?parent=1607"}],"curies":[{"name":"wp","href":"https:\/\/api.w.org\/{rel}","templated":true}]}}