{"id":1704,"date":"2025-03-10T20:46:57","date_gmt":"2025-03-10T19:46:57","guid":{"rendered":"https:\/\/blogsaverroes.juntadeandalucia.es\/cpr-azahar\/?page_id=1704"},"modified":"2026-01-12T09:19:15","modified_gmt":"2026-01-12T08:19:15","slug":"lectura-y-biblioteca","status":"publish","type":"page","link":"https:\/\/blogsaverroes.juntadeandalucia.es\/cpr-azahar\/lectura-y-biblioteca\/","title":{"rendered":"Lectura y Biblioteca"},"content":{"rendered":"<p style=\"text-align: justify\">&nbsp; &nbsp; &nbsp; &nbsp; &nbsp; &nbsp; &nbsp; &nbsp;<a href=\"https:\/\/drive.google.com\/drive\/folders\/1m5Sz5_eqh8YmQkZwRYplkmQq7E_R5NcG?usp=sharing\" target=\"_blank\" rel=\"noopener\"><img loading=\"lazy\" decoding=\"async\" class=\"alignnone wp-image-2162 size-medium\" src=\"https:\/\/blogsaverroes.juntadeandalucia.es\/cpr-azahar\/files\/2025\/10\/libros-viajeros-265x300.jpg\" alt=\"\" width=\"265\" height=\"300\" srcset=\"https:\/\/blogsaverroes.juntadeandalucia.es\/cpr-azahar\/files\/2025\/10\/libros-viajeros-265x300.jpg 265w, https:\/\/blogsaverroes.juntadeandalucia.es\/cpr-azahar\/files\/2025\/10\/libros-viajeros.jpg 628w\" sizes=\"(max-width: 265px) 100vw, 265px\" \/><\/a>&nbsp; &nbsp; &nbsp; &nbsp; &nbsp; &nbsp; &nbsp; &nbsp; &nbsp; &nbsp; &nbsp; &nbsp; &nbsp; &nbsp; &nbsp; &nbsp; &nbsp; <a href=\"https:\/\/drive.google.com\/drive\/folders\/1T040_aWsHUtenppKvfTvnOIMX0zmlg_1?usp=sharing\" target=\"_blank\" rel=\"noopener\"><img loading=\"lazy\" decoding=\"async\" class=\"alignnone wp-image-2161 size-medium\" src=\"https:\/\/blogsaverroes.juntadeandalucia.es\/cpr-azahar\/files\/2025\/10\/biblioaulas-266x300.jpg\" alt=\"\" width=\"266\" height=\"300\" srcset=\"https:\/\/blogsaverroes.juntadeandalucia.es\/cpr-azahar\/files\/2025\/10\/biblioaulas-266x300.jpg 266w, https:\/\/blogsaverroes.juntadeandalucia.es\/cpr-azahar\/files\/2025\/10\/biblioaulas.jpg 633w\" sizes=\"(max-width: 266px) 100vw, 266px\" \/><\/a><\/p>\n<p>&nbsp;<\/p>\n<p style=\"text-align: justify\"><img loading=\"lazy\" decoding=\"async\" class=\" wp-image-1706 alignleft\" src=\"https:\/\/blogsaverroes.juntadeandalucia.es\/cpr-azahar\/files\/2025\/03\/Subportal-Bibliotecas-composicion-300x150.jpg\" alt=\"\" width=\"400\" height=\"200\" srcset=\"https:\/\/blogsaverroes.juntadeandalucia.es\/cpr-azahar\/files\/2025\/03\/Subportal-Bibliotecas-composicion-300x150.jpg 300w, https:\/\/blogsaverroes.juntadeandalucia.es\/cpr-azahar\/files\/2025\/03\/Subportal-Bibliotecas-composicion.jpg 480w\" sizes=\"(max-width: 400px) 100vw, 400px\" \/>Despertar el gusto por la lectura en el alumnado de Educaci\u00f3n Primaria es sumamente importante, ya que la lectura no solo es una habilidad fundamental para el desarrollo acad\u00e9mico, sino que tambi\u00e9n tiene un impacto significativo en el crecimiento personal y en la capacidad de comprensi\u00f3n del mundo que nos rodea.<br \/>\nLa lectura nos permite adquirir conocimientos, ampliar el vocabulario, desarrollar la imaginaci\u00f3n y la creatividad, mejorar la capacidad de concentraci\u00f3n y reflexi\u00f3n, as\u00ed como fortalecer nuestras habilidades de comunicaci\u00f3n. Adem\u00e1s, fomentar el h\u00e1bito de la lectura desde temprana edad contribuye a crear una base s\u00f3lida para un aprendizaje continuo y a abrir las puertas hacia un mundo lleno de posibilidades y oportunidades.<br \/>\nEl fomento de la lectura en el alumnado desde edades tempranas es fundamental para su desarrollo cognitivo, emocional y social. Sin embargo, en ocasiones puede resultar un desaf\u00edo despertar el inter\u00e9s de los ni\u00f1os por la lectura.<br \/>\nDesde el <a href=\"https:\/\/seneca.juntadeandalucia.es\/seneca\/biblioweb\/portal\/04008686\" target=\"_blank\" rel=\"noopener\">CPR Azahar<\/a> somos conscientes de la importancia y necesidad de provocar situaciones que favorezcan la implantaci\u00f3n de un buen h\u00e1bito de lectura para la formaci\u00f3n y desarrollo de nuestro alumnado. Para desarrollarlo es necesario la implicaci\u00f3n de toda la comunidad educativa.<br \/>\nDe los datos obtenidos en las pruebas de evaluaci\u00f3n de cursos pasados, podemos concluir que nuestro alumnado lee menos de lo que ser\u00eda deseable y beneficioso para \u00e9ste; por tanto, no tiene h\u00e1bito lector. De esta realidad derivan consecuencias acad\u00e9micas negativas como un pobre vocabulario, dificultades de comprensi\u00f3n lectora, ortograf\u00eda deficiente&#8230; La falta de competencias comunicativas, las dificultades en la comprensi\u00f3n lectora y las carencias en la comunicaci\u00f3n escrita son las dificultades m\u00e1s significativas que se detectan.<br \/>\nEl principal problema con el que nos encontramos se halla en la falta de est\u00edmulos positivos que refuercen el gusto por la lectura. Leer como acto l\u00fadico, divertido y enriquecedor no se practica, ya que el esfuerzo que hay que realizar para enfrentarse a las p\u00e1ginas de un libro y los obst\u00e1culos que hay que vencer no compensa. Por este motivo, en cada sesi\u00f3n trataremos de despertar el gusto por el mero hecho de leer. Para esto, es necesario que toda nuestra energ\u00eda se encamine a que a los ni\u00f1os les guste leer, no a que simplemente lean.<\/p>\n<p>&nbsp;<\/p>\n","protected":false},"excerpt":{"rendered":"<p>&nbsp; &nbsp; &nbsp; &nbsp; &nbsp; &nbsp; &nbsp; &nbsp;&nbsp; &nbsp; &nbsp; &nbsp; &nbsp; &nbsp; &nbsp; &nbsp; &nbsp; &nbsp; &nbsp; &nbsp; &nbsp; &nbsp; &nbsp; &nbsp; &nbsp; &nbsp; Despertar el gusto por la lectura en el alumnado&#46;&#46;&#46;<\/p>\n","protected":false},"author":13634,"featured_media":0,"parent":0,"menu_order":0,"comment_status":"closed","ping_status":"closed","template":"","meta":{"_exactmetrics_skip_tracking":false,"_exactmetrics_sitenote_active":false,"_exactmetrics_sitenote_note":"","_exactmetrics_sitenote_category":0,"ngg_post_thumbnail":0,"footnotes":""},"aioseo_notices":[],"_links":{"self":[{"href":"https:\/\/blogsaverroes.juntadeandalucia.es\/cpr-azahar\/wp-json\/wp\/v2\/pages\/1704"}],"collection":[{"href":"https:\/\/blogsaverroes.juntadeandalucia.es\/cpr-azahar\/wp-json\/wp\/v2\/pages"}],"about":[{"href":"https:\/\/blogsaverroes.juntadeandalucia.es\/cpr-azahar\/wp-json\/wp\/v2\/types\/page"}],"author":[{"embeddable":true,"href":"https:\/\/blogsaverroes.juntadeandalucia.es\/cpr-azahar\/wp-json\/wp\/v2\/users\/13634"}],"replies":[{"embeddable":true,"href":"https:\/\/blogsaverroes.juntadeandalucia.es\/cpr-azahar\/wp-json\/wp\/v2\/comments?post=1704"}],"version-history":[{"count":7,"href":"https:\/\/blogsaverroes.juntadeandalucia.es\/cpr-azahar\/wp-json\/wp\/v2\/pages\/1704\/revisions"}],"predecessor-version":[{"id":2242,"href":"https:\/\/blogsaverroes.juntadeandalucia.es\/cpr-azahar\/wp-json\/wp\/v2\/pages\/1704\/revisions\/2242"}],"wp:attachment":[{"href":"https:\/\/blogsaverroes.juntadeandalucia.es\/cpr-azahar\/wp-json\/wp\/v2\/media?parent=1704"}],"curies":[{"name":"wp","href":"https:\/\/api.w.org\/{rel}","templated":true}]}}