{"id":1023,"date":"2025-02-02T11:35:43","date_gmt":"2025-02-02T10:35:43","guid":{"rendered":"https:\/\/blogsaverroes.juntadeandalucia.es\/cpr-el-olivo\/?page_id=1023"},"modified":"2025-02-02T11:37:23","modified_gmt":"2025-02-02T10:37:23","slug":"la-pedriza","status":"publish","type":"page","link":"https:\/\/blogsaverroes.juntadeandalucia.es\/cpr-el-olivo\/la-pedriza\/","title":{"rendered":"La Pedriza"},"content":{"rendered":"<p><img loading=\"lazy\" decoding=\"async\" class=\" wp-image-1024 alignleft\" src=\"https:\/\/blogsaverroes.juntadeandalucia.es\/cpr-el-olivo\/files\/2025\/02\/LP_vistapedriza1.jpg\" alt=\"\" width=\"311\" height=\"233\"><img loading=\"lazy\" decoding=\"async\" class=\"size-medium wp-image-1028 alignright\" src=\"https:\/\/blogsaverroes.juntadeandalucia.es\/cpr-el-olivo\/files\/2025\/02\/LP_Cartel_CanteraBlanca-1-300x225.jpg\" alt=\"\" width=\"300\" height=\"225\" srcset=\"https:\/\/blogsaverroes.juntadeandalucia.es\/cpr-el-olivo\/files\/2025\/02\/LP_Cartel_CanteraBlanca-1-300x225.jpg 300w, https:\/\/blogsaverroes.juntadeandalucia.es\/cpr-el-olivo\/files\/2025\/02\/LP_Cartel_CanteraBlanca-1.jpg 471w\" sizes=\"(max-width: 300px) 100vw, 300px\" \/>La aldea de La Pedriza se sit\u00faa a 8 km de Alcal\u00e1 la Real, en direcci\u00f3n a Montefr\u00edo y cuenta actualmente con unos 300 habitantes.<\/p>\n<p>Debe su nombre a las canteras de piedra caliza, de grano fino, color blanco y f\u00e1cil de trabajar que hab\u00eda en la zona, utilizada en las partes principales de los&nbsp;edificios nobles de Alcal\u00e1 la Real, como la&nbsp;portada&nbsp;de la&nbsp;Iglesia&nbsp;Mayor Abacial de la Mota y la her\u00e1ldica de otros&nbsp;monumentos. El top\u00f3nimo de algunos cortijos de la zona tambi\u00e9n est\u00e1 relacionado con esta actividad (Cantera Blanca).<\/p>\n<p><img loading=\"lazy\" decoding=\"async\" class=\" wp-image-1025 alignright\" src=\"https:\/\/blogsaverroes.juntadeandalucia.es\/cpr-el-olivo\/files\/2025\/02\/LP_Lapida-290x300.jpg\" alt=\"\" width=\"243\" height=\"251\" srcset=\"https:\/\/blogsaverroes.juntadeandalucia.es\/cpr-el-olivo\/files\/2025\/02\/LP_Lapida-290x300.jpg 290w, https:\/\/blogsaverroes.juntadeandalucia.es\/cpr-el-olivo\/files\/2025\/02\/LP_Lapida.jpg 731w\" sizes=\"(max-width: 243px) 100vw, 243px\" \/>Al estar asentada cerca de varios cursos fluviales menores, hay vestigios de asentamientos humanos desde la prehistoria. Posiblemente el asentamiento inicial estuviera situado en el paraje&nbsp;de Fuente Nubes donde se han encontrado abundantes restos arqueol\u00f3gicos. El hallazgo m\u00e1s&nbsp;relevante es un fragmento de l\u00e1pida funeraria, en&nbsp;piedra de arenisca con escritura c\u00fafica, que data del a\u00f1o 872.<\/p>\n<p><img loading=\"lazy\" decoding=\"async\" class=\"size-medium wp-image-1026 alignleft\" src=\"https:\/\/blogsaverroes.juntadeandalucia.es\/cpr-el-olivo\/files\/2025\/02\/LP_CristoCruz-300x225.jpg\" alt=\"\" width=\"300\" height=\"225\" srcset=\"https:\/\/blogsaverroes.juntadeandalucia.es\/cpr-el-olivo\/files\/2025\/02\/LP_CristoCruz-300x225.jpg 300w, https:\/\/blogsaverroes.juntadeandalucia.es\/cpr-el-olivo\/files\/2025\/02\/LP_CristoCruz.jpg 400w\" sizes=\"(max-width: 300px) 100vw, 300px\" \/>El edificio m\u00e1s notable es la iglesia, remodelada recientemente, en el que se localiza una parte del retablo procedente de la iglesia de la Veracruz, donde se venera al Cristo del Perd\u00f3n, al que los vecinos le dedican la fiesta mayor.<\/p>\n<p>&nbsp;<\/p>\n","protected":false},"excerpt":{"rendered":"<p>La aldea de La Pedriza se sit\u00faa a 8 km de Alcal\u00e1 la Real, en direcci\u00f3n a Montefr\u00edo y cuenta actualmente con unos 300 habitantes. Debe su nombre a las canteras de piedra caliza,&#46;&#46;&#46;<\/p>\n","protected":false},"author":19486,"featured_media":0,"parent":0,"menu_order":0,"comment_status":"closed","ping_status":"closed","template":"","meta":{"ngg_post_thumbnail":0,"footnotes":""},"aioseo_notices":[],"_links":{"self":[{"href":"https:\/\/blogsaverroes.juntadeandalucia.es\/cpr-el-olivo\/wp-json\/wp\/v2\/pages\/1023"}],"collection":[{"href":"https:\/\/blogsaverroes.juntadeandalucia.es\/cpr-el-olivo\/wp-json\/wp\/v2\/pages"}],"about":[{"href":"https:\/\/blogsaverroes.juntadeandalucia.es\/cpr-el-olivo\/wp-json\/wp\/v2\/types\/page"}],"author":[{"embeddable":true,"href":"https:\/\/blogsaverroes.juntadeandalucia.es\/cpr-el-olivo\/wp-json\/wp\/v2\/users\/19486"}],"replies":[{"embeddable":true,"href":"https:\/\/blogsaverroes.juntadeandalucia.es\/cpr-el-olivo\/wp-json\/wp\/v2\/comments?post=1023"}],"version-history":[{"count":1,"href":"https:\/\/blogsaverroes.juntadeandalucia.es\/cpr-el-olivo\/wp-json\/wp\/v2\/pages\/1023\/revisions"}],"predecessor-version":[{"id":1030,"href":"https:\/\/blogsaverroes.juntadeandalucia.es\/cpr-el-olivo\/wp-json\/wp\/v2\/pages\/1023\/revisions\/1030"}],"wp:attachment":[{"href":"https:\/\/blogsaverroes.juntadeandalucia.es\/cpr-el-olivo\/wp-json\/wp\/v2\/media?parent=1023"}],"curies":[{"name":"wp","href":"https:\/\/api.w.org\/{rel}","templated":true}]}}

<p><img loading="lazy" decoding="async" class=" wp-image-1024 alignleft" src="https://blogsaverroes.juntadeandalucia.es/cpr-el-olivo/files/2025/02/LP_vistapedriza1.jpg" alt="" width="311" height="233"><img loading="lazy" decoding="async" class="size-medium wp-image-1028 alignright" src="https://blogsaverroes.juntadeandalucia.es/cpr-el-olivo/files/2025/02/LP_Cartel_CanteraBlanca-1-300x225.jpg" alt="" width="300" height="225" srcset="https://blogsaverroes.juntadeandalucia.es/cpr-el-olivo/files/2025/02/LP_Cartel_CanteraBlanca-1-300x225.jpg 300w, https://blogsaverroes.juntadeandalucia.es/cpr-el-olivo/files/2025/02/LP_Cartel_CanteraBlanca-1.jpg 471w" sizes="(max-width: 300px) 100vw, 300px" />La aldea de La Pedriza se sitúa a 8 km de Alcalá la Real, en dirección a Montefrío y cuenta actualmente con unos 300 habitantes.</p>
<p>Debe su nombre a las canteras de piedra caliza, de grano fino, color blanco y fácil de trabajar que había en la zona, utilizada en las partes principales de los&nbsp;edificios nobles de Alcalá la Real, como la&nbsp;portada&nbsp;de la&nbsp;Iglesia&nbsp;Mayor Abacial de la Mota y la heráldica de otros&nbsp;monumentos. El topónimo de algunos cortijos de la zona también está relacionado con esta actividad (Cantera Blanca).</p>
<p><img loading="lazy" decoding="async" class=" wp-image-1025 alignright" src="https://blogsaverroes.juntadeandalucia.es/cpr-el-olivo/files/2025/02/LP_Lapida-290x300.jpg" alt="" width="243" height="251" srcset="https://blogsaverroes.juntadeandalucia.es/cpr-el-olivo/files/2025/02/LP_Lapida-290x300.jpg 290w, https://blogsaverroes.juntadeandalucia.es/cpr-el-olivo/files/2025/02/LP_Lapida.jpg 731w" sizes="(max-width: 243px) 100vw, 243px" />Al estar asentada cerca de varios cursos fluviales menores, hay vestigios de asentamientos humanos desde la prehistoria. Posiblemente el asentamiento inicial estuviera situado en el paraje&nbsp;de Fuente Nubes donde se han encontrado abundantes restos arqueológicos. El hallazgo más&nbsp;relevante es un fragmento de lápida funeraria, en&nbsp;piedra de arenisca con escritura cúfica, que data del año 872.</p>
<p><img loading="lazy" decoding="async" class="size-medium wp-image-1026 alignleft" src="https://blogsaverroes.juntadeandalucia.es/cpr-el-olivo/files/2025/02/LP_CristoCruz-300x225.jpg" alt="" width="300" height="225" srcset="https://blogsaverroes.juntadeandalucia.es/cpr-el-olivo/files/2025/02/LP_CristoCruz-300x225.jpg 300w, https://blogsaverroes.juntadeandalucia.es/cpr-el-olivo/files/2025/02/LP_CristoCruz.jpg 400w" sizes="(max-width: 300px) 100vw, 300px" />El edificio más notable es la iglesia, remodelada recientemente, en el que se localiza una parte del retablo procedente de la iglesia de la Veracruz, donde se venera al Cristo del Perdón, al que los vecinos le dedican la fiesta mayor.</p>
<p>&nbsp;</p>

<p>La aldea de La Pedriza se sitúa a 8 km de Alcalá la Real, en dirección a Montefrío y cuenta actualmente con unos 300 habitantes. Debe su nombre a las canteras de piedra caliza,&#46;&#46;&#46;</p>
