{"id":1128,"date":"2025-02-06T13:39:37","date_gmt":"2025-02-06T12:39:37","guid":{"rendered":"https:\/\/blogsaverroes.juntadeandalucia.es\/cpr-el-olivo\/?page_id=1128"},"modified":"2025-02-06T18:20:29","modified_gmt":"2025-02-06T17:20:29","slug":"plan-de-actuacion-digital-pad","status":"publish","type":"page","link":"https:\/\/blogsaverroes.juntadeandalucia.es\/cpr-el-olivo\/plan-de-actuacion-digital-pad\/","title":{"rendered":"Plan de Actuaci\u00f3n Digital (PAD)"},"content":{"rendered":"<p><span style=\"font-family: 'comic sans ms', sans-serif\">El <a href=\"https:\/\/blogsaverroes.juntadeandalucia.es\/cpr-el-olivo\/files\/2025\/02\/Plan-de-Actuacion-Digital-PAD.pdf\">Plan de Actuaci\u00f3n Digital (PAD)<\/a> <\/span><span style=\"font-family: 'comic sans ms', sans-serif\"> de nuestro centro educativo tiene como objetivo principal mejorar la competencia digital de toda la comunidad educativa. Esto incluye a docentes, alumnado y familias, garantizando un uso efectivo y responsable de las tecnolog\u00edas en el proceso de ense\u00f1anza-aprendizaje.<\/span><\/p>\n<div dir=\"auto\"><span style=\"font-family: 'comic sans ms', sans-serif\">Principales l\u00edneas de actuaci\u00f3n:<\/span><\/div>\n<div dir=\"auto\">&nbsp;<\/div>\n<ul>\n<li dir=\"auto\"><span style=\"font-family: 'comic sans ms', sans-serif\">Formaci\u00f3n digital del profesorado y la comunidad educativa<\/span><\/li>\n<\/ul>\n<div dir=\"auto\" style=\"padding-left: 40px\"><span style=\"font-family: 'comic sans ms', sans-serif\">Se ha establecido un plan de formaci\u00f3n basado en los marcos europeos DigCompOrg, DigCompEdu y DigComp, con acciones espec\u00edficas para docentes, personal no docente y familias\u200b.<\/span><\/div>\n<div dir=\"auto\">&nbsp;<\/div>\n<ul>\n<li dir=\"auto\"><span style=\"font-family: 'comic sans ms', sans-serif\">Metodolog\u00edas innovadoras<\/span><\/li>\n<\/ul>\n<div dir=\"auto\" style=\"padding-left: 40px\"><span style=\"font-family: 'comic sans ms', sans-serif\">Se fomenta el uso de metodolog\u00edas activas apoyadas en la tecnolog\u00eda, como el aprendizaje cooperativo, el aprendizaje basado en proyectos (ABP) y el Flipped Classroom\u200b.<\/span><\/div>\n<div dir=\"auto\">&nbsp;<\/div>\n<ul>\n<li dir=\"auto\"><span style=\"font-family: 'comic sans ms', sans-serif\">Inclusi\u00f3n digital y accesibilidad<\/span><\/li>\n<\/ul>\n<div dir=\"auto\" style=\"padding-left: 40px\"><span style=\"font-family: 'comic sans ms', sans-serif\">Se han implementado protocolos para garantizar que todo el alumnado tenga acceso a dispositivos y conectividad en caso de necesidad, reduciendo la brecha digital\u200b.<\/span><\/div>\n<div dir=\"auto\">&nbsp;<\/div>\n<ul>\n<li dir=\"auto\"><span style=\"font-family: 'comic sans ms', sans-serif\">Comunicaci\u00f3n y participaci\u00f3n de las familias<\/span><\/li>\n<\/ul>\n<div dir=\"auto\" style=\"padding-left: 40px\"><span style=\"font-family: 'comic sans ms', sans-serif\">Se utilizan herramientas telem\u00e1ticas como S\u00e9neca y Pasen para mejorar la comunicaci\u00f3n con las familias y facilitar el seguimiento educativo del alumnado\u200b.<\/span><\/div>\n<div dir=\"auto\">&nbsp;<\/div>\n<ul>\n<li dir=\"auto\"><span style=\"font-family: 'comic sans ms', sans-serif\">Gesti\u00f3n digital del centro<\/span><\/li>\n<\/ul>\n<div dir=\"auto\" style=\"padding-left: 40px\"><span style=\"font-family: 'comic sans ms', sans-serif\">El uso de aplicaciones digitales optimiza la organizaci\u00f3n y gesti\u00f3n de recursos, horarios y espacios del centro\u200b.<\/span><\/div>\n<div dir=\"auto\">&nbsp;<\/div>\n<div dir=\"auto\"><span style=\"font-family: 'comic sans ms', sans-serif\">Este plan es una apuesta por la transformaci\u00f3n digital de nuestro colegio, asegurando un entorno educativo innovador, seguro e inclusivo para todos.<\/span><\/div>\n","protected":false},"excerpt":{"rendered":"<p>El Plan de Actuaci\u00f3n Digital (PAD) de nuestro centro educativo tiene como objetivo principal mejorar la competencia digital de toda la comunidad educativa. Esto incluye a docentes, alumnado y familias, garantizando un uso efectivo&#46;&#46;&#46;<\/p>\n","protected":false},"author":19486,"featured_media":0,"parent":0,"menu_order":0,"comment_status":"closed","ping_status":"closed","template":"","meta":{"ngg_post_thumbnail":0,"footnotes":""},"aioseo_notices":[],"_links":{"self":[{"href":"https:\/\/blogsaverroes.juntadeandalucia.es\/cpr-el-olivo\/wp-json\/wp\/v2\/pages\/1128"}],"collection":[{"href":"https:\/\/blogsaverroes.juntadeandalucia.es\/cpr-el-olivo\/wp-json\/wp\/v2\/pages"}],"about":[{"href":"https:\/\/blogsaverroes.juntadeandalucia.es\/cpr-el-olivo\/wp-json\/wp\/v2\/types\/page"}],"author":[{"embeddable":true,"href":"https:\/\/blogsaverroes.juntadeandalucia.es\/cpr-el-olivo\/wp-json\/wp\/v2\/users\/19486"}],"replies":[{"embeddable":true,"href":"https:\/\/blogsaverroes.juntadeandalucia.es\/cpr-el-olivo\/wp-json\/wp\/v2\/comments?post=1128"}],"version-history":[{"count":4,"href":"https:\/\/blogsaverroes.juntadeandalucia.es\/cpr-el-olivo\/wp-json\/wp\/v2\/pages\/1128\/revisions"}],"predecessor-version":[{"id":1135,"href":"https:\/\/blogsaverroes.juntadeandalucia.es\/cpr-el-olivo\/wp-json\/wp\/v2\/pages\/1128\/revisions\/1135"}],"wp:attachment":[{"href":"https:\/\/blogsaverroes.juntadeandalucia.es\/cpr-el-olivo\/wp-json\/wp\/v2\/media?parent=1128"}],"curies":[{"name":"wp","href":"https:\/\/api.w.org\/{rel}","templated":true}]}}

Plan de Actuación Digital (PAD)

<p><span style="font-family: 'comic sans ms', sans-serif">El <a href="https://blogsaverroes.juntadeandalucia.es/cpr-el-olivo/files/2025/02/Plan-de-Actuacion-Digital-PAD.pdf">Plan de Actuación Digital (PAD)</a> </span><span style="font-family: 'comic sans ms', sans-serif"> de nuestro centro educativo tiene como objetivo principal mejorar la competencia digital de toda la comunidad educativa. Esto incluye a docentes, alumnado y familias, garantizando un uso efectivo y responsable de las tecnologías en el proceso de enseñanza-aprendizaje.</span></p>
<div dir="auto"><span style="font-family: 'comic sans ms', sans-serif">Principales líneas de actuación:</span></div>
<div dir="auto">&nbsp;</div>
<ul>
<li dir="auto"><span style="font-family: 'comic sans ms', sans-serif">Formación digital del profesorado y la comunidad educativa</span></li>
</ul>
<div dir="auto" style="padding-left: 40px"><span style="font-family: 'comic sans ms', sans-serif">Se ha establecido un plan de formación basado en los marcos europeos DigCompOrg, DigCompEdu y DigComp, con acciones específicas para docentes, personal no docente y familias​.</span></div>
<div dir="auto">&nbsp;</div>
<ul>
<li dir="auto"><span style="font-family: 'comic sans ms', sans-serif">Metodologías innovadoras</span></li>
</ul>
<div dir="auto" style="padding-left: 40px"><span style="font-family: 'comic sans ms', sans-serif">Se fomenta el uso de metodologías activas apoyadas en la tecnología, como el aprendizaje cooperativo, el aprendizaje basado en proyectos (ABP) y el Flipped Classroom​.</span></div>
<div dir="auto">&nbsp;</div>
<ul>
<li dir="auto"><span style="font-family: 'comic sans ms', sans-serif">Inclusión digital y accesibilidad</span></li>
</ul>
<div dir="auto" style="padding-left: 40px"><span style="font-family: 'comic sans ms', sans-serif">Se han implementado protocolos para garantizar que todo el alumnado tenga acceso a dispositivos y conectividad en caso de necesidad, reduciendo la brecha digital​.</span></div>
<div dir="auto">&nbsp;</div>
<ul>
<li dir="auto"><span style="font-family: 'comic sans ms', sans-serif">Comunicación y participación de las familias</span></li>
</ul>
<div dir="auto" style="padding-left: 40px"><span style="font-family: 'comic sans ms', sans-serif">Se utilizan herramientas telemáticas como Séneca y Pasen para mejorar la comunicación con las familias y facilitar el seguimiento educativo del alumnado​.</span></div>
<div dir="auto">&nbsp;</div>
<ul>
<li dir="auto"><span style="font-family: 'comic sans ms', sans-serif">Gestión digital del centro</span></li>
</ul>
<div dir="auto" style="padding-left: 40px"><span style="font-family: 'comic sans ms', sans-serif">El uso de aplicaciones digitales optimiza la organización y gestión de recursos, horarios y espacios del centro​.</span></div>
<div dir="auto">&nbsp;</div>
<div dir="auto"><span style="font-family: 'comic sans ms', sans-serif">Este plan es una apuesta por la transformación digital de nuestro colegio, asegurando un entorno educativo innovador, seguro e inclusivo para todos.</span></div>

<p>El Plan de Actuación Digital (PAD) de nuestro centro educativo tiene como objetivo principal mejorar la competencia digital de toda la comunidad educativa. Esto incluye a docentes, alumnado y familias, garantizando un uso efectivo&#46;&#46;&#46;</p>
