{"id":1531,"date":"2026-04-05T18:44:41","date_gmt":"2026-04-05T17:44:41","guid":{"rendered":"https:\/\/blogsaverroes.juntadeandalucia.es\/cpr-el-olivo\/?page_id=1531"},"modified":"2026-04-12T20:25:10","modified_gmt":"2026-04-12T19:25:10","slug":"microbit","status":"publish","type":"page","link":"https:\/\/blogsaverroes.juntadeandalucia.es\/cpr-el-olivo\/robotica-y-programacion\/microbit\/","title":{"rendered":"Microbit"},"content":{"rendered":"<table style=\"border-color: #03330d;border-style: solid\" cellpadding=\"1\">\n<tbody>\n<tr>\n<td style=\"width: 100%\">&nbsp;<\/td>\n<\/tr>\n<\/tbody>\n<\/table>\n<p style=\"text-align: center\"><img loading=\"lazy\" decoding=\"async\" class=\"wp-image-574 alignleft\" src=\"https:\/\/blogsaverroes.juntadeandalucia.es\/cpr-el-olivo\/files\/2025\/01\/cropped-logo_cole_trans-300x300.png\" alt=\"\" width=\"144\" height=\"144\" srcset=\"https:\/\/blogsaverroes.juntadeandalucia.es\/cpr-el-olivo\/files\/2025\/01\/cropped-logo_cole_trans-300x300.png 300w, https:\/\/blogsaverroes.juntadeandalucia.es\/cpr-el-olivo\/files\/2025\/01\/cropped-logo_cole_trans-150x150.png 150w, https:\/\/blogsaverroes.juntadeandalucia.es\/cpr-el-olivo\/files\/2025\/01\/cropped-logo_cole_trans-480x480.png 480w, https:\/\/blogsaverroes.juntadeandalucia.es\/cpr-el-olivo\/files\/2025\/01\/cropped-logo_cole_trans-270x270.png 270w, https:\/\/blogsaverroes.juntadeandalucia.es\/cpr-el-olivo\/files\/2025\/01\/cropped-logo_cole_trans-192x192.png 192w, https:\/\/blogsaverroes.juntadeandalucia.es\/cpr-el-olivo\/files\/2025\/01\/cropped-logo_cole_trans-180x180.png 180w, https:\/\/blogsaverroes.juntadeandalucia.es\/cpr-el-olivo\/files\/2025\/01\/cropped-logo_cole_trans-32x32.png 32w, https:\/\/blogsaverroes.juntadeandalucia.es\/cpr-el-olivo\/files\/2025\/01\/cropped-logo_cole_trans.png 512w\" sizes=\"(max-width: 144px) 100vw, 144px\" \/><span style=\"color: #008000;font-size: 36pt\"><strong><span style=\"font-family: 'comic sans ms', sans-serif\">Colegio P\u00fablico Rural &#8220;El Olivo&#8221;<\/span><\/strong><\/span><\/p>\n<p style=\"text-align: center\"><img loading=\"lazy\" decoding=\"async\" class=\"alignleft\" src=\"https:\/\/blogsaverroes.juntadeandalucia.es\/cpr-el-olivo\/files\/2026\/04\/icon_Microbit.png\" width=\"202\" height=\"202\"><\/p>\n<p>&nbsp;<\/p>\n<p>&nbsp;<\/p>\n<p style=\"text-align: center\"><strong><span style=\"font-family: 'comic sans ms', sans-serif;font-size: 24pt;color: #993366\">Programamos con Microbit<\/span><\/strong><span style=\"font-family: 'comic sans ms', sans-serif;font-size: 24pt;color: #993366\">&nbsp;&nbsp;<\/span><\/p>\n<p>&nbsp;<\/p>\n<p>&nbsp;<\/p>\n<table class=\" aligncenter\" style=\"height: 96px;width: 100%;border-collapse: collapse;border-style: solid;border-color: #092b03;background-color: #62d952\" cellpadding=\"1\">\n<tbody>\n<tr style=\"height: 24px\">\n<td style=\"width: 20%;height: 24px\"><span style=\"font-family: comic sans ms, sans-serif;color: #003300\">Sesi\u00f3n 1<\/span><\/p>\n<p><span style=\"font-family: comic sans ms, sans-serif;color: #003300\">Comenzamos<\/span><\/td>\n<td style=\"width: 20%;height: 24px\"><span style=\"font-family: comic sans ms, sans-serif;color: #003300\">Sesi\u00f3n 2<\/span><\/p>\n<p><span style=\"font-family: comic sans ms, sans-serif;color: #003300\">Animaciones<\/span><\/td>\n<td style=\"width: 20%;height: 24px\"><span style=\"font-family: comic sans ms, sans-serif;color: #003300\">Sesi\u00f3n 3<\/span><\/p>\n<p>Dado<\/td>\n<td style=\"width: 20%;height: 24px\"><span style=\"font-family: comic sans ms, sans-serif;color: #003300\">Sesi\u00f3n 4<\/span><\/p>\n<p>Term\u00f3metro<\/td>\n<td style=\"width: 20%;height: 24px\"><span style=\"font-family: comic sans ms, sans-serif;color: #003300\">Sesi\u00f3n 5<\/span><\/td>\n<\/tr>\n<tr style=\"height: 24px\">\n<td style=\"width: 20%;height: 24px\"><strong><a href=\"https:\/\/blogsaverroes.juntadeandalucia.es\/cpr-el-olivo\/files\/2026\/04\/Clase1.pdf\" target=\"_blank\" rel=\"noopener\"><img loading=\"lazy\" decoding=\"async\" class=\"aligncenter wp-image-634\" src=\"https:\/\/blogsaverroes.juntadeandalucia.es\/cpr-el-olivo\/files\/2025\/01\/PDF.png\" alt=\"Microbit: Clase 1\" width=\"50\" height=\"50\" srcset=\"https:\/\/blogsaverroes.juntadeandalucia.es\/cpr-el-olivo\/files\/2025\/01\/PDF.png 256w, https:\/\/blogsaverroes.juntadeandalucia.es\/cpr-el-olivo\/files\/2025\/01\/PDF-150x150.png 150w\" sizes=\"(max-width: 50px) 100vw, 50px\" \/><\/a><\/strong><\/td>\n<td style=\"width: 20%;height: 24px\"><strong><a href=\"https:\/\/blogsaverroes.juntadeandalucia.es\/cpr-el-olivo\/files\/2026\/04\/Clase2.pdf\" target=\"_blank\" rel=\"noopener\"><img loading=\"lazy\" decoding=\"async\" class=\"aligncenter wp-image-634\" src=\"https:\/\/blogsaverroes.juntadeandalucia.es\/cpr-el-olivo\/files\/2025\/01\/PDF.png\" alt=\"Microbit: Clase 2\" width=\"50\" height=\"50\" srcset=\"https:\/\/blogsaverroes.juntadeandalucia.es\/cpr-el-olivo\/files\/2025\/01\/PDF.png 256w, https:\/\/blogsaverroes.juntadeandalucia.es\/cpr-el-olivo\/files\/2025\/01\/PDF-150x150.png 150w\" sizes=\"(max-width: 50px) 100vw, 50px\" \/><\/a><\/strong><\/td>\n<td style=\"width: 20%;height: 24px\"><strong><a href=\"https:\/\/blogsaverroes.juntadeandalucia.es\/cpr-el-olivo\/files\/2026\/04\/Clase3.pdf\" target=\"_blank\" rel=\"noopener\"><img loading=\"lazy\" decoding=\"async\" class=\"aligncenter wp-image-634\" src=\"https:\/\/blogsaverroes.juntadeandalucia.es\/cpr-el-olivo\/files\/2025\/01\/PDF.png\" alt=\"Microbit: Clase 3\" width=\"50\" height=\"50\" srcset=\"https:\/\/blogsaverroes.juntadeandalucia.es\/cpr-el-olivo\/files\/2025\/01\/PDF.png 256w, https:\/\/blogsaverroes.juntadeandalucia.es\/cpr-el-olivo\/files\/2025\/01\/PDF-150x150.png 150w\" sizes=\"(max-width: 50px) 100vw, 50px\" \/><\/a><\/strong><\/td>\n<td style=\"width: 20%;height: 24px\"><strong><a href=\"https:\/\/blogsaverroes.juntadeandalucia.es\/cpr-el-olivo\/files\/2026\/04\/Clase4.pdf\" target=\"_blank\" rel=\"noopener\"><img loading=\"lazy\" decoding=\"async\" class=\"aligncenter wp-image-634\" src=\"https:\/\/blogsaverroes.juntadeandalucia.es\/cpr-el-olivo\/files\/2025\/01\/PDF.png\" alt=\"Microbit: Clase 4\" width=\"50\" height=\"50\" srcset=\"https:\/\/blogsaverroes.juntadeandalucia.es\/cpr-el-olivo\/files\/2025\/01\/PDF.png 256w, https:\/\/blogsaverroes.juntadeandalucia.es\/cpr-el-olivo\/files\/2025\/01\/PDF-150x150.png 150w\" sizes=\"(max-width: 50px) 100vw, 50px\" \/><\/a><\/strong><\/td>\n<td style=\"width: 20%;height: 24px\">&nbsp;<\/td>\n<\/tr>\n<tr style=\"height: 24px\">\n<td style=\"width: 20%;height: 24px\">&nbsp;<\/td>\n<td style=\"width: 20%;height: 24px\">&nbsp;<\/td>\n<td style=\"width: 20%;height: 24px\">&nbsp;<\/td>\n<td style=\"width: 20%;height: 24px\">&nbsp;<\/td>\n<td style=\"width: 20%;height: 24px\">&nbsp;<\/td>\n<\/tr>\n<tr style=\"height: 24px\">\n<td style=\"width: 20%;height: 24px\">&nbsp;<\/td>\n<td style=\"width: 20%;height: 24px\">&nbsp;<\/td>\n<td style=\"width: 20%;height: 24px\">&nbsp;<\/td>\n<td style=\"width: 20%;height: 24px\">&nbsp;<\/td>\n<td style=\"width: 20%;height: 24px\">&nbsp;<\/td>\n<\/tr>\n<tr>\n<td style=\"width: 20%\">&nbsp;<\/td>\n<td style=\"width: 20%\">&nbsp;<\/td>\n<td style=\"width: 20%\">&nbsp;<\/td>\n<td style=\"width: 20%\">&nbsp;<\/td>\n<td style=\"width: 20%\">&nbsp;<\/td>\n<\/tr>\n<\/tbody>\n<\/table>\n","protected":false},"excerpt":{"rendered":"<p>&nbsp; Colegio P\u00fablico Rural &#8220;El Olivo&#8221; &nbsp; &nbsp; Programamos con Microbit&nbsp;&nbsp; &nbsp; &nbsp; Sesi\u00f3n 1 Comenzamos Sesi\u00f3n 2 Animaciones Sesi\u00f3n 3 Dado Sesi\u00f3n 4 Term\u00f3metro Sesi\u00f3n 5 &nbsp; &nbsp; &nbsp; &nbsp; &nbsp; &nbsp; &nbsp;&#46;&#46;&#46;<\/p>\n","protected":false},"author":19486,"featured_media":0,"parent":585,"menu_order":0,"comment_status":"closed","ping_status":"closed","template":"","meta":{"ngg_post_thumbnail":0,"footnotes":""},"aioseo_notices":[],"_links":{"self":[{"href":"https:\/\/blogsaverroes.juntadeandalucia.es\/cpr-el-olivo\/wp-json\/wp\/v2\/pages\/1531"}],"collection":[{"href":"https:\/\/blogsaverroes.juntadeandalucia.es\/cpr-el-olivo\/wp-json\/wp\/v2\/pages"}],"about":[{"href":"https:\/\/blogsaverroes.juntadeandalucia.es\/cpr-el-olivo\/wp-json\/wp\/v2\/types\/page"}],"author":[{"embeddable":true,"href":"https:\/\/blogsaverroes.juntadeandalucia.es\/cpr-el-olivo\/wp-json\/wp\/v2\/users\/19486"}],"replies":[{"embeddable":true,"href":"https:\/\/blogsaverroes.juntadeandalucia.es\/cpr-el-olivo\/wp-json\/wp\/v2\/comments?post=1531"}],"version-history":[{"count":14,"href":"https:\/\/blogsaverroes.juntadeandalucia.es\/cpr-el-olivo\/wp-json\/wp\/v2\/pages\/1531\/revisions"}],"predecessor-version":[{"id":1563,"href":"https:\/\/blogsaverroes.juntadeandalucia.es\/cpr-el-olivo\/wp-json\/wp\/v2\/pages\/1531\/revisions\/1563"}],"up":[{"embeddable":true,"href":"https:\/\/blogsaverroes.juntadeandalucia.es\/cpr-el-olivo\/wp-json\/wp\/v2\/pages\/585"}],"wp:attachment":[{"href":"https:\/\/blogsaverroes.juntadeandalucia.es\/cpr-el-olivo\/wp-json\/wp\/v2\/media?parent=1531"}],"curies":[{"name":"wp","href":"https:\/\/api.w.org\/{rel}","templated":true}]}}