{"id":474,"date":"2020-12-18T08:32:40","date_gmt":"2020-12-18T07:32:40","guid":{"rendered":"https:\/\/blogsaverroes.juntadeandalucia.es\/pre\/plantilla-backbag\/?page_id=474"},"modified":"2025-01-31T12:37:47","modified_gmt":"2025-01-31T11:37:47","slug":"contactar-con-el-centro","status":"publish","type":"page","link":"https:\/\/blogsaverroes.juntadeandalucia.es\/cpr-el-olivo\/contactar-con-el-centro\/","title":{"rendered":"Contactar"},"content":{"rendered":"<p>Colegio P\u00fablico Rural &#8220;El Olivo&#8221;<\/p>\n<p style=\"padding-left: 40px\">Calle San Roque s\/n&nbsp;<\/p>\n<p style=\"padding-left: 40px\">23686 MURES Alcal\u00e1 la Real&nbsp;<\/p>\n<p style=\"padding-left: 40px\">Ja\u00e9n<\/p>\n<p>Correo electr\u00f3nico:&nbsp; 23601230.edu@juntadeandalucia.es<\/p>\n<p>Tel\u00e9fono: 953599593<\/p>\n<p><a href=\"https:\/\/maps.app.goo.gl\/UTMum1n2KdFQi3gx8\">Ubicaci\u00f3n&nbsp;&nbsp;<\/a><\/p>\n<p>Mapa <iframe loading=\"lazy\" src=\"https:\/\/www.google.com\/maps\/embed?pb=!1m18!1m12!1m3!1d25351.559919787655!2d-3.8664798732624375!3d37.41477510552057!2m3!1f0!2f0!3f0!3m2!1i1024!2i768!4f13.1!3m3!1m2!1s0xd6de358d0944543%3A0x8e007594b0782f8b!2sColegio%20P%C3%BAblico%20El%20Olivo!5e0!3m2!1ses!2ses!4v1738263167132!5m2!1ses!2ses\" width=\"600\" height=\"450\"><\/iframe><\/p>\n","protected":false},"excerpt":{"rendered":"<p>Colegio P\u00fablico Rural &#8220;El Olivo&#8221; Calle San Roque s\/n&nbsp; 23686 MURES Alcal\u00e1 la Real&nbsp; Ja\u00e9n Correo electr\u00f3nico:&nbsp; 23601230.edu@juntadeandalucia.es Tel\u00e9fono: 953599593 Ubicaci\u00f3n&nbsp;&nbsp; Mapa<\/p>\n","protected":false},"author":7051,"featured_media":0,"parent":0,"menu_order":0,"comment_status":"closed","ping_status":"closed","template":"","meta":{"ngg_post_thumbnail":0,"footnotes":""},"aioseo_notices":[],"_links":{"self":[{"href":"https:\/\/blogsaverroes.juntadeandalucia.es\/cpr-el-olivo\/wp-json\/wp\/v2\/pages\/474"}],"collection":[{"href":"https:\/\/blogsaverroes.juntadeandalucia.es\/cpr-el-olivo\/wp-json\/wp\/v2\/pages"}],"about":[{"href":"https:\/\/blogsaverroes.juntadeandalucia.es\/cpr-el-olivo\/wp-json\/wp\/v2\/types\/page"}],"author":[{"embeddable":true,"href":"https:\/\/blogsaverroes.juntadeandalucia.es\/cpr-el-olivo\/wp-json\/wp\/v2\/users\/7051"}],"replies":[{"embeddable":true,"href":"https:\/\/blogsaverroes.juntadeandalucia.es\/cpr-el-olivo\/wp-json\/wp\/v2\/comments?post=474"}],"version-history":[{"count":9,"href":"https:\/\/blogsaverroes.juntadeandalucia.es\/cpr-el-olivo\/wp-json\/wp\/v2\/pages\/474\/revisions"}],"predecessor-version":[{"id":959,"href":"https:\/\/blogsaverroes.juntadeandalucia.es\/cpr-el-olivo\/wp-json\/wp\/v2\/pages\/474\/revisions\/959"}],"wp:attachment":[{"href":"https:\/\/blogsaverroes.juntadeandalucia.es\/cpr-el-olivo\/wp-json\/wp\/v2\/media?parent=474"}],"curies":[{"name":"wp","href":"https:\/\/api.w.org\/{rel}","templated":true}]}}