{"id":729,"date":"2025-01-21T16:36:29","date_gmt":"2025-01-21T15:36:29","guid":{"rendered":"https:\/\/blogsaverroes.juntadeandalucia.es\/cpr-el-olivo\/?page_id=729"},"modified":"2025-02-11T13:50:52","modified_gmt":"2025-02-11T12:50:52","slug":"claustro-de-profesorado","status":"publish","type":"page","link":"https:\/\/blogsaverroes.juntadeandalucia.es\/cpr-el-olivo\/claustro-de-profesorado\/","title":{"rendered":"Claustro de Profesorado"},"content":{"rendered":"<p><span style=\"color: #000000\">Claustro de profesorado del Colegio P\u00fablico Rural &#8220;El Olivo&#8221;. Curso 2024\/2025<\/span><\/p>\n<table style=\"width: 100%\" border=\"0\" rules=\"NONE\" cellspacing=\"0\">\n<colgroup>\n<col width=\"124\">\n<col width=\"277\">\n<col width=\"640\"><\/colgroup>\n<tbody>\n<tr>\n<td style=\"width: 15.7895%\" align=\"CENTER\" width=\"124\" height=\"25\"><span style=\"color: #000000\"><b><span style=\"font-family: Comic Sans MS;font-size: medium\"> ALDEA <\/span><\/b><\/span><\/td>\n<td style=\"width: 39.1181%\" align=\"CENTER\" width=\"277\"><span style=\"color: #000000\"><b><span style=\"font-family: Comic Sans MS;font-size: medium\">NOMBRE <\/span><\/b><\/span><\/td>\n<td style=\"width: 44.9502%\" align=\"CENTER\" width=\"640\"><span style=\"color: #000000\"><b><span style=\"font-family: Comic Sans MS;font-size: medium\">PUESTO <\/span><\/b><\/span><\/td>\n<\/tr>\n<tr>\n<td style=\"width: 15.7895%\" align=\"LEFT\" height=\"20\"><span style=\"font-family: 'Comic Sans MS';font-size: medium;color: #000000\">Mures <\/span><\/td>\n<td style=\"width: 39.1181%;text-align: left\" align=\"LEFT\"><span style=\"font-family: 'Comic Sans MS';font-size: medium;color: #000000\">Jos\u00e9 Manuel Aranda Cano <\/span><\/td>\n<td style=\"width: 44.9502%\" align=\"LEFT\"><span style=\"font-family: 'Comic Sans MS';font-size: medium;color: #000000\">Director del centro y especialista en Lengua Extranjera (Ingl\u00e9s) <\/span><\/td>\n<\/tr>\n<tr>\n<td style=\"width: 15.7895%\" align=\"LEFT\" height=\"20\"><span style=\"font-family: 'Comic Sans MS';font-size: medium;color: #000000\">Mures <\/span><\/td>\n<td style=\"width: 39.1181%;text-align: left\" align=\"LEFT\"><span style=\"font-family: 'Comic Sans MS';font-size: medium;color: #000000\">Cristina Carrillo P\u00e9rez <\/span><\/td>\n<td style=\"width: 44.9502%\" align=\"LEFT\"><span style=\"font-family: 'Comic Sans MS';font-size: medium;color: #000000\">Secretaria del centro, tutora de 1\u00ba Ciclo de E. Primaria <\/span><\/td>\n<\/tr>\n<tr>\n<td style=\"width: 15.7895%\" align=\"LEFT\" height=\"25\"><span style=\"font-family: 'Comic Sans MS';font-size: medium;color: #000000\">Mures <\/span><\/td>\n<td style=\"width: 39.1181%;text-align: left\" align=\"LEFT\"><span style=\"font-family: 'Comic Sans MS';font-size: medium;color: #000000\">Susana Mar\u00eda Carri\u00f3n Fern\u00e1ndez <\/span><\/td>\n<td style=\"width: 44.9502%\" align=\"LEFT\"><span style=\"font-family: 'Comic Sans MS';font-size: medium;color: #000000\">Jefa de estudios del centro, especialista en E. F\u00edsica <\/span><\/td>\n<\/tr>\n<tr>\n<td style=\"width: 15.7895%\" align=\"LEFT\" height=\"25\"><span style=\"font-family: 'Comic Sans MS';font-size: medium;color: #000000\">Mures <\/span><\/td>\n<td style=\"width: 39.1181%;text-align: left\" align=\"LEFT\"><span style=\"font-family: 'Comic Sans MS';font-size: medium;color: #000000\">Raquel Dolores Delgado Ruiz <\/span><\/td>\n<td style=\"width: 44.9502%\" align=\"LEFT\"><span style=\"font-family: 'Comic Sans MS';font-size: medium;color: #000000\">Sobredotaci\u00f3n, desdoble y apoyo <\/span><\/td>\n<\/tr>\n<tr>\n<td style=\"width: 15.7895%\" align=\"LEFT\" height=\"25\"><span style=\"font-family: 'Comic Sans MS';font-size: medium;color: #000000\">Mures <\/span><\/td>\n<td style=\"width: 39.1181%;text-align: left\" align=\"LEFT\"><span style=\"font-family: 'Comic Sans MS';font-size: medium;color: #000000\">Belinda Garc\u00eda Torres <\/span><\/td>\n<td style=\"width: 44.9502%\" align=\"LEFT\"><span style=\"font-family: 'Comic Sans MS';font-size: medium;color: #000000\">Aula TEA y especialista en PT <\/span><\/td>\n<\/tr>\n<tr>\n<td style=\"width: 15.7895%\" align=\"LEFT\" height=\"20\"><span style=\"font-family: 'Comic Sans MS';font-size: medium;color: #000000\">Mures <\/span><\/td>\n<td style=\"width: 39.1181%;text-align: left\" align=\"LEFT\"><span style=\"font-family: 'Comic Sans MS';font-size: medium;color: #000000\">Dolores Inmaculada Garrido Ruiz <\/span><\/td>\n<td style=\"width: 44.9502%\" align=\"LEFT\"><span style=\"font-family: 'Comic Sans MS';font-size: medium;color: #000000\">Tutora de E. Infantil <\/span><\/td>\n<\/tr>\n<tr>\n<td style=\"width: 15.7895%\" align=\"LEFT\" height=\"20\"><span style=\"font-family: 'Comic Sans MS';font-size: medium;color: #000000\">Mures <\/span><\/td>\n<td style=\"width: 39.1181%;text-align: left\" align=\"LEFT\"><span style=\"font-family: 'Comic Sans MS';font-size: medium;color: #000000\">Mar\u00eda de las Nieves Mart\u00ednez Le\u00f3n <\/span><\/td>\n<td style=\"width: 44.9502%\" align=\"LEFT\"><span style=\"font-family: 'Comic Sans MS';font-size: medium;color: #000000\">Tutora de E. Infantil <\/span><\/td>\n<\/tr>\n<tr>\n<td style=\"width: 15.7895%\" align=\"LEFT\" height=\"20\"><span style=\"font-family: 'Comic Sans MS';font-size: medium;color: #000000\">Mures <\/span><\/td>\n<td style=\"width: 39.1181%;text-align: left\" align=\"LEFT\"><span style=\"font-family: 'Comic Sans MS';font-size: medium;color: #000000\">Luc\u00eda Mata Hueso <\/span><\/td>\n<td style=\"width: 44.9502%\" align=\"LEFT\"><span style=\"font-family: 'Comic Sans MS';font-size: medium;color: #000000\">Especialista en A.L. <\/span><\/td>\n<\/tr>\n<tr>\n<td style=\"width: 15.7895%\" align=\"LEFT\" height=\"25\"><span style=\"font-family: 'Comic Sans MS';font-size: medium;color: #000000\">Mures <\/span><\/td>\n<td style=\"width: 39.1181%;text-align: left\" align=\"LEFT\"><span style=\"font-family: 'Comic Sans MS';font-size: medium;color: #000000\">Maria del Carmen Osuna Soto <\/span><\/td>\n<td style=\"width: 44.9502%\" align=\"LEFT\"><span style=\"font-family: 'Comic Sans MS';font-size: medium;color: #000000\">Tutora de 3\u00ba ciclo de E. Primaria <\/span><\/td>\n<\/tr>\n<tr>\n<td style=\"width: 15.7895%\" align=\"LEFT\" height=\"20\"><span style=\"font-family: 'Comic Sans MS';font-size: medium;color: #000000\">Mures <\/span><\/td>\n<td style=\"width: 39.1181%;text-align: left\" align=\"LEFT\"><span style=\"font-family: 'Comic Sans MS';font-size: medium;color: #000000\">Ana Luz Duro P\u00e9rez <\/span><\/td>\n<td style=\"width: 44.9502%\" align=\"LEFT\"><span style=\"font-family: 'Comic Sans MS';font-size: medium;color: #000000\">Aula TEA y especialista en PT <\/span><\/td>\n<\/tr>\n<tr>\n<td style=\"width: 15.7895%\" align=\"LEFT\" height=\"25\"><span style=\"font-family: 'Comic Sans MS';font-size: medium;color: #000000\">Mures <\/span><\/td>\n<td style=\"width: 39.1181%;text-align: left\" align=\"LEFT\"><span style=\"font-family: 'Comic Sans MS';font-size: medium;color: #000000\">Elisabeth Cano Granados <\/span><\/td>\n<td style=\"width: 44.9502%\" align=\"LEFT\"><span style=\"font-family: 'Comic Sans MS';font-size: medium;color: #000000\">PTIS <\/span><\/td>\n<\/tr>\n<tr>\n<td style=\"width: 15.7895%\" align=\"LEFT\" height=\"20\"><span style=\"font-family: 'Comic Sans MS';font-size: medium;color: #000000\">La Pedriza <\/span><\/td>\n<td style=\"width: 39.1181%;text-align: left\" align=\"LEFT\"><span style=\"font-family: 'Comic Sans MS';font-size: medium;color: #000000\">Trinidad Bravo Ja\u00e9n <\/span><\/td>\n<td style=\"width: 44.9502%\" align=\"LEFT\"><span style=\"font-family: 'Comic Sans MS';font-size: medium;color: #000000\">Tutora de segundo y tercer ciclo y especialista en Lengua Extranjera (Ingl\u00e9s) <\/span><\/td>\n<\/tr>\n<tr>\n<td style=\"width: 15.7895%\" align=\"LEFT\" height=\"20\"><span style=\"font-family: 'Comic Sans MS';font-size: medium;color: #000000\">La Pedriza <\/span><\/td>\n<td style=\"width: 39.1181%;text-align: left\" align=\"LEFT\"><span style=\"font-family: 'Comic Sans MS';font-size: medium;color: #000000\">Elisa Mar\u00eda Horcas Rufi\u00e1n <\/span><\/td>\n<td style=\"width: 44.9502%\" align=\"LEFT\"><span style=\"font-family: 'Comic Sans MS';font-size: medium;color: #000000\">Especialista en M\u00fasica <\/span><\/td>\n<\/tr>\n<tr>\n<td style=\"width: 15.7895%\" align=\"LEFT\" height=\"20\"><span style=\"font-family: 'Comic Sans MS';font-size: medium;color: #000000\">La Pedriza <\/span><\/td>\n<td style=\"width: 39.1181%;text-align: left\" align=\"LEFT\"><span style=\"font-family: 'Comic Sans MS';font-size: medium;color: #000000\">Esmeralda Cabrera Delgado <\/span><\/td>\n<td style=\"width: 44.9502%\" align=\"LEFT\"><span style=\"font-family: 'Comic Sans MS';font-size: medium;color: #000000\">Tutora de E. Infantil <\/span><\/td>\n<\/tr>\n<tr>\n<td style=\"width: 15.7895%\" align=\"LEFT\" height=\"20\"><span style=\"font-family: 'Comic Sans MS';font-size: medium;color: #000000\">La Pedriza <\/span><\/td>\n<td style=\"width: 39.1181%;text-align: left\" align=\"LEFT\"><span style=\"font-family: 'Comic Sans MS';font-size: medium;color: #000000\">Jos\u00e9 Manuel Rosillo Torres <\/span><\/td>\n<td style=\"width: 44.9502%\" align=\"LEFT\"><span style=\"font-family: 'Comic Sans MS';font-size: medium;color: #000000\">Tutor 1\u00ba Ciclo de E. Primaria <\/span><\/td>\n<\/tr>\n<tr>\n<td style=\"width: 15.7895%\" align=\"LEFT\" height=\"25\"><span style=\"font-family: 'Comic Sans MS';font-size: medium;color: #000000\">La Pedriza <\/span><\/td>\n<td style=\"width: 39.1181%;text-align: left\" align=\"LEFT\"><span style=\"font-family: 'Comic Sans MS';font-size: medium;color: #000000\">D\u00e1maris Li\u00e9bana Bol\u00edvar <\/span><\/td>\n<td style=\"width: 44.9502%\" align=\"LEFT\"><span style=\"font-family: 'Comic Sans MS';font-size: medium;color: #000000\">Especialista A.L. PROA+ <\/span><\/td>\n<\/tr>\n<tr>\n<td style=\"width: 15.7895%\" align=\"LEFT\" height=\"25\"><span style=\"font-family: 'Comic Sans MS';font-size: medium;color: #000000\">La Pedriza <\/span><\/td>\n<td style=\"width: 39.1181%;text-align: left\" align=\"LEFT\"><span style=\"font-family: 'Comic Sans MS';font-size: medium;color: #000000\">Ver\u00f3nica Fern\u00e1ndez Puerma <\/span><\/td>\n<td style=\"width: 44.9502%\" align=\"LEFT\"><span style=\"font-family: 'Comic Sans MS';font-size: medium;color: #000000\">PTIS <\/span><\/td>\n<\/tr>\n<tr>\n<td style=\"width: 15.7895%\" align=\"LEFT\" height=\"25\"><span style=\"font-family: 'Comic Sans MS';font-size: medium;color: #000000\">Ermita Nueva <\/span><\/td>\n<td style=\"width: 39.1181%;text-align: left\" align=\"LEFT\"><span style=\"font-family: 'Comic Sans MS';font-size: medium;color: #000000\">Rafaela Fuentes Fr\u00edas <\/span><\/td>\n<td style=\"width: 44.9502%\" align=\"LEFT\"><span style=\"font-family: 'Comic Sans MS';font-size: medium;color: #000000\">Tutora de E. Infantil <\/span><\/td>\n<\/tr>\n<tr>\n<td style=\"width: 15.7895%\" align=\"LEFT\" height=\"20\"><span style=\"font-family: 'Comic Sans MS';font-size: medium;color: #000000\">Ermita Nueva <\/span><\/td>\n<td style=\"width: 39.1181%;text-align: left\" align=\"LEFT\"><span style=\"font-family: 'Comic Sans MS';font-size: medium;color: #000000\">Francisco Jim\u00e9nez Huertas <\/span><\/td>\n<td style=\"width: 44.9502%\" align=\"LEFT\"><span style=\"font-family: 'Comic Sans MS';font-size: medium;color: #000000\">Tutor de Primer Ciclo <\/span><\/td>\n<\/tr>\n<tr>\n<td style=\"width: 15.7895%\" align=\"LEFT\" height=\"25\"><span style=\"font-family: 'Comic Sans MS';font-size: medium;color: #000000\">Ermita Nueva <\/span><\/td>\n<td style=\"width: 39.1181%;text-align: left\" align=\"LEFT\"><span style=\"font-family: 'Comic Sans MS';font-size: medium;color: #000000\">Mar\u00eda Jos\u00e9 Maroto Martos <\/span><\/td>\n<td style=\"width: 44.9502%\" align=\"LEFT\"><span style=\"font-family: 'Comic Sans MS';font-size: medium;color: #000000\">Especialista en Religi\u00f3n Cat\u00f3lica <\/span><\/td>\n<\/tr>\n<tr>\n<td style=\"width: 15.7895%\" align=\"LEFT\" height=\"20\"><span style=\"font-family: 'Comic Sans MS';font-size: medium;color: #000000\">Ermita Nueva <\/span><\/td>\n<td style=\"width: 39.1181%;text-align: left\" align=\"LEFT\"><span style=\"font-family: 'Comic Sans MS';font-size: medium;color: #000000\">Mercedes Silvia P\u00e9rez Escribano <\/span><\/td>\n<td style=\"width: 44.9502%\" align=\"LEFT\"><span style=\"font-family: 'Comic Sans MS';font-size: medium;color: #000000\">Tutora de 3\u00ba Ciclo de E. Primaria y especialista en Lengua Extranjera (Franc\u00e9s) <\/span><\/td>\n<\/tr>\n<tr>\n<td style=\"width: 15.7895%\" align=\"LEFT\" height=\"20\"><span style=\"font-family: 'Comic Sans MS';font-size: medium;color: #000000\">Ermita Nueva <\/span><\/td>\n<td style=\"width: 39.1181%;text-align: left\" align=\"LEFT\"><span style=\"font-family: 'Comic Sans MS';font-size: medium;color: #000000\">Francisca Ana Robles N\u00fa\u00f1ez <\/span><\/td>\n<td style=\"width: 44.9502%\" align=\"LEFT\"><span style=\"font-family: 'Comic Sans MS';font-size: medium;color: #000000\">Tutora de 2\u00ba Ciclo de E. Primaria y especialista en 1\u00aa Lengua extranjera (Ingl\u00e9s) <\/span><\/td>\n<\/tr>\n<tr>\n<td style=\"width: 15.7895%\" align=\"LEFT\" height=\"25\"><span style=\"font-family: 'Comic Sans MS';font-size: medium;color: #000000\">Ermita Nueva <\/span><\/td>\n<td style=\"width: 39.1181%;text-align: left\" align=\"LEFT\"><span style=\"font-family: 'Comic Sans MS';font-size: medium;color: #000000\">Francisca Ana Robles N\u00fa\u00f1ez <\/span><\/td>\n<td style=\"width: 44.9502%\" align=\"LEFT\"><span style=\"font-family: 'Comic Sans MS';font-size: medium;color: #000000\">Sobredotaci\u00f3n, desdoble y apoyo <\/span><\/td>\n<\/tr>\n<tr>\n<td style=\"width: 15.7895%\" align=\"LEFT\" height=\"20\"><span style=\"font-family: 'Comic Sans MS';font-size: medium;color: #000000\">Ermita Nueva <\/span><\/td>\n<td style=\"width: 39.1181%;text-align: left\" align=\"LEFT\"><span style=\"font-family: 'Comic Sans MS';font-size: medium;color: #000000\">Elena Rueda P\u00e9rez <\/span><\/td>\n<td style=\"width: 44.9502%\" align=\"LEFT\"><span style=\"font-family: 'Comic Sans MS';font-size: medium;color: #000000\">Especialista en P.T. <\/span><\/td>\n<\/tr>\n<\/tbody>\n<\/table>\n","protected":false},"excerpt":{"rendered":"<p>Claustro de profesorado del Colegio P\u00fablico Rural &#8220;El Olivo&#8221;. Curso 2024\/2025 ALDEA NOMBRE PUESTO Mures Jos\u00e9 Manuel Aranda Cano Director del centro y especialista en Lengua Extranjera (Ingl\u00e9s) Mures Cristina Carrillo P\u00e9rez Secretaria del&#46;&#46;&#46;<\/p>\n","protected":false},"author":19486,"featured_media":0,"parent":0,"menu_order":0,"comment_status":"closed","ping_status":"closed","template":"","meta":{"ngg_post_thumbnail":0,"footnotes":""},"aioseo_notices":[],"_links":{"self":[{"href":"https:\/\/blogsaverroes.juntadeandalucia.es\/cpr-el-olivo\/wp-json\/wp\/v2\/pages\/729"}],"collection":[{"href":"https:\/\/blogsaverroes.juntadeandalucia.es\/cpr-el-olivo\/wp-json\/wp\/v2\/pages"}],"about":[{"href":"https:\/\/blogsaverroes.juntadeandalucia.es\/cpr-el-olivo\/wp-json\/wp\/v2\/types\/page"}],"author":[{"embeddable":true,"href":"https:\/\/blogsaverroes.juntadeandalucia.es\/cpr-el-olivo\/wp-json\/wp\/v2\/users\/19486"}],"replies":[{"embeddable":true,"href":"https:\/\/blogsaverroes.juntadeandalucia.es\/cpr-el-olivo\/wp-json\/wp\/v2\/comments?post=729"}],"version-history":[{"count":8,"href":"https:\/\/blogsaverroes.juntadeandalucia.es\/cpr-el-olivo\/wp-json\/wp\/v2\/pages\/729\/revisions"}],"predecessor-version":[{"id":1188,"href":"https:\/\/blogsaverroes.juntadeandalucia.es\/cpr-el-olivo\/wp-json\/wp\/v2\/pages\/729\/revisions\/1188"}],"wp:attachment":[{"href":"https:\/\/blogsaverroes.juntadeandalucia.es\/cpr-el-olivo\/wp-json\/wp\/v2\/media?parent=729"}],"curies":[{"name":"wp","href":"https:\/\/api.w.org\/{rel}","templated":true}]}}