{"id":730,"date":"2025-01-21T16:36:29","date_gmt":"2025-01-21T15:36:29","guid":{"rendered":"https:\/\/blogsaverroes.juntadeandalucia.es\/cpr-el-olivo\/?page_id=730"},"modified":"2025-02-08T09:52:09","modified_gmt":"2025-02-08T08:52:09","slug":"documentos-del-centro","status":"publish","type":"page","link":"https:\/\/blogsaverroes.juntadeandalucia.es\/cpr-el-olivo\/documentos-del-centro\/","title":{"rendered":"Documentos del Centro"},"content":{"rendered":"<ul>\n<li>\n<h3><a href=\"https:\/\/blogsaverroes.juntadeandalucia.es\/cpr-el-olivo\/files\/2025\/01\/Jose-Manuel-Aranda-Cano-Proyecto-1.pdf\">Proyecto de Direcci\u00f3n. 2024 &#8211; 2028<\/a><\/h3>\n<\/li>\n<li>\n<h3><a href=\"https:\/\/blogsaverroes.juntadeandalucia.es\/cpr-el-olivo\/files\/2025\/01\/PROYECTO-EDUCATIVO-plan-de-centro-23-24.pdf\">Proyecto Educativo<\/a><\/h3>\n<\/li>\n<li>\n<h3><a href=\"https:\/\/blogsaverroes.juntadeandalucia.es\/cpr-el-olivo\/files\/2025\/01\/ROF-elaboracion-curso-23-24-nuevo.pdf\">Reglamento de Organizaci\u00f3n y Funcionamiento<\/a><\/h3>\n<\/li>\n<li>\n<h3><a href=\"https:\/\/blogsaverroes.juntadeandalucia.es\/cpr-el-olivo\/files\/2025\/01\/proyecto-de-gestion-elaboracion-2023-24.pdf\">Proyecto de Gesti\u00f3n<\/a><\/h3>\n<\/li>\n<li>\n<h3><a href=\"https:\/\/blogsaverroes.juntadeandalucia.es\/cpr-el-olivo\/?page_id=1128&amp;preview=true\">Plan de Actuaci\u00f3n Digital (PAD)<\/a><\/h3>\n<\/li>\n<li>\n<h3><a href=\"https:\/\/blogsaverroes.juntadeandalucia.es\/cpr-el-olivo\/files\/2025\/02\/PLAN-DE-TRATAMIENTO-A-LA-LECTURA.pdf\" target=\"_blank\" rel=\"noopener\">Plan de Tratamiento de la Lectura<\/a><\/h3>\n<\/li>\n<li>\n<h3><a href=\"https:\/\/blogsaverroes.juntadeandalucia.es\/cpr-el-olivo\/files\/2025\/02\/PLAN-RAZONAMIENTO-MATEMATICO.pdf\" target=\"_blank\" rel=\"noopener\">Plan de Razonamiento Matem\u00e1tico<\/a><\/h3>\n<\/li>\n<\/ul>\n","protected":false},"excerpt":{"rendered":"<p>Proyecto de Direcci\u00f3n. 2024 &#8211; 2028 Proyecto Educativo Reglamento de Organizaci\u00f3n y Funcionamiento Proyecto de Gesti\u00f3n Plan de Actuaci\u00f3n Digital (PAD) Plan de Tratamiento de la Lectura Plan de Razonamiento Matem\u00e1tico<\/p>\n","protected":false},"author":19486,"featured_media":0,"parent":0,"menu_order":0,"comment_status":"closed","ping_status":"closed","template":"","meta":{"ngg_post_thumbnail":0,"footnotes":""},"aioseo_notices":[],"_links":{"self":[{"href":"https:\/\/blogsaverroes.juntadeandalucia.es\/cpr-el-olivo\/wp-json\/wp\/v2\/pages\/730"}],"collection":[{"href":"https:\/\/blogsaverroes.juntadeandalucia.es\/cpr-el-olivo\/wp-json\/wp\/v2\/pages"}],"about":[{"href":"https:\/\/blogsaverroes.juntadeandalucia.es\/cpr-el-olivo\/wp-json\/wp\/v2\/types\/page"}],"author":[{"embeddable":true,"href":"https:\/\/blogsaverroes.juntadeandalucia.es\/cpr-el-olivo\/wp-json\/wp\/v2\/users\/19486"}],"replies":[{"embeddable":true,"href":"https:\/\/blogsaverroes.juntadeandalucia.es\/cpr-el-olivo\/wp-json\/wp\/v2\/comments?post=730"}],"version-history":[{"count":6,"href":"https:\/\/blogsaverroes.juntadeandalucia.es\/cpr-el-olivo\/wp-json\/wp\/v2\/pages\/730\/revisions"}],"predecessor-version":[{"id":1169,"href":"https:\/\/blogsaverroes.juntadeandalucia.es\/cpr-el-olivo\/wp-json\/wp\/v2\/pages\/730\/revisions\/1169"}],"wp:attachment":[{"href":"https:\/\/blogsaverroes.juntadeandalucia.es\/cpr-el-olivo\/wp-json\/wp\/v2\/media?parent=730"}],"curies":[{"name":"wp","href":"https:\/\/api.w.org\/{rel}","templated":true}]}}

<ul>
<li>
<h3><a href="https://blogsaverroes.juntadeandalucia.es/cpr-el-olivo/files/2025/01/Jose-Manuel-Aranda-Cano-Proyecto-1.pdf">Proyecto de Dirección. 2024 &#8211; 2028</a></h3>
</li>
<li>
<h3><a href="https://blogsaverroes.juntadeandalucia.es/cpr-el-olivo/files/2025/01/PROYECTO-EDUCATIVO-plan-de-centro-23-24.pdf">Proyecto Educativo</a></h3>
</li>
<li>
<h3><a href="https://blogsaverroes.juntadeandalucia.es/cpr-el-olivo/files/2025/01/ROF-elaboracion-curso-23-24-nuevo.pdf">Reglamento de Organización y Funcionamiento</a></h3>
</li>
<li>
<h3><a href="https://blogsaverroes.juntadeandalucia.es/cpr-el-olivo/files/2025/01/proyecto-de-gestion-elaboracion-2023-24.pdf">Proyecto de Gestión</a></h3>
</li>
<li>
<h3><a href="https://blogsaverroes.juntadeandalucia.es/cpr-el-olivo/?page_id=1128&amp;preview=true">Plan de Actuación Digital (PAD)</a></h3>
</li>
<li>
<h3><a href="https://blogsaverroes.juntadeandalucia.es/cpr-el-olivo/files/2025/02/PLAN-DE-TRATAMIENTO-A-LA-LECTURA.pdf" target="_blank" rel="noopener">Plan de Tratamiento de la Lectura</a></h3>
</li>
<li>
<h3><a href="https://blogsaverroes.juntadeandalucia.es/cpr-el-olivo/files/2025/02/PLAN-RAZONAMIENTO-MATEMATICO.pdf" target="_blank" rel="noopener">Plan de Razonamiento Matemático</a></h3>
</li>
</ul>

<p>Proyecto de Dirección. 2024 &#8211; 2028 Proyecto Educativo Reglamento de Organización y Funcionamiento Proyecto de Gestión Plan de Actuación Digital (PAD) Plan de Tratamiento de la Lectura Plan de Razonamiento Matemático</p>
