{"id":2292,"date":"2026-05-07T12:29:50","date_gmt":"2026-05-07T11:29:50","guid":{"rendered":"https:\/\/blogsaverroes.juntadeandalucia.es\/cpr-losvelez\/?page_id=2292"},"modified":"2026-05-07T12:29:50","modified_gmt":"2026-05-07T11:29:50","slug":"mas-deporte","status":"publish","type":"page","link":"https:\/\/blogsaverroes.juntadeandalucia.es\/cpr-losvelez\/mas-deporte\/","title":{"rendered":"M\u00e1s deporte"},"content":{"rendered":"<p>El Programa M\u00e1s Deporte tiene como finalidad principal establecer una oferta multideportiva para el alumnado de los centros sostenidos con fondos p\u00fablicos de Andaluc\u00eda en horario no lectivo. Se concibe como veh\u00edculo de iniciaci\u00f3n y promoci\u00f3n deportiva con un marcado car\u00e1cter educador, socializador y motivador para alumnado de educaci\u00f3n obligatoria y postobligatoria hasta los 18 a\u00f1os.<\/p>\n<p>A trav\u00e9s del Programa, la pr\u00e1ctica del deporte tambi\u00e9n debe integrar la actividad l\u00fadica mediante juegos recreativos y populares que desarrollen el contacto del alumnado con el entorno, as\u00ed como con sus compa\u00f1eros para maximizar el trato personal.<\/p>\n<p>La presencia y la relevancia de la actividad f\u00edsica y el deporte en la vida de la poblaci\u00f3n en edad escolar es, actualmente, un fen\u00f3menos cultural y social destacable. Numerosos estudios vinculados con la salud y el desarrollo de la infancia y la juventud certifican que la pr\u00e1ctica regular de deporte comporta beneficios que contribuyen al bienestar de las personas en los \u00e1mbitos f\u00edsico, ps\u00edquico y social.<\/p>\n<p>En este sentido, no s\u00f3lo se trata de un instrumento eficaz para aumentar el grado de concienciaci\u00f3n sobre la importancia y beneficios de la actividad f\u00edsica para la salud, sino que, adem\u00e1s, se le considera un instrumento especialmente id\u00f3neo para trabajar actitudes y valores, la igualdad de g\u00e9nero y la inclusi\u00f3n del alumnado con necesidades espec\u00edficas de apoyo educativo.<\/p>\n<p>Se afronta as\u00ed a trav\u00e9s del deporte, adem\u00e1s de una necesidad de bienestar individual y de disminuci\u00f3n de la tasa de sobrepeso, la igualdad de g\u00e9nero y la inclusi\u00f3n del alumnado con necesidades espec\u00edficas de apoyo educativo.<\/p>\n<p>Con M\u00e1s Deporte se promociona un deporte centrado en el desarrollo pleno e integral de la personalidad del alumnado, proporcionando habilidades y competencias sociales en el marco de la tolerancia, la solidaridad, el respeto, la superaci\u00f3n, el esfuerzo, la cooperaci\u00f3n y el trabajo en equipo.<\/p>\n","protected":false},"excerpt":{"rendered":"<p>El Programa M\u00e1s Deporte tiene como finalidad principal establecer una oferta multideportiva para el alumnado de los centros sostenidos con fondos p\u00fablicos de Andaluc\u00eda en horario no lectivo. Se concibe como veh\u00edculo de iniciaci\u00f3n&#46;&#46;&#46;<\/p>\n","protected":false},"author":18765,"featured_media":0,"parent":0,"menu_order":0,"comment_status":"closed","ping_status":"closed","template":"","meta":{"ngg_post_thumbnail":0,"footnotes":""},"aioseo_notices":[],"_links":{"self":[{"href":"https:\/\/blogsaverroes.juntadeandalucia.es\/cpr-losvelez\/wp-json\/wp\/v2\/pages\/2292"}],"collection":[{"href":"https:\/\/blogsaverroes.juntadeandalucia.es\/cpr-losvelez\/wp-json\/wp\/v2\/pages"}],"about":[{"href":"https:\/\/blogsaverroes.juntadeandalucia.es\/cpr-losvelez\/wp-json\/wp\/v2\/types\/page"}],"author":[{"embeddable":true,"href":"https:\/\/blogsaverroes.juntadeandalucia.es\/cpr-losvelez\/wp-json\/wp\/v2\/users\/18765"}],"replies":[{"embeddable":true,"href":"https:\/\/blogsaverroes.juntadeandalucia.es\/cpr-losvelez\/wp-json\/wp\/v2\/comments?post=2292"}],"version-history":[{"count":1,"href":"https:\/\/blogsaverroes.juntadeandalucia.es\/cpr-losvelez\/wp-json\/wp\/v2\/pages\/2292\/revisions"}],"predecessor-version":[{"id":2293,"href":"https:\/\/blogsaverroes.juntadeandalucia.es\/cpr-losvelez\/wp-json\/wp\/v2\/pages\/2292\/revisions\/2293"}],"wp:attachment":[{"href":"https:\/\/blogsaverroes.juntadeandalucia.es\/cpr-losvelez\/wp-json\/wp\/v2\/media?parent=2292"}],"curies":[{"name":"wp","href":"https:\/\/api.w.org\/{rel}","templated":true}]}}