{"id":2018,"date":"2015-09-08T12:56:23","date_gmt":"2015-09-08T12:56:23","guid":{"rendered":"http:\/\/blogsaverroes.juntadeandalucia.es\/ceip\/?page_id=2018"},"modified":"2022-11-02T16:04:28","modified_gmt":"2022-11-02T16:04:28","slug":"calendario","status":"publish","type":"page","link":"https:\/\/blogsaverroes.juntadeandalucia.es\/cpraderan3\/calendario\/","title":{"rendered":"Transici\u00f3n LOMLOE"},"content":{"rendered":"<p>En el presente curso 2022-23 nos encontramos inmersos en el per\u00edodo de transici\u00f3n para la adaptaci\u00f3n a la LOMLOE. No existiendo normativa auton\u00f3mica al respecto.<\/p>\n<p>Se establecen diferencias entre el curr\u00edculum de los niveles impares y los pares. Los criterios de evaluaci\u00f3n para el presente curso est\u00e1n recogidos en la<a href=\"https:\/\/www.juntadeandalucia.es\/sites\/default\/files\/2022-08\/04082022_20220623_instruccion_organizacion_educacion_primaria_2022_2023.pdf\"> INSTRUCCI\u00d3N 12\/2022<\/a>, DE 23 DE JUNIO, DE LA DIRECCI\u00d3N GENERAL DE ORDENACI\u00d3N Y EVALUACI\u00d3N EDUCATIVA, POR LA QUE SE ESTABLECEN ASPECTOS DE ORGANIZACI\u00d3N Y FUNCIONAMIENTO PARA LOS CENTROS QUE IMPARTAN EDUCACI\u00d3N PRIMARIA PARA EL CURSO 2022\/2023.<\/p>\n","protected":false},"excerpt":{"rendered":"<p>En el presente curso 2022-23 nos encontramos inmersos en el per\u00edodo de transici\u00f3n para la adaptaci\u00f3n a la LOMLOE. No existiendo normativa auton\u00f3mica al respecto.&hellip;<\/p>\n","protected":false},"author":1,"featured_media":0,"parent":0,"menu_order":0,"comment_status":"closed","ping_status":"closed","template":"","meta":{"ngg_post_thumbnail":0,"footnotes":"","_mc_calendar":[]},"aioseo_notices":[],"_links":{"self":[{"href":"https:\/\/blogsaverroes.juntadeandalucia.es\/cpraderan3\/wp-json\/wp\/v2\/pages\/2018"}],"collection":[{"href":"https:\/\/blogsaverroes.juntadeandalucia.es\/cpraderan3\/wp-json\/wp\/v2\/pages"}],"about":[{"href":"https:\/\/blogsaverroes.juntadeandalucia.es\/cpraderan3\/wp-json\/wp\/v2\/types\/page"}],"author":[{"embeddable":true,"href":"https:\/\/blogsaverroes.juntadeandalucia.es\/cpraderan3\/wp-json\/wp\/v2\/users\/1"}],"replies":[{"embeddable":true,"href":"https:\/\/blogsaverroes.juntadeandalucia.es\/cpraderan3\/wp-json\/wp\/v2\/comments?post=2018"}],"version-history":[{"count":5,"href":"https:\/\/blogsaverroes.juntadeandalucia.es\/cpraderan3\/wp-json\/wp\/v2\/pages\/2018\/revisions"}],"predecessor-version":[{"id":2644,"href":"https:\/\/blogsaverroes.juntadeandalucia.es\/cpraderan3\/wp-json\/wp\/v2\/pages\/2018\/revisions\/2644"}],"wp:attachment":[{"href":"https:\/\/blogsaverroes.juntadeandalucia.es\/cpraderan3\/wp-json\/wp\/v2\/media?parent=2018"}],"curies":[{"name":"wp","href":"https:\/\/api.w.org\/{rel}","templated":true}]}}