{"id":77,"date":"2022-09-16T06:54:56","date_gmt":"2022-09-16T06:54:56","guid":{"rendered":"http:\/\/blogsaverroes.juntadeandalucia.es\/pre\/ceip\/?page_id=77"},"modified":"2025-10-09T09:18:24","modified_gmt":"2025-10-09T09:18:24","slug":"secretaria","status":"publish","type":"page","link":"https:\/\/blogsaverroes.juntadeandalucia.es\/cpraderan3\/secretaria\/","title":{"rendered":"Claustro"},"content":{"rendered":"<p><strong>Educaci\u00f3n Infantil<\/strong><\/p>\n<ul>\n<li>Trinidad \u00c1ngeles G\u00f3mez Gonz\u00e1lez<\/li>\n<li>Inmaculada G\u00f3mez Torrado<\/li>\n<li>Rosal\u00eda Rodr\u00edguez G\u00f3mez<\/li>\n<li>Jos\u00e9 M\u00aa Fern\u00e1ndez Silgado<\/li>\n<li>M\u00aa Carmen Salda\u00f1a Texeira<\/li>\n<\/ul>\n<p><strong>Educaci\u00f3n Primaria<\/strong><\/p>\n<ul>\n<li>Sandra G\u00f3mez Romero<\/li>\n<li>Francisca Gil Feria<\/li>\n<li>Agustina Rojo V\u00e1zquez<\/li>\n<li>Miguel Delgado Cot\u00e1n (ZTS)<\/li>\n<li>Jos\u00e9 M\u00aa Fern\u00e1ndez Silgado<\/li>\n<li>Ana Jes\u00fas Villar<\/li>\n<li>Inma Adame Correa<\/li>\n<\/ul>\n<p><strong>Lengua Extranjera (Ingl\u00e9s)<\/strong><\/p>\n<ul>\n<li>Marta Chico G\u00f3mez<\/li>\n<li>Roc\u00edo Cruz S\u00e1nchez<\/li>\n<\/ul>\n<p><strong>Lengua Extranjera (Franc\u00e9s)<\/strong><\/p>\n<ul>\n<li>Sheila M\u00e9ndez Berm\u00fadez<\/li>\n<\/ul>\n<p><strong>Educaci\u00f3n F\u00edsica<\/strong><\/p>\n<ul>\n<li>Luis Miguel Rodr\u00edguez Lorenzo<\/li>\n<li>Isabel L\u00f3pez Hern\u00e1ndez<\/li>\n<\/ul>\n<p><strong>Educaci\u00f3n Art\u00edstica<\/strong><\/p>\n<ul>\n<li>Mario Hern\u00e1ndez P\u00e9rez<\/li>\n<\/ul>\n<p><strong>Pedagog\u00eda Terap\u00e9utica<\/strong><\/p>\n<ul>\n<li>Fco. Jos\u00e9 Torrado Asencio<\/li>\n<li>Patricia Sevillano Gay (PROA + Transf\u00f3rmate)<\/li>\n<\/ul>\n<p><strong>Audici\u00f3n y Lenguaj<\/strong>e<\/p>\n<ul>\n<li>Alba Ru\u00edz Torres<\/li>\n<\/ul>\n<p><strong>Religi\u00f3n<\/strong><\/p>\n<ul>\n<li>Jos\u00e9 Eugenio Barrera Dabrio<\/li>\n<li>Felisa Vargas Gonz\u00e1lez<\/li>\n<\/ul>\n<p>&nbsp;<\/p>\n","protected":false},"excerpt":{"rendered":"<p>Educaci\u00f3n Infantil Trinidad \u00c1ngeles G\u00f3mez Gonz\u00e1lez Inmaculada G\u00f3mez Torrado Rosal\u00eda Rodr\u00edguez G\u00f3mez Jos\u00e9 M\u00aa Fern\u00e1ndez Silgado M\u00aa Carmen Salda\u00f1a Texeira Educaci\u00f3n Primaria Sandra G\u00f3mez Romero&hellip;<\/p>\n","protected":false},"author":1,"featured_media":0,"parent":0,"menu_order":0,"comment_status":"closed","ping_status":"open","template":"","meta":{"ngg_post_thumbnail":0,"footnotes":"","_mc_calendar":[]},"aioseo_notices":[],"_links":{"self":[{"href":"https:\/\/blogsaverroes.juntadeandalucia.es\/cpraderan3\/wp-json\/wp\/v2\/pages\/77"}],"collection":[{"href":"https:\/\/blogsaverroes.juntadeandalucia.es\/cpraderan3\/wp-json\/wp\/v2\/pages"}],"about":[{"href":"https:\/\/blogsaverroes.juntadeandalucia.es\/cpraderan3\/wp-json\/wp\/v2\/types\/page"}],"author":[{"embeddable":true,"href":"https:\/\/blogsaverroes.juntadeandalucia.es\/cpraderan3\/wp-json\/wp\/v2\/users\/1"}],"replies":[{"embeddable":true,"href":"https:\/\/blogsaverroes.juntadeandalucia.es\/cpraderan3\/wp-json\/wp\/v2\/comments?post=77"}],"version-history":[{"count":12,"href":"https:\/\/blogsaverroes.juntadeandalucia.es\/cpraderan3\/wp-json\/wp\/v2\/pages\/77\/revisions"}],"predecessor-version":[{"id":2674,"href":"https:\/\/blogsaverroes.juntadeandalucia.es\/cpraderan3\/wp-json\/wp\/v2\/pages\/77\/revisions\/2674"}],"wp:attachment":[{"href":"https:\/\/blogsaverroes.juntadeandalucia.es\/cpraderan3\/wp-json\/wp\/v2\/media?parent=77"}],"curies":[{"name":"wp","href":"https:\/\/api.w.org\/{rel}","templated":true}]}}