{"id":1120,"date":"2023-02-18T17:39:51","date_gmt":"2023-02-18T16:39:51","guid":{"rendered":"https:\/\/blogsaverroes.juntadeandalucia.es\/cpralmenara\/?page_id=1120"},"modified":"2025-05-09T10:55:50","modified_gmt":"2025-05-09T09:55:50","slug":"huerto-escolar-programa-aldea","status":"publish","type":"page","link":"https:\/\/blogsaverroes.juntadeandalucia.es\/cpralmenara\/huerto-escolar-programa-aldea\/","title":{"rendered":"HUERTO ESCOLAR  \u00abPROGRAMA ALDEA\u00bb"},"content":{"rendered":"<p>&nbsp;<\/p>\n<table style=\"width: 100%;border-collapse: collapse;border-style: solid;border-color: #780ee3\">\n<tbody>\n<tr style=\"border-style: solid;border-color: #780ee3\">\n<td style=\"width: 100%;border-style: solid;border-color: #780ee3;background-color: #ddebdd\">Proceso de las lechugas del huerto de San Ambrosio y desgustaci\u00f3n final con una rica ensalada<\/td>\n<\/tr>\n<tr>\n<td style=\"width: 100%;border-style: solid;border-color: #751ac4\">ngg_shortcode_0_placeholder&nbsp;<\/td>\n<\/tr>\n<\/tbody>\n<\/table>\n<p>&nbsp;<\/p>\n<table style=\"width: 100%;border-collapse: collapse;border-style: solid;border-color: #780ee3\">\n<tbody>\n<tr style=\"border-style: solid;border-color: #780ee3\">\n<td style=\"width: 100%;border-style: solid;border-color: #780ee3;background-color: #ddebdd\">Las familias de Infantil de San Ambrosio han elaborado con mucho cari\u00f1o este mobiliario para nuestro huerto:<\/td>\n<\/tr>\n<tr>\n<td style=\"width: 100%;border-style: solid;border-color: #780ee3\">ngg_shortcode_1_placeholder<\/td>\n<\/tr>\n<\/tbody>\n<\/table>\n<p>&nbsp;<\/p>\n<table style=\"height: 286px;width: 100%;border-collapse: collapse;border-color: #8013cf;border-style: solid\">\n<tbody>\n<tr style=\"height: 23px;border-style: solid;border-color: #780ee3\">\n<td style=\"width: 100%;height: 23px;border-color: #8013cf;border-style: solid;background-color: #ddebdd\"><span style=\"color: #000000;font-family: helvetica, arial, sans-serif\">Plantaci\u00f3n huerto Zahora y creaci\u00f3n del espantap\u00e1jaros.<\/span><\/td>\n<\/tr>\n<tr style=\"height: 23px\">\n<td style=\"width: 100%;height: 23px;border-color: #8013cf;border-style: solid;background-color: #ddebdd\"><span style=\"color: #000000;font-family: helvetica, arial, sans-serif\">Recogida posterior de lechugas y desgustaci\u00f3n con bocata de philadelphia y miel ecol\u00f3gica.<\/span><\/td>\n<\/tr>\n<tr style=\"height: 240px\">\n<td style=\"width: 100%;height: 240px;border-style: solid;border-color: #780ee3\">ngg_shortcode_2_placeholder<\/td>\n<\/tr>\n<\/tbody>\n<\/table>\n","protected":false},"excerpt":{"rendered":"<p>&nbsp; Proceso de las lechugas del huerto de San Ambrosio y desgustaci\u00f3n final con una rica ensalada &nbsp; &nbsp; Las familias de Infantil de San Ambrosio han elaborado con mucho cari\u00f1o este mobiliario para nuestro huerto: &nbsp; Plantaci\u00f3n huerto Zahora y creaci\u00f3n del espantap\u00e1jaros. Recogida posterior de lechugas y desgustaci\u00f3n con bocata de philadelphia y [&hellip;]<\/p>\n","protected":false},"author":3883,"featured_media":0,"parent":0,"menu_order":0,"comment_status":"closed","ping_status":"closed","template":"","meta":{"_et_pb_use_builder":"off","_et_pb_old_content":"","_et_gb_content_width":"","ngg_post_thumbnail":0,"footnotes":""},"aioseo_notices":[],"_links":{"self":[{"href":"https:\/\/blogsaverroes.juntadeandalucia.es\/cpralmenara\/wp-json\/wp\/v2\/pages\/1120"}],"collection":[{"href":"https:\/\/blogsaverroes.juntadeandalucia.es\/cpralmenara\/wp-json\/wp\/v2\/pages"}],"about":[{"href":"https:\/\/blogsaverroes.juntadeandalucia.es\/cpralmenara\/wp-json\/wp\/v2\/types\/page"}],"author":[{"embeddable":true,"href":"https:\/\/blogsaverroes.juntadeandalucia.es\/cpralmenara\/wp-json\/wp\/v2\/users\/3883"}],"replies":[{"embeddable":true,"href":"https:\/\/blogsaverroes.juntadeandalucia.es\/cpralmenara\/wp-json\/wp\/v2\/comments?post=1120"}],"version-history":[{"count":25,"href":"https:\/\/blogsaverroes.juntadeandalucia.es\/cpralmenara\/wp-json\/wp\/v2\/pages\/1120\/revisions"}],"predecessor-version":[{"id":1971,"href":"https:\/\/blogsaverroes.juntadeandalucia.es\/cpralmenara\/wp-json\/wp\/v2\/pages\/1120\/revisions\/1971"}],"wp:attachment":[{"href":"https:\/\/blogsaverroes.juntadeandalucia.es\/cpralmenara\/wp-json\/wp\/v2\/media?parent=1120"}],"curies":[{"name":"wp","href":"https:\/\/api.w.org\/{rel}","templated":true}]}}

<p>&nbsp;</p>
<table style="width: 100%;border-collapse: collapse;border-style: solid;border-color: #780ee3">
<tbody>
<tr style="border-style: solid;border-color: #780ee3">
<td style="width: 100%;border-style: solid;border-color: #780ee3;background-color: #ddebdd">Proceso de las lechugas del huerto de San Ambrosio y desgustación final con una rica ensalada</td>
</tr>
<tr>
<td style="width: 100%;border-style: solid;border-color: #751ac4">ngg_shortcode_0_placeholder&nbsp;</td>
</tr>
</tbody>
</table>
<p>&nbsp;</p>
<table style="width: 100%;border-collapse: collapse;border-style: solid;border-color: #780ee3">
<tbody>
<tr style="border-style: solid;border-color: #780ee3">
<td style="width: 100%;border-style: solid;border-color: #780ee3;background-color: #ddebdd">Las familias de Infantil de San Ambrosio han elaborado con mucho cariño este mobiliario para nuestro huerto:</td>
</tr>
<tr>
<td style="width: 100%;border-style: solid;border-color: #780ee3">ngg_shortcode_1_placeholder</td>
</tr>
</tbody>
</table>
<p>&nbsp;</p>
<table style="height: 286px;width: 100%;border-collapse: collapse;border-color: #8013cf;border-style: solid">
<tbody>
<tr style="height: 23px;border-style: solid;border-color: #780ee3">
<td style="width: 100%;height: 23px;border-color: #8013cf;border-style: solid;background-color: #ddebdd"><span style="color: #000000;font-family: helvetica, arial, sans-serif">Plantación huerto Zahora y creación del espantapájaros.</span></td>
</tr>
<tr style="height: 23px">
<td style="width: 100%;height: 23px;border-color: #8013cf;border-style: solid;background-color: #ddebdd"><span style="color: #000000;font-family: helvetica, arial, sans-serif">Recogida posterior de lechugas y desgustación con bocata de philadelphia y miel ecológica.</span></td>
</tr>
<tr style="height: 240px">
<td style="width: 100%;height: 240px;border-style: solid;border-color: #780ee3">ngg_shortcode_2_placeholder</td>
</tr>
</tbody>
</table>

<p>&nbsp; Proceso de las lechugas del huerto de San Ambrosio y desgustación final con una rica ensalada &nbsp; &nbsp; Las familias de Infantil de San Ambrosio han elaborado con mucho cariño este mobiliario para nuestro huerto: &nbsp; Plantación huerto Zahora y creación del espantapájaros. Recogida posterior de lechugas y desgustación con bocata de philadelphia y [&hellip;]</p>
