{"id":1842,"date":"2025-04-25T11:50:31","date_gmt":"2025-04-25T10:50:31","guid":{"rendered":"https:\/\/blogsaverroes.juntadeandalucia.es\/cpralmenara\/?page_id=1842"},"modified":"2025-05-08T10:51:46","modified_gmt":"2025-05-08T09:51:46","slug":"curso-escolar","status":"publish","type":"page","link":"https:\/\/blogsaverroes.juntadeandalucia.es\/cpralmenara\/curso-escolar\/","title":{"rendered":"Curso Escolar 2025\/26"},"content":{"rendered":"<div class=\"contenido-web-banner contenido-web-banner--np reverse mb-3\">\n<div class=\"container\">\n<div class=\"contenido-web-banner__cont-header-logo\">\n<div class=\"contenido-web-banner__container-header\">\n<header class=\"contenido-web-banner__header\">\n<h2><img loading=\"lazy\" decoding=\"async\" class=\"wp-image-1903 alignnone\" src=\"https:\/\/blogsaverroes.juntadeandalucia.es\/cpralmenara\/files\/2025\/05\/DUCACION_ADMISION.jpg_374706710.jpg\" alt=\"\" width=\"609\" height=\"258\" srcset=\"https:\/\/blogsaverroes.juntadeandalucia.es\/cpralmenara\/files\/2025\/05\/DUCACION_ADMISION.jpg_374706710.jpg 609w, https:\/\/blogsaverroes.juntadeandalucia.es\/cpralmenara\/files\/2025\/05\/DUCACION_ADMISION.jpg_374706710-480x203.jpg 480w\" sizes=\"(min-width: 0px) and (max-width: 480px) 480px, (min-width: 481px) 609px, 100vw\" \/><\/h2>\n<h2>&nbsp;<\/h2>\n<h2 class=\"contenido-web-banner__no-underline\">Informaci\u00f3n general<\/h2>\n<\/header>\n<\/div>\n<\/div>\n<\/div>\n<\/div>\n<div class=\"detalleContenidoWeb\">\n<div class=\"container\">\n<div class=\"content\">\n<p>La Consejer\u00eda de Desarrollo Educativo y Formaci\u00f3n Profesional convoca el procedimiento de admisi\u00f3n del alumnado en los centros docentes p\u00fablicos y privados concertados para cursar las ense\u00f1anzas de 2\u00ba Ciclo de Educaci\u00f3n Infantil, Educaci\u00f3n Primaria, Educaci\u00f3n Especial, Educaci\u00f3n Secundaria Obligatoria y Bachillerato para el curso escolar 2025\/26.<\/p>\n<p><strong>Del 1 al 31 de marzo<\/strong>, ambos inclusive, permanecer\u00e1 abierto en Andaluc\u00eda el plazo para la presentaci\u00f3n de solicitudes de admisi\u00f3n correspondientes al curso escolar 2025\/26.&nbsp; Se inicia de este modo el proceso de escolarizaci\u00f3n en el que participan todos los ni\u00f1os y ni\u00f1as que se incorporan por primera vez al sistema educativo, tanto en centros p\u00fablicos como privados concertados, as\u00ed como el alumnado que cambie de centro escolar.<\/p>\n<p>Contin\u00faa publicada, con nuevas mejoras, la aplicaci\u00f3n para smartphones que permite realizar consultas de centros as\u00ed como de los puntos del baremo por domicilio.<\/p>\n<p>Por su parte, los centros educativos publican la relaci\u00f3n de puestos escolares vacantes as\u00ed como la informaci\u00f3n sobre las direcciones catastrales comprendidas en sus \u00e1reas de influencia y \u00e1reas lim\u00edtrofes. Cuando la oferta de plazas coincida o sea superior a la demanda, los solicitantes ser\u00e1n admitidos. Solo en aquellos casos donde no se pueda atender toda la demanda, se proceder\u00e1 a la baremaci\u00f3n de las solicitudes.<\/p>\n<p>Los centros har\u00e1n p\u00fablica en su tabl\u00f3n de anuncios,&nbsp;<strong>antes del 23 de abril<\/strong>, la relaci\u00f3n de solicitantes con la puntuaci\u00f3n asignada y, a partir de esa fecha, se abrir\u00e1 un plazo de&nbsp;<strong>10 d\u00edas lectivos para la presentaci\u00f3n de alegaciones<\/strong>. Si tras la aplicaci\u00f3n de los criterios de baremaci\u00f3n se producen empates, se aplicar\u00e1 el resultado del&nbsp;<strong>sorteo p\u00fablico<\/strong>&nbsp;que se celebrar\u00e1 el d\u00eda&nbsp;<strong>14 de mayo<\/strong>&nbsp;de 2025.&nbsp;<strong>La relaci\u00f3n definitiva de admitidos y no admitidos saldr\u00e1 el 15 de mayo<\/strong>.<\/p>\n<\/div>\n<\/div>\n<\/div>\n","protected":false},"excerpt":{"rendered":"<p>&nbsp; Informaci\u00f3n general La Consejer\u00eda de Desarrollo Educativo y Formaci\u00f3n Profesional convoca el procedimiento de admisi\u00f3n del alumnado en los centros docentes p\u00fablicos y privados concertados para cursar las ense\u00f1anzas de 2\u00ba Ciclo de Educaci\u00f3n Infantil, Educaci\u00f3n Primaria, Educaci\u00f3n Especial, Educaci\u00f3n Secundaria Obligatoria y Bachillerato para el curso escolar 2025\/26. Del 1 al 31 de [&hellip;]<\/p>\n","protected":false},"author":3883,"featured_media":0,"parent":0,"menu_order":0,"comment_status":"closed","ping_status":"closed","template":"","meta":{"_et_pb_use_builder":"","_et_pb_old_content":"","_et_gb_content_width":"","ngg_post_thumbnail":0,"footnotes":""},"aioseo_notices":[],"_links":{"self":[{"href":"https:\/\/blogsaverroes.juntadeandalucia.es\/cpralmenara\/wp-json\/wp\/v2\/pages\/1842"}],"collection":[{"href":"https:\/\/blogsaverroes.juntadeandalucia.es\/cpralmenara\/wp-json\/wp\/v2\/pages"}],"about":[{"href":"https:\/\/blogsaverroes.juntadeandalucia.es\/cpralmenara\/wp-json\/wp\/v2\/types\/page"}],"author":[{"embeddable":true,"href":"https:\/\/blogsaverroes.juntadeandalucia.es\/cpralmenara\/wp-json\/wp\/v2\/users\/3883"}],"replies":[{"embeddable":true,"href":"https:\/\/blogsaverroes.juntadeandalucia.es\/cpralmenara\/wp-json\/wp\/v2\/comments?post=1842"}],"version-history":[{"count":4,"href":"https:\/\/blogsaverroes.juntadeandalucia.es\/cpralmenara\/wp-json\/wp\/v2\/pages\/1842\/revisions"}],"predecessor-version":[{"id":1905,"href":"https:\/\/blogsaverroes.juntadeandalucia.es\/cpralmenara\/wp-json\/wp\/v2\/pages\/1842\/revisions\/1905"}],"wp:attachment":[{"href":"https:\/\/blogsaverroes.juntadeandalucia.es\/cpralmenara\/wp-json\/wp\/v2\/media?parent=1842"}],"curies":[{"name":"wp","href":"https:\/\/api.w.org\/{rel}","templated":true}]}}

<div class="contenido-web-banner contenido-web-banner--np reverse mb-3">
<div class="container">
<div class="contenido-web-banner__cont-header-logo">
<div class="contenido-web-banner__container-header">
<header class="contenido-web-banner__header">
<h2><img loading="lazy" decoding="async" class="wp-image-1903 alignnone" src="https://blogsaverroes.juntadeandalucia.es/cpralmenara/files/2025/05/DUCACION_ADMISION.jpg_374706710.jpg" alt="" width="609" height="258" srcset="https://blogsaverroes.juntadeandalucia.es/cpralmenara/files/2025/05/DUCACION_ADMISION.jpg_374706710.jpg 609w, https://blogsaverroes.juntadeandalucia.es/cpralmenara/files/2025/05/DUCACION_ADMISION.jpg_374706710-480x203.jpg 480w" sizes="(min-width: 0px) and (max-width: 480px) 480px, (min-width: 481px) 609px, 100vw" /></h2>
<h2>&nbsp;</h2>
<h2 class="contenido-web-banner__no-underline">Información general</h2>
</header>
</div>
</div>
</div>
</div>
<div class="detalleContenidoWeb">
<div class="container">
<div class="content">
<p>La Consejería de Desarrollo Educativo y Formación Profesional convoca el procedimiento de admisión del alumnado en los centros docentes públicos y privados concertados para cursar las enseñanzas de 2º Ciclo de Educación Infantil, Educación Primaria, Educación Especial, Educación Secundaria Obligatoria y Bachillerato para el curso escolar 2025/26.</p>
<p><strong>Del 1 al 31 de marzo</strong>, ambos inclusive, permanecerá abierto en Andalucía el plazo para la presentación de solicitudes de admisión correspondientes al curso escolar 2025/26.&nbsp; Se inicia de este modo el proceso de escolarización en el que participan todos los niños y niñas que se incorporan por primera vez al sistema educativo, tanto en centros públicos como privados concertados, así como el alumnado que cambie de centro escolar.</p>
<p>Continúa publicada, con nuevas mejoras, la aplicación para smartphones que permite realizar consultas de centros así como de los puntos del baremo por domicilio.</p>
<p>Por su parte, los centros educativos publican la relación de puestos escolares vacantes así como la información sobre las direcciones catastrales comprendidas en sus áreas de influencia y áreas limítrofes. Cuando la oferta de plazas coincida o sea superior a la demanda, los solicitantes serán admitidos. Solo en aquellos casos donde no se pueda atender toda la demanda, se procederá a la baremación de las solicitudes.</p>
<p>Los centros harán pública en su tablón de anuncios,&nbsp;<strong>antes del 23 de abril</strong>, la relación de solicitantes con la puntuación asignada y, a partir de esa fecha, se abrirá un plazo de&nbsp;<strong>10 días lectivos para la presentación de alegaciones</strong>. Si tras la aplicación de los criterios de baremación se producen empates, se aplicará el resultado del&nbsp;<strong>sorteo público</strong>&nbsp;que se celebrará el día&nbsp;<strong>14 de mayo</strong>&nbsp;de 2025.&nbsp;<strong>La relación definitiva de admitidos y no admitidos saldrá el 15 de mayo</strong>.</p>
</div>
</div>
</div>

<p>&nbsp; Información general La Consejería de Desarrollo Educativo y Formación Profesional convoca el procedimiento de admisión del alumnado en los centros docentes públicos y privados concertados para cursar las enseñanzas de 2º Ciclo de Educación Infantil, Educación Primaria, Educación Especial, Educación Secundaria Obligatoria y Bachillerato para el curso escolar 2025/26. Del 1 al 31 de [&hellip;]</p>
