{"id":2253,"date":"2020-01-24T18:09:04","date_gmt":"2020-01-24T18:09:04","guid":{"rendered":"https:\/\/blogsaverroes.juntadeandalucia.es\/cpraltogenal\/?page_id=2253"},"modified":"2024-01-19T11:59:05","modified_gmt":"2024-01-19T11:59:05","slug":"programaciones","status":"publish","type":"page","link":"https:\/\/blogsaverroes.juntadeandalucia.es\/cpraltogenal\/programaciones\/","title":{"rendered":"Programaciones 23\/24"},"content":{"rendered":"<p>La&nbsp;programaci\u00f3n did\u00e1ctica&nbsp;es el instrumento espec\u00edfico de planificaci\u00f3n, desarrollo y evaluaci\u00f3n de cada materia en cada uno de los niveles de la etapa, y en ella se concretan los distintos elementos del curr\u00edculo para el desarrollo de la actividad docente durante cada curso escolar.<\/p>\n<p><a href=\"https:\/\/blogsaverroes.juntadeandalucia.es\/cpraltogenal\/educacion-primaria\/\">Programaciones did\u00e1cticas: Educaci\u00f3n Primaria<\/a><\/p>\n<p><a href=\"https:\/\/blogsaverroes.juntadeandalucia.es\/cpraltogenal\/educacion-infantil\/\">Propuesta did\u00e1ctica: Educaci\u00f3n Infantil<\/a><\/p>\n<p>&nbsp;<\/p>\n","protected":false},"excerpt":{"rendered":"<p>La&nbsp;programaci\u00f3n did\u00e1ctica&nbsp;es el instrumento espec\u00edfico de planificaci\u00f3n, desarrollo y evaluaci\u00f3n de cada materia en cada uno de los niveles de la etapa, y en ella se concretan los distintos elementos del curr\u00edculo para el desarrollo de la actividad docente durante cada curso escolar. Programaciones did\u00e1cticas: Educaci\u00f3n Primaria Propuesta did\u00e1ctica: Educaci\u00f3n Infantil &nbsp;<\/p>\n","protected":false},"author":8244,"featured_media":0,"parent":0,"menu_order":0,"comment_status":"closed","ping_status":"closed","template":"","meta":{"ngg_post_thumbnail":0,"footnotes":"","_mc_calendar":[]},"aioseo_notices":[],"_links":{"self":[{"href":"https:\/\/blogsaverroes.juntadeandalucia.es\/cpraltogenal\/wp-json\/wp\/v2\/pages\/2253"}],"collection":[{"href":"https:\/\/blogsaverroes.juntadeandalucia.es\/cpraltogenal\/wp-json\/wp\/v2\/pages"}],"about":[{"href":"https:\/\/blogsaverroes.juntadeandalucia.es\/cpraltogenal\/wp-json\/wp\/v2\/types\/page"}],"author":[{"embeddable":true,"href":"https:\/\/blogsaverroes.juntadeandalucia.es\/cpraltogenal\/wp-json\/wp\/v2\/users\/8244"}],"replies":[{"embeddable":true,"href":"https:\/\/blogsaverroes.juntadeandalucia.es\/cpraltogenal\/wp-json\/wp\/v2\/comments?post=2253"}],"version-history":[{"count":62,"href":"https:\/\/blogsaverroes.juntadeandalucia.es\/cpraltogenal\/wp-json\/wp\/v2\/pages\/2253\/revisions"}],"predecessor-version":[{"id":4114,"href":"https:\/\/blogsaverroes.juntadeandalucia.es\/cpraltogenal\/wp-json\/wp\/v2\/pages\/2253\/revisions\/4114"}],"wp:attachment":[{"href":"https:\/\/blogsaverroes.juntadeandalucia.es\/cpraltogenal\/wp-json\/wp\/v2\/media?parent=2253"}],"curies":[{"name":"wp","href":"https:\/\/api.w.org\/{rel}","templated":true}]}}

<p>La&nbsp;programación didáctica&nbsp;es el instrumento específico de planificación, desarrollo y evaluación de cada materia en cada uno de los niveles de la etapa, y en ella se concretan los distintos elementos del currículo para el desarrollo de la actividad docente durante cada curso escolar.</p>
<p><a href="https://blogsaverroes.juntadeandalucia.es/cpraltogenal/educacion-primaria/">Programaciones didácticas: Educación Primaria</a></p>
<p><a href="https://blogsaverroes.juntadeandalucia.es/cpraltogenal/educacion-infantil/">Propuesta didáctica: Educación Infantil</a></p>
<p>&nbsp;</p>

<p>La&nbsp;programación didáctica&nbsp;es el instrumento específico de planificación, desarrollo y evaluación de cada materia en cada uno de los niveles de la etapa, y en ella se concretan los distintos elementos del currículo para el desarrollo de la actividad docente durante cada curso escolar. Programaciones didácticas: Educación Primaria Propuesta didáctica: Educación Infantil &nbsp;</p>
