{"id":2372,"date":"2020-09-28T10:54:19","date_gmt":"2020-09-28T10:54:19","guid":{"rendered":"https:\/\/blogsaverroes.juntadeandalucia.es\/cpraltogenal\/?page_id=2372"},"modified":"2025-12-11T11:54:31","modified_gmt":"2025-12-11T11:54:31","slug":"plan-de-orientacion-y-accion-tutorial","status":"publish","type":"page","link":"https:\/\/blogsaverroes.juntadeandalucia.es\/cpraltogenal\/plan-de-orientacion-y-accion-tutorial\/","title":{"rendered":"Plan de Orientaci\u00f3n y Acci\u00f3n Tutorial"},"content":{"rendered":"<p>El Plan de Orientaci\u00f3n y Acci\u00f3n Tutorial&nbsp;es el instrumento que, formando parte del P.E.C., articula y hace posible el desarrollo de la orientaci\u00f3n de nuestro alumnado, entendida \u00e9sta como elemento inherente a toda labor&nbsp;<span role=\"tooltip\"><span class=\"c5aZPb\" role=\"button\" data-enable-toggle-animation=\"true\" data-extra-container-classes=\"ZLo7Eb\" data-hover-hide-delay=\"1000\" data-hover-open-delay=\"500\" data-send-open-event=\"true\" data-theme=\"0\" data-width=\"250\" data-ved=\"2ahUKEwjZ1KvCnemDAxWlAPsDHQVyB_sQmpgGegQIFRAD\"><span class=\"JPfdse\" data-bubble-link=\"\" data-segment-text=\"educativa\">educativa<\/span><\/span><\/span>&nbsp;que pretenda el desarrollo integral de las personas a las que se dirige.<\/p>\n<p>&nbsp;<\/p>\n<p><a href=\"https:\/\/drive.google.com\/file\/d\/1A4iHW9wA4vXHiNe4GEdPX45dWO_S40I6\/view?usp=sharing\"><img loading=\"lazy\" decoding=\"async\" class=\"size-medium wp-image-2376 aligncenter\" src=\"https:\/\/blogsaverroes.juntadeandalucia.es\/cpraltogenal\/files\/2020\/09\/Logo-mini_0-300x184.jpg\" alt=\"\" width=\"300\" height=\"184\" srcset=\"https:\/\/blogsaverroes.juntadeandalucia.es\/cpraltogenal\/files\/2020\/09\/Logo-mini_0-300x184.jpg 300w, https:\/\/blogsaverroes.juntadeandalucia.es\/cpraltogenal\/files\/2020\/09\/Logo-mini_0-1024x629.jpg 1024w, https:\/\/blogsaverroes.juntadeandalucia.es\/cpraltogenal\/files\/2020\/09\/Logo-mini_0-768x472.jpg 768w, https:\/\/blogsaverroes.juntadeandalucia.es\/cpraltogenal\/files\/2020\/09\/Logo-mini_0-1536x944.jpg 1536w, https:\/\/blogsaverroes.juntadeandalucia.es\/cpraltogenal\/files\/2020\/09\/Logo-mini_0-24x15.jpg 24w, https:\/\/blogsaverroes.juntadeandalucia.es\/cpraltogenal\/files\/2020\/09\/Logo-mini_0-36x22.jpg 36w, https:\/\/blogsaverroes.juntadeandalucia.es\/cpraltogenal\/files\/2020\/09\/Logo-mini_0-48x29.jpg 48w, https:\/\/blogsaverroes.juntadeandalucia.es\/cpraltogenal\/files\/2020\/09\/Logo-mini_0.jpg 1600w\" sizes=\"(max-width: 300px) 100vw, 300px\" \/><\/a><\/p>\n<p>&nbsp;<\/p>\n<p style=\"text-align: center\">Pinche en la imagen para poder ver el documento.<\/p>\n","protected":false},"excerpt":{"rendered":"<p>El Plan de Orientaci\u00f3n y Acci\u00f3n Tutorial&nbsp;es el instrumento que, formando parte del P.E.C., articula y hace posible el desarrollo de la orientaci\u00f3n de nuestro alumnado, entendida \u00e9sta como elemento inherente a toda labor&nbsp;educativa&nbsp;que pretenda el desarrollo integral de las personas a las que se dirige. &nbsp; &nbsp; Pinche en la imagen para poder ver &hellip; <a href=\"https:\/\/blogsaverroes.juntadeandalucia.es\/cpraltogenal\/plan-de-orientacion-y-accion-tutorial\/\" class=\"more-link\">Seguir leyendo <span class=\"screen-reader-text\">Plan de Orientaci\u00f3n y Acci\u00f3n Tutorial<\/span> <span class=\"meta-nav\">&rarr;<\/span><\/a><\/p>\n","protected":false},"author":8244,"featured_media":0,"parent":0,"menu_order":0,"comment_status":"closed","ping_status":"closed","template":"","meta":{"ngg_post_thumbnail":0,"footnotes":"","_mc_calendar":[]},"aioseo_notices":[],"_links":{"self":[{"href":"https:\/\/blogsaverroes.juntadeandalucia.es\/cpraltogenal\/wp-json\/wp\/v2\/pages\/2372"}],"collection":[{"href":"https:\/\/blogsaverroes.juntadeandalucia.es\/cpraltogenal\/wp-json\/wp\/v2\/pages"}],"about":[{"href":"https:\/\/blogsaverroes.juntadeandalucia.es\/cpraltogenal\/wp-json\/wp\/v2\/types\/page"}],"author":[{"embeddable":true,"href":"https:\/\/blogsaverroes.juntadeandalucia.es\/cpraltogenal\/wp-json\/wp\/v2\/users\/8244"}],"replies":[{"embeddable":true,"href":"https:\/\/blogsaverroes.juntadeandalucia.es\/cpraltogenal\/wp-json\/wp\/v2\/comments?post=2372"}],"version-history":[{"count":10,"href":"https:\/\/blogsaverroes.juntadeandalucia.es\/cpraltogenal\/wp-json\/wp\/v2\/pages\/2372\/revisions"}],"predecessor-version":[{"id":4460,"href":"https:\/\/blogsaverroes.juntadeandalucia.es\/cpraltogenal\/wp-json\/wp\/v2\/pages\/2372\/revisions\/4460"}],"wp:attachment":[{"href":"https:\/\/blogsaverroes.juntadeandalucia.es\/cpraltogenal\/wp-json\/wp\/v2\/media?parent=2372"}],"curies":[{"name":"wp","href":"https:\/\/api.w.org\/{rel}","templated":true}]}}