{"id":42,"date":"2015-03-13T08:40:47","date_gmt":"2015-03-13T08:40:47","guid":{"rendered":"http:\/\/blogsaverroes.juntadeandalucia.es\/pre\/ceip\/?page_id=42"},"modified":"2025-12-11T11:32:59","modified_gmt":"2025-12-11T11:32:59","slug":"equipo-directivo","status":"publish","type":"page","link":"https:\/\/blogsaverroes.juntadeandalucia.es\/cpraltogenal\/equipo-directivo\/","title":{"rendered":"Equipo directivo"},"content":{"rendered":"<p>Las personas que componen el equipo directivo son las siguientes:<\/p>\n<p><strong>Direcci\u00f3n: <\/strong>Jos\u00e9 Antonio S\u00e1nchez Bernal<\/p>\n<p><strong>Jefatura de estudios: <\/strong>Ana Sabrina Caballero Mariscal<\/p>\n<p><strong>Secretar\u00eda:&nbsp;<\/strong>Soledad Isabel Aponte Vargas<\/p>\n<p>&nbsp;<\/p>\n<h3 style=\"text-align: center\">Funciones del Equipo Directivo<\/h3>\n<p>1. El equipo directivo de los institutos de educaci\u00f3n secundaria es el \u00f3rgano ejecutivo de gobierno de dichos centros y trabajar\u00e1 de forma coordinada en el desempe\u00f1o de las funciones que tiene encomendadas, conforme a las instrucciones de la persona que ocupe la direcci\u00f3n y a las funciones espec\u00edficas legalmente establecidas.<br \/>\n2. El equipo directivo tendr\u00e1 las siguientes funciones:<\/p>\n<p>a) Velar por el buen funcionamiento del instituto.<\/p>\n<p>b) Establecer el horario que corresponde a cada materia, m\u00f3dulo o \u00e1mbito y, en general, el de cualquier otra actividad docente y no docente.<\/p>\n<p>c) Adoptar las medidas necesarias para la ejecuci\u00f3n coordinada de los acuerdos adoptados por el Consejo Escolar y el Claustro de Profesorado, as\u00ed como velar por el cumplimiento de las decisiones de los \u00f3rganos de coordinaci\u00f3n docente, en el \u00e1mbito de sus respectivas competencias.<\/p>\n<p>d) Elaborar el Plan de Centro y la memoria de autoevaluaci\u00f3n, de conformidad con lo establecido en los art\u00edculos 22.2 y 3 y 28.5.<\/p>\n<p>e) Impulsar la actuaci\u00f3n coordinada del instituto con el resto de centros docentes de su zona educativa, especialmente con los centros de educaci\u00f3n primaria adscritos al mismo.<\/p>\n<p>f) Favorecer la participaci\u00f3n del instituto en redes de centros que promuevan planes y proyectos educativos para la mejora permanente de la ense\u00f1anza.<\/p>\n<p>g) Colaborar con la Consejer\u00eda competente en materia de educaci\u00f3n en aquellos \u00f3rganos de participaci\u00f3n que, a tales efectos, se establezcan.<\/p>\n<p>h) Cumplimentar la documentaci\u00f3n solicitada por los \u00f3rganos y entidades dependientes de la Consejer\u00eda competente en materia de educaci\u00f3n.<\/p>\n<p>i) Cualesquiera otras que le sean atribuidas por Orden de la persona titular de la Consejer\u00eda competente en materia de educaci\u00f3n.<\/p>\n<p>&nbsp;<\/p>\n","protected":false},"excerpt":{"rendered":"<p>Las personas que componen el equipo directivo son las siguientes: Direcci\u00f3n: Jos\u00e9 Antonio S\u00e1nchez Bernal Jefatura de estudios: Ana Sabrina Caballero Mariscal Secretar\u00eda:&nbsp;Soledad Isabel Aponte Vargas &nbsp; Funciones del Equipo Directivo 1. El equipo directivo de los institutos de educaci\u00f3n secundaria es el \u00f3rgano ejecutivo de gobierno de dichos centros y trabajar\u00e1 de forma coordinada &hellip; <a href=\"https:\/\/blogsaverroes.juntadeandalucia.es\/cpraltogenal\/equipo-directivo\/\" class=\"more-link\">Seguir leyendo <span class=\"screen-reader-text\">Equipo directivo<\/span> <span class=\"meta-nav\">&rarr;<\/span><\/a><\/p>\n","protected":false},"author":1,"featured_media":0,"parent":0,"menu_order":0,"comment_status":"closed","ping_status":"open","template":"","meta":{"ngg_post_thumbnail":0,"footnotes":"","_mc_calendar":[]},"aioseo_notices":[],"_links":{"self":[{"href":"https:\/\/blogsaverroes.juntadeandalucia.es\/cpraltogenal\/wp-json\/wp\/v2\/pages\/42"}],"collection":[{"href":"https:\/\/blogsaverroes.juntadeandalucia.es\/cpraltogenal\/wp-json\/wp\/v2\/pages"}],"about":[{"href":"https:\/\/blogsaverroes.juntadeandalucia.es\/cpraltogenal\/wp-json\/wp\/v2\/types\/page"}],"author":[{"embeddable":true,"href":"https:\/\/blogsaverroes.juntadeandalucia.es\/cpraltogenal\/wp-json\/wp\/v2\/users\/1"}],"replies":[{"embeddable":true,"href":"https:\/\/blogsaverroes.juntadeandalucia.es\/cpraltogenal\/wp-json\/wp\/v2\/comments?post=42"}],"version-history":[{"count":11,"href":"https:\/\/blogsaverroes.juntadeandalucia.es\/cpraltogenal\/wp-json\/wp\/v2\/pages\/42\/revisions"}],"predecessor-version":[{"id":4450,"href":"https:\/\/blogsaverroes.juntadeandalucia.es\/cpraltogenal\/wp-json\/wp\/v2\/pages\/42\/revisions\/4450"}],"wp:attachment":[{"href":"https:\/\/blogsaverroes.juntadeandalucia.es\/cpraltogenal\/wp-json\/wp\/v2\/media?parent=42"}],"curies":[{"name":"wp","href":"https:\/\/api.w.org\/{rel}","templated":true}]}}

<p>Las personas que componen el equipo directivo son las siguientes:</p>
<p><strong>Dirección: </strong>José Antonio Sánchez Bernal</p>
<p><strong>Jefatura de estudios: </strong>Ana Sabrina Caballero Mariscal</p>
<p><strong>Secretaría:&nbsp;</strong>Soledad Isabel Aponte Vargas</p>
<p>&nbsp;</p>
<h3 style="text-align: center">Funciones del Equipo Directivo</h3>
<p>1. El equipo directivo de los institutos de educación secundaria es el órgano ejecutivo de gobierno de dichos centros y trabajará de forma coordinada en el desempeño de las funciones que tiene encomendadas, conforme a las instrucciones de la persona que ocupe la dirección y a las funciones específicas legalmente establecidas.<br />
2. El equipo directivo tendrá las siguientes funciones:</p>
<p>a) Velar por el buen funcionamiento del instituto.</p>
<p>b) Establecer el horario que corresponde a cada materia, módulo o ámbito y, en general, el de cualquier otra actividad docente y no docente.</p>
<p>c) Adoptar las medidas necesarias para la ejecución coordinada de los acuerdos adoptados por el Consejo Escolar y el Claustro de Profesorado, así como velar por el cumplimiento de las decisiones de los órganos de coordinación docente, en el ámbito de sus respectivas competencias.</p>
<p>d) Elaborar el Plan de Centro y la memoria de autoevaluación, de conformidad con lo establecido en los artículos 22.2 y 3 y 28.5.</p>
<p>e) Impulsar la actuación coordinada del instituto con el resto de centros docentes de su zona educativa, especialmente con los centros de educación primaria adscritos al mismo.</p>
<p>f) Favorecer la participación del instituto en redes de centros que promuevan planes y proyectos educativos para la mejora permanente de la enseñanza.</p>
<p>g) Colaborar con la Consejería competente en materia de educación en aquellos órganos de participación que, a tales efectos, se establezcan.</p>
<p>h) Cumplimentar la documentación solicitada por los órganos y entidades dependientes de la Consejería competente en materia de educación.</p>
<p>i) Cualesquiera otras que le sean atribuidas por Orden de la persona titular de la Consejería competente en materia de educación.</p>
<p>&nbsp;</p>

<p>Las personas que componen el equipo directivo son las siguientes: Dirección: José Antonio Sánchez Bernal Jefatura de estudios: Ana Sabrina Caballero Mariscal Secretaría:&nbsp;Soledad Isabel Aponte Vargas &nbsp; Funciones del Equipo Directivo 1. El equipo directivo de los institutos de educación secundaria es el órgano ejecutivo de gobierno de dichos centros y trabajará de forma coordinada &hellip; <a href="https://blogsaverroes.juntadeandalucia.es/cpraltogenal/equipo-directivo/" class="more-link">Seguir leyendo <span class="screen-reader-text">Equipo directivo</span> <span class="meta-nav">&rarr;</span></a></p>
