{"id":35,"date":"2015-03-13T08:21:43","date_gmt":"2015-03-13T08:21:43","guid":{"rendered":"http:\/\/blogsaverroes.juntadeandalucia.es\/pre\/ceip\/?page_id=35"},"modified":"2020-11-03T16:59:50","modified_gmt":"2020-11-03T16:59:50","slug":"el-centro-2","status":"publish","type":"page","link":"https:\/\/blogsaverroes.juntadeandalucia.es\/cpraltosegura\/el-centro-2\/","title":{"rendered":"Datos del centro"},"content":{"rendered":"<h4>&nbsp;<\/h4>\n<p><a href=\"https:\/\/blogsaverroes.juntadeandalucia.es\/cpraltosegura\/files\/2020\/11\/mapa.docx\">mapa<\/a><\/p>\n<h4>Datos de contacto<\/h4>\n<p>Consejer\u00eda de Educaci\u00f3n. Servicio de Innovaci\u00f3n Educativa<\/p>\n<p><strong>Direcci\u00f3n:<\/strong>&nbsp; Calle San Antonio, s\/n<\/p>\n<p><strong>Tel\u00e9fono: 953711901<\/strong><br \/>\n<strong>Email:<\/strong> 23009158.edu@juntadeandalucia.es<\/p>\n<h4><strong>Horarios<\/strong><\/h4>\n<p>Nuestro horario escolar es de Lunes a Viernes de 9 a 14.<\/p>\n<p>El horario de secretar\u00eda es&nbsp;<\/p>\n<h4><strong>Oferta educativa<\/strong><\/h4>\n<p>El centro ofrece una respuesta educativa desde 2\u00baciclo de Educaci\u00f3n Infantil hasta 6\u00ba de Primaria.&nbsp;<\/p>\n<p>Disponemos adem\u00e1s de Aula Espec\u00edfica, Aula de Apoyo a la Integraci\u00f3n y Aula de Audici\u00f3n y Lenguaje para atender al alumnado con Necesidades Espec\u00edficas de Apoyo Educativo.<\/p>\n<h4>Instalaciones<\/h4>\n<p>Contamos con un gimnasio, aula de art\u00edstica, aula de m\u00fasica, aulas para atender a la diversidad y bliblioteca.<\/p>\n","protected":false},"excerpt":{"rendered":"<p>&nbsp; mapa Datos de contacto Consejer\u00eda de Educaci\u00f3n. Servicio de Innovaci\u00f3n Educativa Direcci\u00f3n:&nbsp; Calle San Antonio, s\/n Tel\u00e9fono: 953711901 Email: 23009158.edu@juntadeandalucia.es Horarios Nuestro horario escolar es de Lunes a Viernes de 9 a 14.&#46;&#46;&#46;<\/p>\n","protected":false},"author":1,"featured_media":0,"parent":0,"menu_order":0,"comment_status":"closed","ping_status":"open","template":"","meta":{"ngg_post_thumbnail":0,"footnotes":"","_mc_calendar":[]},"aioseo_notices":[],"_links":{"self":[{"href":"https:\/\/blogsaverroes.juntadeandalucia.es\/cpraltosegura\/wp-json\/wp\/v2\/pages\/35"}],"collection":[{"href":"https:\/\/blogsaverroes.juntadeandalucia.es\/cpraltosegura\/wp-json\/wp\/v2\/pages"}],"about":[{"href":"https:\/\/blogsaverroes.juntadeandalucia.es\/cpraltosegura\/wp-json\/wp\/v2\/types\/page"}],"author":[{"embeddable":true,"href":"https:\/\/blogsaverroes.juntadeandalucia.es\/cpraltosegura\/wp-json\/wp\/v2\/users\/1"}],"replies":[{"embeddable":true,"href":"https:\/\/blogsaverroes.juntadeandalucia.es\/cpraltosegura\/wp-json\/wp\/v2\/comments?post=35"}],"version-history":[{"count":23,"href":"https:\/\/blogsaverroes.juntadeandalucia.es\/cpraltosegura\/wp-json\/wp\/v2\/pages\/35\/revisions"}],"predecessor-version":[{"id":2220,"href":"https:\/\/blogsaverroes.juntadeandalucia.es\/cpraltosegura\/wp-json\/wp\/v2\/pages\/35\/revisions\/2220"}],"wp:attachment":[{"href":"https:\/\/blogsaverroes.juntadeandalucia.es\/cpraltosegura\/wp-json\/wp\/v2\/media?parent=35"}],"curies":[{"name":"wp","href":"https:\/\/api.w.org\/{rel}","templated":true}]}}