{"id":44,"date":"2015-03-13T08:42:15","date_gmt":"2015-03-13T08:42:15","guid":{"rendered":"http:\/\/blogsaverroes.juntadeandalucia.es\/pre\/ceip\/?page_id=44"},"modified":"2025-11-06T16:41:11","modified_gmt":"2025-11-06T16:41:11","slug":"planes-y-proyectos","status":"publish","type":"page","link":"https:\/\/blogsaverroes.juntadeandalucia.es\/cpraltosegura\/planes-y-proyectos\/","title":{"rendered":"Planes y Programas de nuestro centro"},"content":{"rendered":"<p><a href=\"https:\/\/blogsaverroes.juntadeandalucia.es\/cpraltosegura\/files\/2020\/11\/1605815026710.jpg\"><img loading=\"lazy\" decoding=\"async\" class=\"wp-image-2433 aligncenter\" src=\"https:\/\/blogsaverroes.juntadeandalucia.es\/cpraltosegura\/files\/2020\/11\/1605815026710-300x251.jpg\" alt=\"\" width=\"362\" height=\"303\" srcset=\"https:\/\/blogsaverroes.juntadeandalucia.es\/cpraltosegura\/files\/2020\/11\/1605815026710-300x251.jpg 300w, https:\/\/blogsaverroes.juntadeandalucia.es\/cpraltosegura\/files\/2020\/11\/1605815026710-768x644.jpg 768w, https:\/\/blogsaverroes.juntadeandalucia.es\/cpraltosegura\/files\/2020\/11\/1605815026710-24x20.jpg 24w, https:\/\/blogsaverroes.juntadeandalucia.es\/cpraltosegura\/files\/2020\/11\/1605815026710-36x30.jpg 36w, https:\/\/blogsaverroes.juntadeandalucia.es\/cpraltosegura\/files\/2020\/11\/1605815026710-48x40.jpg 48w, https:\/\/blogsaverroes.juntadeandalucia.es\/cpraltosegura\/files\/2020\/11\/1605815026710.jpg 940w\" sizes=\"(max-width: 362px) 100vw, 362px\" \/><\/a><\/p>\n<p>El colegio se encuentra adscrito a diferentes planes y proyectos educativos contamos con los siguientes:<\/p>\n<ul>\n<li>Salud: Josefa L\u00f3pez Palomares.<\/li>\n<li>Transformaci\u00f3n Digital: Marta L\u00f3pez Mu\u00f1oz. Coordinador STEAM: Francisco Antonio Carmona.<\/li>\n<li>Pr\u00e1cticum: M\u00aa Jos\u00e9 Garc\u00eda Torrejimeno.<\/li>\n<li>Compensaci\u00f3n Educativa: Noelia S\u00e1nchez Fuentes.<\/li>\n<li>Plan de Igualdad: Carmen Campillo Guti\u00e9rrez.<\/li>\n<li>Plan de Convivencia: Marta Ortiz Romero.<\/li>\n<li>Plan de Apertura Centros: M\u00aa Jos\u00e9 Garc\u00eda Torrejimeno.<\/li>\n<li>Plan de Biblioteca: M\u00aa Jos\u00e9 Garc\u00eda Torrejimeno. Equipo de apoyo: Vanesa Beteta Gil y Genoveva Robles Mendoza.<\/li>\n<li>Plan de Seguridad y Salud Laboral: Marta L\u00f3pez Mu\u00f1oz.<\/li>\n<li>Programa Creciendo en Salud: Roc\u00edo Sambl\u00e1s Garc\u00eda.<\/li>\n<\/ul>\n<p>&nbsp;<\/p>\n<p>&nbsp;<\/p>\n<p>&nbsp;<\/p>\n<p>&nbsp;<\/p>\n<p>&nbsp;<\/p>\n<p>&nbsp;<\/p>\n<p>&nbsp;<\/p>\n<p>&nbsp;<\/p>\n","protected":false},"excerpt":{"rendered":"<p>El colegio se encuentra adscrito a diferentes planes y proyectos educativos contamos con los siguientes: Salud: Josefa L\u00f3pez Palomares. Transformaci\u00f3n Digital: Marta L\u00f3pez Mu\u00f1oz. Coordinador STEAM: Francisco Antonio Carmona. Pr\u00e1cticum: M\u00aa Jos\u00e9 Garc\u00eda Torrejimeno.&#46;&#46;&#46;<\/p>\n","protected":false},"author":1,"featured_media":0,"parent":0,"menu_order":0,"comment_status":"closed","ping_status":"closed","template":"","meta":{"ngg_post_thumbnail":0,"footnotes":"","_mc_calendar":[]},"aioseo_notices":[],"_links":{"self":[{"href":"https:\/\/blogsaverroes.juntadeandalucia.es\/cpraltosegura\/wp-json\/wp\/v2\/pages\/44"}],"collection":[{"href":"https:\/\/blogsaverroes.juntadeandalucia.es\/cpraltosegura\/wp-json\/wp\/v2\/pages"}],"about":[{"href":"https:\/\/blogsaverroes.juntadeandalucia.es\/cpraltosegura\/wp-json\/wp\/v2\/types\/page"}],"author":[{"embeddable":true,"href":"https:\/\/blogsaverroes.juntadeandalucia.es\/cpraltosegura\/wp-json\/wp\/v2\/users\/1"}],"replies":[{"embeddable":true,"href":"https:\/\/blogsaverroes.juntadeandalucia.es\/cpraltosegura\/wp-json\/wp\/v2\/comments?post=44"}],"version-history":[{"count":14,"href":"https:\/\/blogsaverroes.juntadeandalucia.es\/cpraltosegura\/wp-json\/wp\/v2\/pages\/44\/revisions"}],"predecessor-version":[{"id":2221,"href":"https:\/\/blogsaverroes.juntadeandalucia.es\/cpraltosegura\/wp-json\/wp\/v2\/pages\/44\/revisions\/2221"}],"wp:attachment":[{"href":"https:\/\/blogsaverroes.juntadeandalucia.es\/cpraltosegura\/wp-json\/wp\/v2\/media?parent=44"}],"curies":[{"name":"wp","href":"https:\/\/api.w.org\/{rel}","templated":true}]}}

<p><a href="https://blogsaverroes.juntadeandalucia.es/cpraltosegura/files/2020/11/1605815026710.jpg"><img loading="lazy" decoding="async" class="wp-image-2433 aligncenter" src="https://blogsaverroes.juntadeandalucia.es/cpraltosegura/files/2020/11/1605815026710-300x251.jpg" alt="" width="362" height="303" srcset="https://blogsaverroes.juntadeandalucia.es/cpraltosegura/files/2020/11/1605815026710-300x251.jpg 300w, https://blogsaverroes.juntadeandalucia.es/cpraltosegura/files/2020/11/1605815026710-768x644.jpg 768w, https://blogsaverroes.juntadeandalucia.es/cpraltosegura/files/2020/11/1605815026710-24x20.jpg 24w, https://blogsaverroes.juntadeandalucia.es/cpraltosegura/files/2020/11/1605815026710-36x30.jpg 36w, https://blogsaverroes.juntadeandalucia.es/cpraltosegura/files/2020/11/1605815026710-48x40.jpg 48w, https://blogsaverroes.juntadeandalucia.es/cpraltosegura/files/2020/11/1605815026710.jpg 940w" sizes="(max-width: 362px) 100vw, 362px" /></a></p>
<p>El colegio se encuentra adscrito a diferentes planes y proyectos educativos contamos con los siguientes:</p>
<ul>
<li>Salud: Josefa López Palomares.</li>
<li>Transformación Digital: Marta López Muñoz. Coordinador STEAM: Francisco Antonio Carmona.</li>
<li>Prácticum: Mª José García Torrejimeno.</li>
<li>Compensación Educativa: Noelia Sánchez Fuentes.</li>
<li>Plan de Igualdad: Carmen Campillo Gutiérrez.</li>
<li>Plan de Convivencia: Marta Ortiz Romero.</li>
<li>Plan de Apertura Centros: Mª José García Torrejimeno.</li>
<li>Plan de Biblioteca: Mª José García Torrejimeno. Equipo de apoyo: Vanesa Beteta Gil y Genoveva Robles Mendoza.</li>
<li>Plan de Seguridad y Salud Laboral: Marta López Muñoz.</li>
<li>Programa Creciendo en Salud: Rocío Samblás García.</li>
</ul>
<p>&nbsp;</p>
<p>&nbsp;</p>
<p>&nbsp;</p>
<p>&nbsp;</p>
<p>&nbsp;</p>
<p>&nbsp;</p>
<p>&nbsp;</p>
<p>&nbsp;</p>

<p>El colegio se encuentra adscrito a diferentes planes y proyectos educativos contamos con los siguientes: Salud: Josefa López Palomares. Transformación Digital: Marta López Muñoz. Coordinador STEAM: Francisco Antonio Carmona. Prácticum: Mª José García Torrejimeno.&#46;&#46;&#46;</p>
