{"id":49,"date":"2015-03-13T08:47:05","date_gmt":"2015-03-13T08:47:05","guid":{"rendered":"http:\/\/blogsaverroes.juntadeandalucia.es\/pre\/ceip\/?page_id=49"},"modified":"2025-11-06T12:46:06","modified_gmt":"2025-11-06T12:46:06","slug":"proyecto-educativo","status":"publish","type":"page","link":"https:\/\/blogsaverroes.juntadeandalucia.es\/cpraltosegura\/proyecto-educativo\/","title":{"rendered":"Plan de Centro"},"content":{"rendered":"<p><img decoding=\"async\" class=\"aligncenter\" src=\"https:\/\/blogger.googleusercontent.com\/img\/b\/R29vZ2xl\/AVvXsEjV-Of0tMNkwISv-Ux2KpekngZSReGucz4Ujj8z-fov7uLBDyZ960Pji1wbiFl2tOZj_3OaFmQHBChtFbwH-GPqbEFgYyot3bnnJqrEwBHgwLKNxAHKtXrexeUlGi5okHwGJUZJrVMvb27vHOusBKNa3RVhyphenhyphen0zc_pDQp3dGkY6Kzqz-EcS6b3XZIGDYiHo\/s711\/libros-1435254404854.jpg\" alt=\"CEIP JACARAND\u00c1 Centro Biling\u00fce en Lengua Inglesa : Plan de Centro\"><\/p>\n<h2 style=\"text-align: center\"><span style=\"color: #008000\"><strong>NUESTRO PLAN DE CENTRO ACTUALIZADO<\/strong><\/span><\/h2>\n<p style=\"text-align: left\">El Plan de Centro del CPR. Alto Segura de Santiago de la Espada (Ja\u00e9n) comprende los siguientes documentos prescriptivos:<\/p>\n<ul style=\"list-style-type: circle\">\n<li style=\"text-align: left\"><strong>PROYECTO EDUCATIVO.<\/strong><\/li>\n<li style=\"text-align: left\"><strong>REGLAMENTO DE ORGANIZACI\u00d3N Y FUNCIONAMIENTO. <\/strong><\/li>\n<li style=\"text-align: left\"><strong>PROYECTO DE GESTI\u00d3N.<\/strong><\/li>\n<\/ul>\n<p style=\"text-align: left\">El <strong>Proyecto Educativo del Centro<\/strong> recoge los valores, los objetivos, las prioridades y las formas de actuaci\u00f3n. Asimismo, incorpora la concreci\u00f3n del curr\u00edculum establecido por la Administraci\u00f3n educativa fijado y aprobado por el Claustro, as\u00ed como el tratamiento transversal en las \u00e1reas, materias o \u00e1mbitos de la educaci\u00f3n en valores y otras ense\u00f1anzas. Tal Proyecto tiene en cuenta las caracter\u00edsticas de nuestro entorno social y cultural, recoge la forma de atenci\u00f3n a la diversidad del alumnado y la acci\u00f3n tutorial, as\u00ed como el plan de convivencia, respetando el principio de no discriminaci\u00f3n y de inclusi\u00f3n educativa como valores fundamentales, as\u00ed como los principios y objetivos recogidos en la <em>LOE\/LOMLOE (Ley Org\u00e1nica 2\/2006, de 3 de mayo, de Educaci\u00f3n, texto consolidado de la \u00faltima modificaci\u00f3n de 30 de diciembre de 2020)<\/em>, y la <em>LEA (Ley 17\/2007, de 10 de diciembre, de Educaci\u00f3n de Andaluc\u00eda)<\/em>.<\/p>\n<p style=\"text-align: left\">El <strong>Reglamento de Organizaci\u00f3n y Funcionamiento<\/strong> recoge las normas organizativas y funcionales que facilitan un clima de trabajo adecuado para que logremos alcanzar los objetivos que nos hemos planteado. Asimismo, permite mantener un ambiente de respeto, confianza y colaboraci\u00f3n entre todos los sectores de la comunidad educativa.<\/p>\n<p style=\"text-align: left\">El <strong>Proyecto de Gesti\u00f3n<\/strong> es el que recoge la ordenaci\u00f3n y utilizaci\u00f3n de los recursos del centro, tanto materiales como humanos.<\/p>\n<p style=\"text-align: left\">El siguiente \u00edndice recoge todos los documentos que componen el Plan de Centro, tanto los prescritos por la normativa vigente como los de car\u00e1cter propio y singular.<\/p>\n<ul style=\"list-style-type: circle\">\n<li>01 &#8211; PLAN DE CENTRO: Concepto, \u00edndice, normativa y an\u00e1lisis del entorno.<\/li>\n<li>02- PROYECTO EDUCATIVO: Objetivos propios para la mejora del rendimiento escolar.<\/li>\n<li>03 &#8211; PROYECTO EDUCATIVO: L\u00edneas generales de actuaci\u00f3n pedag\u00f3gica.<\/li>\n<li>04 &#8211; PROYECTO EDUCATIVO: Criterios para la elaboraci\u00f3n y revisi\u00f3n de las propuestas pedag\u00f3gicas y programaciones did\u00e1cticas.<\/li>\n<li>05 &#8211; PROYECTO EDUCATIVO: Criterios pedag\u00f3gicos para la determinaci\u00f3n del horario individual del profesorado y la dedicaci\u00f3n de las personas responsables de los \u00f3rganos de coordinaci\u00f3n docente, as\u00ed como de tutor\u00edas y agrupamientos del alumnado.<\/li>\n<li>06 &#8211; PROYECTO EDUCATIVO: Criterios para organizar y distribuir el tiempo escolar, as\u00ed como los objetivos y programas de intervenci\u00f3n en el tiempo escolar y extraescolar. La colaboraci\u00f3n con el AMPA.<\/li>\n<li>07 &#8211; PROYECTO EDUCATIVO: Evaluaci\u00f3n en la Educaci\u00f3n Infantil.<\/li>\n<li>08 &#8211; PROYECTO EDUCATIVO: Evaluaci\u00f3n en la Educaci\u00f3n Primaria.<\/li>\n<li>09 &#8211; PROYECTO EDUCATIVO: Plan de evaluaci\u00f3n interna.<\/li>\n<li>10 &#8211; PROYECTO EDUCATIVO: Plan de Formaci\u00f3n del profesorado.<\/li>\n<li>11 &#8211; PROYECTO EDUCATIVO: Plan de Mejora.<\/li>\n<li>12 &#8211; PROYECTO EDUCATIVO: Plan de Atenci\u00f3n a la Diversidad.<\/li>\n<li>13 &#8211; PROYECTO EDUCATIVO: Plan de Orientaci\u00f3n y Acci\u00f3n Tutorial.<\/li>\n<li>14 &#8211; PROYECTO EDUCATIVO: Programa de acogida.<\/li>\n<li>15 &#8211; PROYECTO EDUCATIVO: Programas de tr\u00e1nsito internos.<\/li>\n<li>16 &#8211; PROYECTO EDUCATIVO: Programas de tr\u00e1nsito con el IES Villa de Santiago.<\/li>\n<li>17 &#8211; PROYECTO EDUCATIVO: Plan de Convivencia.<\/li>\n<li>18 &#8211; PROYECTO EDUCATIVO: Plan de Igualdad.<\/li>\n<li>19 &#8211; PROYECTO EDUCATIVO: Plan Lector.<\/li>\n<li>20 &#8211; PROYECTO EDUCATIVO: Plan de Escritura.<\/li>\n<li>21 &#8211; PROYECTO EDUCATIVO: Plan de Biblioteca.<\/li>\n<li>22 &#8211; PROYECTO EDUCATIVO: Proyecto Matem\u00e1tico.<\/li>\n<li>23 &#8211; PROYECTO EDUCATIVO: Programa de H\u00e1bitos de Vida Saludable y Deporte.<\/li>\n<li>24 &#8211; PROYECTO EDUCATIVO: Plan de Actuaci\u00f3n Digital.<\/li>\n<li>25 &#8211; REGLAMENTO DE ORGANIZACI\u00d3N Y FUNCIONAMIENTO<\/li>\n<li>26 &#8211; PROYECTO DE GESTI\u00d3N<\/li>\n<li>27 &#8211; PROPUESTAS PEDAG\u00d3GICAS EDUCACI\u00d3N INFANTIL: \u00c1rea Crecimiento en Armon\u00eda.<\/li>\n<li>28 &#8211; PROPUESTAS PEDAG\u00d3GICAS EDUCACI\u00d3N INFANTIL: \u00c1rea Comunicaci\u00f3n y Representaci\u00f3n de la Realidad.<\/li>\n<li>29 &#8211; PROPUESTAS PEDAG\u00d3GICAS EDUCACI\u00d3N INFANTIL: \u00c1rea Descubrimiento del Entorno.<\/li>\n<li>30 &#8211; PROGRAMACI\u00d3N DID\u00c1CTICA ED. PRIMARIA: Lengua Castellana y Literatura.<\/li>\n<li>31 &#8211; PROGRAMACI\u00d3N DID\u00c1CTICA ED. PRIMARIA: Matem\u00e1ticas.<\/li>\n<li>32 &#8211; PROGRAMACI\u00d3N DID\u00c1CTICA ED. PRIMARIA: Ingl\u00e9s.<\/li>\n<li>33 &#8211; PROGRAMACI\u00d3N DID\u00c1CTICA ED. PRIMARIA: Conocimiento del Medio Natural, Social y Cultural.<\/li>\n<li>34 &#8211; PROGRAMACI\u00d3N DID\u00c1CTICA ED. PRIMARIA: Educaci\u00f3n F\u00edsica.<\/li>\n<li>35 &#8211; PROGRAMACI\u00d3N DID\u00c1CTICA ED. PRIMARIA: Educaci\u00f3n Art\u00edstica.<\/li>\n<li>36 &#8211; PROGRAMACI\u00d3N DID\u00c1CTICA ED. PRIMARIA: Franc\u00e9s.<\/li>\n<li>37 &#8211; PROGRAMACI\u00d3N DID\u00c1CTICA ED. PRIMARIA: Religi\u00f3n.<\/li>\n<\/ul>\n<p>Deseamos que el Proyecto Educativo de nuestro centro CPR ALTO SEGURA sea un documento a medio y a largo plazo, din\u00e1mico y flexible, abierto a continuas revisiones que favorezca la participaci\u00f3n y regulaci\u00f3n de la vida diaria del centro.<\/p>\n<p>Pretendemos que sea un documento que contemple un proceso constante de reflexi\u00f3n y toma de decisiones, y no como un fin inmediato, su elaboraci\u00f3n, conocimiento y desarrollo constituir\u00e1 un proceso de enriquecimiento para todos los integrantes de la Comunidad Educativa.<\/p>\n<p>Nuestro proyecto Educativo definir\u00e1 los objetivos particulares que nos proponemos alcanzar, partiendo de nuestra realidad educativa y de nuestro entorno.<\/p>\n<p>Para la comprensi\u00f3n del sentido de nuestro Plan de Centro, se hace imprescindible exponer qu\u00e9 tipo de alumnado es el que llena nuestras aulas y el lugar donde se ubica tanto sus hogares como nuestro centro, ya que ello impregna todas nuestras decisiones y actuaciones.<\/p>\n","protected":false},"excerpt":{"rendered":"<p>NUESTRO PLAN DE CENTRO ACTUALIZADO El Plan de Centro del CPR. Alto Segura de Santiago de la Espada (Ja\u00e9n) comprende los siguientes documentos prescriptivos: PROYECTO EDUCATIVO. REGLAMENTO DE ORGANIZACI\u00d3N Y FUNCIONAMIENTO. PROYECTO DE GESTI\u00d3N.&#46;&#46;&#46;<\/p>\n","protected":false},"author":1,"featured_media":0,"parent":0,"menu_order":0,"comment_status":"closed","ping_status":"open","template":"","meta":{"ngg_post_thumbnail":0,"footnotes":"","_mc_calendar":[]},"aioseo_notices":[],"_links":{"self":[{"href":"https:\/\/blogsaverroes.juntadeandalucia.es\/cpraltosegura\/wp-json\/wp\/v2\/pages\/49"}],"collection":[{"href":"https:\/\/blogsaverroes.juntadeandalucia.es\/cpraltosegura\/wp-json\/wp\/v2\/pages"}],"about":[{"href":"https:\/\/blogsaverroes.juntadeandalucia.es\/cpraltosegura\/wp-json\/wp\/v2\/types\/page"}],"author":[{"embeddable":true,"href":"https:\/\/blogsaverroes.juntadeandalucia.es\/cpraltosegura\/wp-json\/wp\/v2\/users\/1"}],"replies":[{"embeddable":true,"href":"https:\/\/blogsaverroes.juntadeandalucia.es\/cpraltosegura\/wp-json\/wp\/v2\/comments?post=49"}],"version-history":[{"count":34,"href":"https:\/\/blogsaverroes.juntadeandalucia.es\/cpraltosegura\/wp-json\/wp\/v2\/pages\/49\/revisions"}],"predecessor-version":[{"id":3323,"href":"https:\/\/blogsaverroes.juntadeandalucia.es\/cpraltosegura\/wp-json\/wp\/v2\/pages\/49\/revisions\/3323"}],"wp:attachment":[{"href":"https:\/\/blogsaverroes.juntadeandalucia.es\/cpraltosegura\/wp-json\/wp\/v2\/media?parent=49"}],"curies":[{"name":"wp","href":"https:\/\/api.w.org\/{rel}","templated":true}]}}

<p><img decoding="async" class="aligncenter" src="https://blogger.googleusercontent.com/img/b/R29vZ2xl/AVvXsEjV-Of0tMNkwISv-Ux2KpekngZSReGucz4Ujj8z-fov7uLBDyZ960Pji1wbiFl2tOZj_3OaFmQHBChtFbwH-GPqbEFgYyot3bnnJqrEwBHgwLKNxAHKtXrexeUlGi5okHwGJUZJrVMvb27vHOusBKNa3RVhyphenhyphen0zc_pDQp3dGkY6Kzqz-EcS6b3XZIGDYiHo/s711/libros-1435254404854.jpg" alt="CEIP JACARANDÁ Centro Bilingüe en Lengua Inglesa : Plan de Centro"></p>
<h2 style="text-align: center"><span style="color: #008000"><strong>NUESTRO PLAN DE CENTRO ACTUALIZADO</strong></span></h2>
<p style="text-align: left">El Plan de Centro del CPR. Alto Segura de Santiago de la Espada (Jaén) comprende los siguientes documentos prescriptivos:</p>
<ul style="list-style-type: circle">
<li style="text-align: left"><strong>PROYECTO EDUCATIVO.</strong></li>
<li style="text-align: left"><strong>REGLAMENTO DE ORGANIZACIÓN Y FUNCIONAMIENTO. </strong></li>
<li style="text-align: left"><strong>PROYECTO DE GESTIÓN.</strong></li>
</ul>
<p style="text-align: left">El <strong>Proyecto Educativo del Centro</strong> recoge los valores, los objetivos, las prioridades y las formas de actuación. Asimismo, incorpora la concreción del currículum establecido por la Administración educativa fijado y aprobado por el Claustro, así como el tratamiento transversal en las áreas, materias o ámbitos de la educación en valores y otras enseñanzas. Tal Proyecto tiene en cuenta las características de nuestro entorno social y cultural, recoge la forma de atención a la diversidad del alumnado y la acción tutorial, así como el plan de convivencia, respetando el principio de no discriminación y de inclusión educativa como valores fundamentales, así como los principios y objetivos recogidos en la <em>LOE/LOMLOE (Ley Orgánica 2/2006, de 3 de mayo, de Educación, texto consolidado de la última modificación de 30 de diciembre de 2020)</em>, y la <em>LEA (Ley 17/2007, de 10 de diciembre, de Educación de Andalucía)</em>.</p>
<p style="text-align: left">El <strong>Reglamento de Organización y Funcionamiento</strong> recoge las normas organizativas y funcionales que facilitan un clima de trabajo adecuado para que logremos alcanzar los objetivos que nos hemos planteado. Asimismo, permite mantener un ambiente de respeto, confianza y colaboración entre todos los sectores de la comunidad educativa.</p>
<p style="text-align: left">El <strong>Proyecto de Gestión</strong> es el que recoge la ordenación y utilización de los recursos del centro, tanto materiales como humanos.</p>
<p style="text-align: left">El siguiente índice recoge todos los documentos que componen el Plan de Centro, tanto los prescritos por la normativa vigente como los de carácter propio y singular.</p>
<ul style="list-style-type: circle">
<li>01 &#8211; PLAN DE CENTRO: Concepto, índice, normativa y análisis del entorno.</li>
<li>02- PROYECTO EDUCATIVO: Objetivos propios para la mejora del rendimiento escolar.</li>
<li>03 &#8211; PROYECTO EDUCATIVO: Líneas generales de actuación pedagógica.</li>
<li>04 &#8211; PROYECTO EDUCATIVO: Criterios para la elaboración y revisión de las propuestas pedagógicas y programaciones didácticas.</li>
<li>05 &#8211; PROYECTO EDUCATIVO: Criterios pedagógicos para la determinación del horario individual del profesorado y la dedicación de las personas responsables de los órganos de coordinación docente, así como de tutorías y agrupamientos del alumnado.</li>
<li>06 &#8211; PROYECTO EDUCATIVO: Criterios para organizar y distribuir el tiempo escolar, así como los objetivos y programas de intervención en el tiempo escolar y extraescolar. La colaboración con el AMPA.</li>
<li>07 &#8211; PROYECTO EDUCATIVO: Evaluación en la Educación Infantil.</li>
<li>08 &#8211; PROYECTO EDUCATIVO: Evaluación en la Educación Primaria.</li>
<li>09 &#8211; PROYECTO EDUCATIVO: Plan de evaluación interna.</li>
<li>10 &#8211; PROYECTO EDUCATIVO: Plan de Formación del profesorado.</li>
<li>11 &#8211; PROYECTO EDUCATIVO: Plan de Mejora.</li>
<li>12 &#8211; PROYECTO EDUCATIVO: Plan de Atención a la Diversidad.</li>
<li>13 &#8211; PROYECTO EDUCATIVO: Plan de Orientación y Acción Tutorial.</li>
<li>14 &#8211; PROYECTO EDUCATIVO: Programa de acogida.</li>
<li>15 &#8211; PROYECTO EDUCATIVO: Programas de tránsito internos.</li>
<li>16 &#8211; PROYECTO EDUCATIVO: Programas de tránsito con el IES Villa de Santiago.</li>
<li>17 &#8211; PROYECTO EDUCATIVO: Plan de Convivencia.</li>
<li>18 &#8211; PROYECTO EDUCATIVO: Plan de Igualdad.</li>
<li>19 &#8211; PROYECTO EDUCATIVO: Plan Lector.</li>
<li>20 &#8211; PROYECTO EDUCATIVO: Plan de Escritura.</li>
<li>21 &#8211; PROYECTO EDUCATIVO: Plan de Biblioteca.</li>
<li>22 &#8211; PROYECTO EDUCATIVO: Proyecto Matemático.</li>
<li>23 &#8211; PROYECTO EDUCATIVO: Programa de Hábitos de Vida Saludable y Deporte.</li>
<li>24 &#8211; PROYECTO EDUCATIVO: Plan de Actuación Digital.</li>
<li>25 &#8211; REGLAMENTO DE ORGANIZACIÓN Y FUNCIONAMIENTO</li>
<li>26 &#8211; PROYECTO DE GESTIÓN</li>
<li>27 &#8211; PROPUESTAS PEDAGÓGICAS EDUCACIÓN INFANTIL: Área Crecimiento en Armonía.</li>
<li>28 &#8211; PROPUESTAS PEDAGÓGICAS EDUCACIÓN INFANTIL: Área Comunicación y Representación de la Realidad.</li>
<li>29 &#8211; PROPUESTAS PEDAGÓGICAS EDUCACIÓN INFANTIL: Área Descubrimiento del Entorno.</li>
<li>30 &#8211; PROGRAMACIÓN DIDÁCTICA ED. PRIMARIA: Lengua Castellana y Literatura.</li>
<li>31 &#8211; PROGRAMACIÓN DIDÁCTICA ED. PRIMARIA: Matemáticas.</li>
<li>32 &#8211; PROGRAMACIÓN DIDÁCTICA ED. PRIMARIA: Inglés.</li>
<li>33 &#8211; PROGRAMACIÓN DIDÁCTICA ED. PRIMARIA: Conocimiento del Medio Natural, Social y Cultural.</li>
<li>34 &#8211; PROGRAMACIÓN DIDÁCTICA ED. PRIMARIA: Educación Física.</li>
<li>35 &#8211; PROGRAMACIÓN DIDÁCTICA ED. PRIMARIA: Educación Artística.</li>
<li>36 &#8211; PROGRAMACIÓN DIDÁCTICA ED. PRIMARIA: Francés.</li>
<li>37 &#8211; PROGRAMACIÓN DIDÁCTICA ED. PRIMARIA: Religión.</li>
</ul>
<p>Deseamos que el Proyecto Educativo de nuestro centro CPR ALTO SEGURA sea un documento a medio y a largo plazo, dinámico y flexible, abierto a continuas revisiones que favorezca la participación y regulación de la vida diaria del centro.</p>
<p>Pretendemos que sea un documento que contemple un proceso constante de reflexión y toma de decisiones, y no como un fin inmediato, su elaboración, conocimiento y desarrollo constituirá un proceso de enriquecimiento para todos los integrantes de la Comunidad Educativa.</p>
<p>Nuestro proyecto Educativo definirá los objetivos particulares que nos proponemos alcanzar, partiendo de nuestra realidad educativa y de nuestro entorno.</p>
<p>Para la comprensión del sentido de nuestro Plan de Centro, se hace imprescindible exponer qué tipo de alumnado es el que llena nuestras aulas y el lugar donde se ubica tanto sus hogares como nuestro centro, ya que ello impregna todas nuestras decisiones y actuaciones.</p>

<p>NUESTRO PLAN DE CENTRO ACTUALIZADO El Plan de Centro del CPR. Alto Segura de Santiago de la Espada (Jaén) comprende los siguientes documentos prescriptivos: PROYECTO EDUCATIVO. REGLAMENTO DE ORGANIZACIÓN Y FUNCIONAMIENTO. PROYECTO DE GESTIÓN.&#46;&#46;&#46;</p>
